{"id":1725,"date":"2024-11-09T17:37:18","date_gmt":"2024-11-09T20:37:18","guid":{"rendered":"https:\/\/www.ufsm.br\/reitoria\/avaliacao\/?page_id=1725"},"modified":"2024-11-22T13:41:16","modified_gmt":"2024-11-22T16:41:16","slug":"rankings","status":"publish","type":"page","link":"https:\/\/www.ufsm.br\/reitoria\/avaliacao\/rankings","title":{"rendered":"Rankings"},"content":{"rendered":"\t\t<div data-elementor-type=\"wp-page\" data-elementor-id=\"1725\" class=\"elementor elementor-1725\">\n\t\t\t\t\t\t<section class=\"elementor-section elementor-top-section elementor-element elementor-element-7adefa7 elementor-section-boxed elementor-section-height-default elementor-section-height-default\" data-id=\"7adefa7\" data-element_type=\"section\">\n\t\t\t\t\t\t<div class=\"elementor-container elementor-column-gap-default\">\n\t\t\t\t\t<div class=\"elementor-column elementor-col-100 elementor-top-column elementor-element elementor-element-60e3cb6\" data-id=\"60e3cb6\" data-element_type=\"column\">\n\t\t\t<div class=\"elementor-widget-wrap elementor-element-populated\">\n\t\t\t\t\t\t<div class=\"elementor-element elementor-element-2d36ed5 elementor-widget elementor-widget-text-editor\" data-id=\"2d36ed5\" data-element_type=\"widget\" data-widget_type=\"text-editor.default\">\n\t\t\t\t<div class=\"elementor-widget-container\">\n\t\t\t\t\t\t\t<p>Os rankings complementam o processo de&nbsp;<strong>avalia\u00e7\u00e3o externa<\/strong>&nbsp;da UFSM. Essas listas, elaboradas por entidades independentes, utilizam crit\u00e9rios espec\u00edficos para avaliar a qualidade das institui\u00e7\u00f5es de ensino superior. Os rankings mundiais proporcionam uma perspectiva sobre a posi\u00e7\u00e3o da UFSM em rela\u00e7\u00e3o a institui\u00e7\u00f5es ao redor do mundo, na Am\u00e9rica Latina e entre universidades brasileiras. \u00c9 importante ressaltar que a inclus\u00e3o nessas listas, independentemente da posi\u00e7\u00e3o, j\u00e1 reflete a qualidade da institui\u00e7\u00e3o, uma vez que existem crit\u00e9rios rigorosos para a participa\u00e7\u00e3o. A <strong>Pr\u00f3-Reitoria de Planejamento<\/strong> (PROPLAN) monitora o desempenho da UFSM nos principais rankings mundiais de universidades.<\/p>\n<p>Acesse:<\/p>\n<p><strong><a href=\"https:\/\/www.ufsm.br\/pro-reitorias\/proplan\/rankings\" target=\"_blank\" rel=\"noopener\">UFSM nos Rankings<\/a><\/strong><\/p>\t\t\t\t\t\t<\/div>\n\t\t\t\t<\/div>\n\t\t\t\t\t<\/div>\n\t\t<\/div>\n\t\t\t\t\t<\/div>\n\t\t<\/section>\n\t\t\t\t<\/div>\n\t\t","protected":false},"excerpt":{"rendered":"<p>Os rankings complementam o processo de&nbsp;avalia\u00e7\u00e3o externa&nbsp;da UFSM. Essas listas, elaboradas por entidades independentes, utilizam crit\u00e9rios espec\u00edficos para avaliar a qualidade das institui\u00e7\u00f5es de ensino superior. Os rankings mundiais proporcionam uma perspectiva sobre a posi\u00e7\u00e3o da UFSM em rela\u00e7\u00e3o a institui\u00e7\u00f5es ao redor do mundo, na Am\u00e9rica Latina e entre universidades brasileiras. \u00c9 importante ressaltar [&hellip;]<\/p>\n","protected":false},"author":7289,"featured_media":0,"parent":0,"menu_order":0,"comment_status":"closed","ping_status":"closed","template":"","meta":{"footnotes":""},"categories":[],"tags":[],"class_list":["post-1725","page","type-page","status-publish","hentry"],"acf":[],"_links":{"self":[{"href":"https:\/\/www.ufsm.br\/reitoria\/avaliacao\/wp-json\/wp\/v2\/pages\/1725","targetHints":{"allow":["GET"]}}],"collection":[{"href":"https:\/\/www.ufsm.br\/reitoria\/avaliacao\/wp-json\/wp\/v2\/pages"}],"about":[{"href":"https:\/\/www.ufsm.br\/reitoria\/avaliacao\/wp-json\/wp\/v2\/types\/page"}],"author":[{"embeddable":true,"href":"https:\/\/www.ufsm.br\/reitoria\/avaliacao\/wp-json\/wp\/v2\/users\/7289"}],"replies":[{"embeddable":true,"href":"https:\/\/www.ufsm.br\/reitoria\/avaliacao\/wp-json\/wp\/v2\/comments?post=1725"}],"version-history":[{"count":0,"href":"https:\/\/www.ufsm.br\/reitoria\/avaliacao\/wp-json\/wp\/v2\/pages\/1725\/revisions"}],"wp:attachment":[{"href":"https:\/\/www.ufsm.br\/reitoria\/avaliacao\/wp-json\/wp\/v2\/media?parent=1725"}],"wp:term":[{"taxonomy":"category","embeddable":true,"href":"https:\/\/www.ufsm.br\/reitoria\/avaliacao\/wp-json\/wp\/v2\/categories?post=1725"},{"taxonomy":"post_tag","embeddable":true,"href":"https:\/\/www.ufsm.br\/reitoria\/avaliacao\/wp-json\/wp\/v2\/tags?post=1725"}],"curies":[{"name":"wp","href":"https:\/\/api.w.org\/{rel}","templated":true}]}}