{"id":216,"date":"2019-01-21T10:10:59","date_gmt":"2019-01-21T12:10:59","guid":{"rendered":"https:\/\/www.ufsm.br\/reitoria\/avaliacao\/?page_id=216"},"modified":"2025-06-12T15:35:33","modified_gmt":"2025-06-12T18:35:33","slug":"relatorios","status":"publish","type":"page","link":"https:\/\/www.ufsm.br\/reitoria\/avaliacao\/relatorios","title":{"rendered":"Relat\u00f3rios"},"content":{"rendered":"\t\t<div data-elementor-type=\"wp-post\" data-elementor-id=\"216\" class=\"elementor elementor-216\">\n\t\t\t\t\t\t<section class=\"elementor-section elementor-top-section elementor-element elementor-element-31f11a6 elementor-section-boxed elementor-section-height-default elementor-section-height-default\" data-id=\"31f11a6\" data-element_type=\"section\">\n\t\t\t\t\t\t<div class=\"elementor-container elementor-column-gap-default\">\n\t\t\t\t\t<div class=\"elementor-column elementor-col-100 elementor-top-column elementor-element elementor-element-23388e6\" data-id=\"23388e6\" data-element_type=\"column\">\n\t\t\t<div class=\"elementor-widget-wrap elementor-element-populated\">\n\t\t\t\t\t\t<div class=\"elementor-element elementor-element-b62ec6f elementor-widget elementor-widget-text-editor\" data-id=\"b62ec6f\" data-element_type=\"widget\" data-widget_type=\"text-editor.default\">\n\t\t\t\t<div class=\"elementor-widget-container\">\n\t\t\t\t\t\t\t<p>O <strong>Relat\u00f3rio de Autoavalia\u00e7\u00e3o Institucional<\/strong> representa a consolida\u00e7\u00e3o dos processos de avalia\u00e7\u00e3o interna conduzidos pelas CPAs nas institui\u00e7\u00f5es de ensino superior. Este relat\u00f3rio serve como base para os processos de avalia\u00e7\u00e3o externa conduzidos pelo INEP. \u00c9 elaborado em conformidade com a <a href=\"https:\/\/download.inep.gov.br\/educacao_superior\/avaliacao_institucional\/nota_tecnica\/2014\/nota_tecnica_n65_roteiro_relatorio_de_autoavaliacao_institucional.pdf\" target=\"_blank\" rel=\"noopener\">Nota T\u00e9cnica INEP\/DAES\/CONAES n\u00ba 065<\/a> e deve ser enviado ao sistema e-MEC at\u00e9 o dia 31 de mar\u00e7o de cada ano.<\/p>\t\t\t\t\t\t<\/div>\n\t\t\t\t<\/div>\n\t\t\t\t\t<\/div>\n\t\t<\/div>\n\t\t\t\t\t<\/div>\n\t\t<\/section>\n\t\t\t\t<section class=\"elementor-section elementor-top-section elementor-element elementor-element-2b2d936c elementor-section-boxed elementor-section-height-default elementor-section-height-default\" data-id=\"2b2d936c\" data-element_type=\"section\">\n\t\t\t\t\t\t<div class=\"elementor-container elementor-column-gap-default\">\n\t\t\t\t\t<div class=\"elementor-column elementor-col-100 elementor-top-column elementor-element elementor-element-606aced1\" data-id=\"606aced1\" data-element_type=\"column\">\n\t\t\t<div class=\"elementor-widget-wrap elementor-element-populated\">\n\t\t\t\t\t\t<div class=\"elementor-element elementor-element-6d6529f4 elementor-widget elementor-widget-text-editor\" data-id=\"6d6529f4\" data-element_type=\"widget\" data-widget_type=\"text-editor.default\">\n\t\t\t\t<div class=\"elementor-widget-container\">\n\t\t\t\t\t\t\t<ul><li><a href=\"https:\/\/www.ufsm.br\/app\/uploads\/sites\/504\/2025\/06\/relatorio2025.pdf\" target=\"_blank\" rel=\"noopener\">Relat\u00f3rio 2025<\/a><\/li><li><a href=\"https:\/\/www.ufsm.br\/app\/uploads\/sites\/504\/2024\/04\/Relatorio2024.pdf\">Relat\u00f3rio 2024<\/a><\/li><li><a href=\"https:\/\/www.ufsm.br\/app\/uploads\/sites\/504\/2023\/05\/RelatorioAutoavaliacao-2022.pdf\" target=\"_blank\" rel=\"noopener\">Relat\u00f3rio 2023<\/a><\/li><li><a href=\"https:\/\/www.ufsm.br\/app\/uploads\/sites\/504\/2023\/04\/Relatorio-Autoavaliacao-2021.pdf\">Relat\u00f3rio 2022<\/a><\/li><li><a style=\"font-size: 1rem;font-weight: var( --e-global-typography-text-font-weight );text-align: var(--bs-body-text-align)\" href=\"https:\/\/www.ufsm.br\/app\/uploads\/sites\/504\/2022\/01\/RelatorioDeAvaliacaoInternaUFSM_2020.pdf\">Relat\u00f3rio 2021<\/a><\/li><li><a href=\"https:\/\/www.ufsm.br\/app\/uploads\/sites\/504\/2023\/04\/Relatorio_Autoavaliacao_2020.pdf\">Relat\u00f3rio 2020<\/a><\/li><li><a href=\"https:\/\/www.ufsm.br\/reitoria\/avaliacao\/wp-content\/uploads\/sites\/504\/2019\/09\/RelatorioAutoavalia\u00e7\u00e3o2018-2019_pag.pdf\">Relat\u00f3rio 2019<\/a><\/li><li><a href=\"https:\/\/www.ufsm.br\/reitoria\/avaliacao\/wp-content\/uploads\/sites\/504\/2019\/04\/RelatorioAutoavalia\u00e7\u00e3o2018-2019.pdf\" target=\"_blank\" rel=\"noopener\">Relat\u00f3rio 2018<\/a><\/li><li><a href=\"https:\/\/www.ufsm.br\/reitoria\/avaliacao\/wp-content\/uploads\/sites\/504\/2019\/01\/Relatorio_Autoavaliacao_2017_MARCO2018.pdf\" target=\"_blank\" rel=\"noopener\">Relat\u00f3rio 2017<\/a><\/li><li><a href=\"https:\/\/www.ufsm.br\/reitoria\/avaliacao\/wp-content\/uploads\/sites\/504\/2019\/01\/2016-2017.pdf\" target=\"_blank\" rel=\"noopener\">Relat\u00f3rio 2016<\/a><\/li><li><a href=\"https:\/\/www.ufsm.br\/reitoria\/avaliacao\/wp-content\/uploads\/sites\/504\/2019\/01\/relatorio2015.pdf\" target=\"_blank\" rel=\"noopener\">Relat\u00f3rio 2015<\/a><\/li><li><a href=\"http:\/\/www.youblisher.com\/p\/1123534-Relatorio-de-Autoavaliacao-2014\/\" target=\"_blank\" rel=\"noopener\">Relat\u00f3rio 2014<\/a><\/li><li><a href=\"https:\/\/www.ufsm.br\/reitoria\/avaliacao\/wp-content\/uploads\/sites\/504\/2019\/01\/Relatorio_Autoavaliacao-2013.pdf\" target=\"_blank\" rel=\"noopener\">Relat\u00f3rio 2013<\/a><\/li><li><a href=\"https:\/\/www.ufsm.br\/reitoria\/avaliacao\/wp-content\/uploads\/sites\/504\/2019\/01\/UFSM_Relatorio_Autoavaliacao_2012.pdf\" target=\"_blank\" rel=\"noopener\">Relat\u00f3rio 2012<\/a><\/li><li><a href=\"https:\/\/www.ufsm.br\/reitoria\/avaliacao\/wp-content\/uploads\/sites\/504\/2019\/01\/UFSM_Relatorio_Autoavaliacao_Institucional_2011.pdf\" target=\"_blank\" rel=\"noopener\">Relat\u00f3rio 2011<\/a><\/li><li><a href=\"https:\/\/www.ufsm.br\/reitoria\/avaliacao\/wp-content\/uploads\/sites\/504\/2019\/01\/UFSM_Relatorio_Autoavaliacao_Institucional_2010.pdf\" target=\"_blank\" rel=\"noopener\">Relat\u00f3rio 2010<\/a><\/li><li><a href=\"https:\/\/www.ufsm.br\/reitoria\/avaliacao\/wp-content\/uploads\/sites\/504\/2019\/01\/UFSM_Relatrio_Autoavaliao_2009-.pdf\" target=\"_blank\" rel=\"noopener\">Relat\u00f3rio 2009<\/a><\/li><li><a href=\"https:\/\/www.ufsm.br\/reitoria\/avaliacao\/wp-content\/uploads\/sites\/504\/2019\/01\/UFSM_Relatrio_AutoAvaliao_2008.pdf\" target=\"_blank\" rel=\"noopener\">Relat\u00f3rio 2008<\/a><\/li><li><a href=\"https:\/\/www.ufsm.br\/reitoria\/avaliacao\/wp-content\/uploads\/sites\/504\/2019\/01\/UFSM_Relatrio_Autoavaliao_2007.pdf\" target=\"_blank\" rel=\"noopener\">Relat\u00f3rio 2007\u00a0<\/a><\/li><\/ul><p><!-- \/wp:tadv\/classic-paragraph --><\/p>\t\t\t\t\t\t<\/div>\n\t\t\t\t<\/div>\n\t\t\t\t\t<\/div>\n\t\t<\/div>\n\t\t\t\t\t<\/div>\n\t\t<\/section>\n\t\t\t\t<\/div>\n\t\t","protected":false},"excerpt":{"rendered":"<p>O Relat\u00f3rio de Autoavalia\u00e7\u00e3o Institucional representa a consolida\u00e7\u00e3o dos processos de avalia\u00e7\u00e3o interna conduzidos pelas CPAs nas institui\u00e7\u00f5es de ensino superior. Este relat\u00f3rio serve como base para os processos de avalia\u00e7\u00e3o externa conduzidos pelo INEP. \u00c9 elaborado em conformidade com a Nota T\u00e9cnica INEP\/DAES\/CONAES n\u00ba 065 e deve ser enviado ao sistema e-MEC at\u00e9 o [&hellip;]<\/p>\n","protected":false},"author":118,"featured_media":0,"parent":0,"menu_order":0,"comment_status":"closed","ping_status":"closed","template":"","meta":{"footnotes":""},"categories":[],"tags":[],"class_list":["post-216","page","type-page","status-publish","hentry"],"acf":[],"_links":{"self":[{"href":"https:\/\/www.ufsm.br\/reitoria\/avaliacao\/wp-json\/wp\/v2\/pages\/216","targetHints":{"allow":["GET"]}}],"collection":[{"href":"https:\/\/www.ufsm.br\/reitoria\/avaliacao\/wp-json\/wp\/v2\/pages"}],"about":[{"href":"https:\/\/www.ufsm.br\/reitoria\/avaliacao\/wp-json\/wp\/v2\/types\/page"}],"author":[{"embeddable":true,"href":"https:\/\/www.ufsm.br\/reitoria\/avaliacao\/wp-json\/wp\/v2\/users\/118"}],"replies":[{"embeddable":true,"href":"https:\/\/www.ufsm.br\/reitoria\/avaliacao\/wp-json\/wp\/v2\/comments?post=216"}],"version-history":[{"count":0,"href":"https:\/\/www.ufsm.br\/reitoria\/avaliacao\/wp-json\/wp\/v2\/pages\/216\/revisions"}],"wp:attachment":[{"href":"https:\/\/www.ufsm.br\/reitoria\/avaliacao\/wp-json\/wp\/v2\/media?parent=216"}],"wp:term":[{"taxonomy":"category","embeddable":true,"href":"https:\/\/www.ufsm.br\/reitoria\/avaliacao\/wp-json\/wp\/v2\/categories?post=216"},{"taxonomy":"post_tag","embeddable":true,"href":"https:\/\/www.ufsm.br\/reitoria\/avaliacao\/wp-json\/wp\/v2\/tags?post=216"}],"curies":[{"name":"wp","href":"https:\/\/api.w.org\/{rel}","templated":true}]}}