{"id":26,"date":"2025-07-10T14:58:26","date_gmt":"2025-07-10T17:58:26","guid":{"rendered":"https:\/\/www.ufsm.br\/reitoria\/cis\/?page_id=26"},"modified":"2025-08-14T10:29:56","modified_gmt":"2025-08-14T13:29:56","slug":"qualificacao","status":"publish","type":"page","link":"https:\/\/www.ufsm.br\/reitoria\/cis\/pagina-inicial\/qualificacao","title":{"rendered":"Qualifica\u00e7\u00e3o"},"content":{"rendered":"\t\t<div data-elementor-type=\"wp-page\" data-elementor-id=\"26\" class=\"elementor elementor-26\">\n\t\t\t\t\t\t<section class=\"elementor-section elementor-top-section elementor-element elementor-element-285a7ba elementor-section-boxed elementor-section-height-default elementor-section-height-default\" data-id=\"285a7ba\" data-element_type=\"section\">\n\t\t\t\t\t\t<div class=\"elementor-container elementor-column-gap-default\">\n\t\t\t\t\t<div class=\"elementor-column elementor-col-100 elementor-top-column elementor-element elementor-element-c4769a2\" data-id=\"c4769a2\" data-element_type=\"column\">\n\t\t\t<div class=\"elementor-widget-wrap elementor-element-populated\">\n\t\t\t\t\t\t<div class=\"elementor-element elementor-element-f160163 elementor-widget elementor-widget-text-editor\" data-id=\"f160163\" data-element_type=\"widget\" data-widget_type=\"text-editor.default\">\n\t\t\t\t<div class=\"elementor-widget-container\">\n\t\t\t\t\t\t\t<p>O Incentivo \u00e0 Qualifica\u00e7\u00e3o \u00e9 um direito assegurado aos servidores t\u00e9cnico-administrativos em educa\u00e7\u00e3o (TAEs) das Institui\u00e7\u00f5es Federais de Ensino, previsto pelo Plano de Carreira dos Cargos T\u00e9cnico-Administrativos em Educa\u00e7\u00e3o (PCCTAE).<\/p><p>Esse incentivo consiste em um adicional remunerat\u00f3rio para o servidor que obt\u00e9m um n\u00edvel de escolaridade formal superior ao exigido para o exerc\u00edcio de seu cargo. O objetivo \u00e9 valorizar o desenvolvimento profissional, estimular a forma\u00e7\u00e3o continuada e contribuir para a melhoria da qualidade dos servi\u00e7os prestados \u00e0 comunidade acad\u00eamica e \u00e0 sociedade.<\/p><p>A <strong>Comiss\u00e3o Interna de Supervis\u00e3o<\/strong>, enquanto canal de di\u00e1logo e fiscaliza\u00e7\u00e3o, est\u00e1 \u00e0 disposi\u00e7\u00e3o para orientar os servidores em todas as etapas do processo, esclarecer d\u00favidas sobre a legisla\u00e7\u00e3o e acompanhar a correta aplica\u00e7\u00e3o do benef\u00edcio.<\/p><p>Voc\u00ea pode conferir com mais detalhes informa\u00e7\u00f5es sobre percentuais, efeitos financeiros, cursos v\u00e1lidos e orienta\u00e7\u00f5es para instru\u00e7\u00e3o do processo no site da PROGEP, na aba <a href=\"https:\/\/www.ufsm.br\/pro-reitorias\/progep\/servicos\/incentivo-a-qualificacao\" target=\"_blank\" rel=\"noopener\">&#8220;Incentivo \u00e0 Qualifica\u00e7\u00e3o&#8221;<\/a>.<\/p>\t\t\t\t\t\t<\/div>\n\t\t\t\t<\/div>\n\t\t\t\t\t<\/div>\n\t\t<\/div>\n\t\t\t\t\t<\/div>\n\t\t<\/section>\n\t\t\t\t<section class=\"elementor-section elementor-top-section elementor-element elementor-element-c43e877 elementor-section-boxed elementor-section-height-default elementor-section-height-default\" data-id=\"c43e877\" data-element_type=\"section\">\n\t\t\t\t\t\t<div class=\"elementor-container elementor-column-gap-default\">\n\t\t\t\t\t<div class=\"elementor-column elementor-col-100 elementor-top-column elementor-element elementor-element-6491cc9\" data-id=\"6491cc9\" data-element_type=\"column\">\n\t\t\t<div class=\"elementor-widget-wrap elementor-element-populated\">\n\t\t\t\t\t\t<div class=\"elementor-element elementor-element-33cacec elementor-widget-divider--view-line elementor-widget elementor-widget-divider\" data-id=\"33cacec\" data-element_type=\"widget\" data-widget_type=\"divider.default\">\n\t\t\t\t<div class=\"elementor-widget-container\">\n\t\t\t\t\t<div class=\"elementor-divider\">\n\t\t\t<span class=\"elementor-divider-separator\">\n\t\t\t\t\t\t<\/span>\n\t\t<\/div>\n\t\t\t\t<\/div>\n\t\t\t\t<\/div>\n\t\t\t\t\t<\/div>\n\t\t<\/div>\n\t\t\t\t\t<\/div>\n\t\t<\/section>\n\t\t\t\t<section class=\"elementor-section elementor-top-section elementor-element elementor-element-1226a75 elementor-section-boxed elementor-section-height-default elementor-section-height-default\" data-id=\"1226a75\" data-element_type=\"section\">\n\t\t\t\t\t\t<div class=\"elementor-container elementor-column-gap-default\">\n\t\t\t\t\t<div class=\"elementor-column elementor-col-100 elementor-top-column elementor-element elementor-element-8196088\" data-id=\"8196088\" data-element_type=\"column\">\n\t\t\t<div class=\"elementor-widget-wrap elementor-element-populated\">\n\t\t\t\t\t\t<div class=\"elementor-element elementor-element-05c72e5 elementor-widget elementor-widget-heading\" data-id=\"05c72e5\" data-element_type=\"widget\" data-widget_type=\"heading.default\">\n\t\t\t\t<div class=\"elementor-widget-container\">\n\t\t\t<h2 class=\"elementor-heading-title elementor-size-default\">Mudan\u00e7as com a Lei N\u00ba 15.141<\/h2>\t\t<\/div>\n\t\t\t\t<\/div>\n\t\t\t\t\t<\/div>\n\t\t<\/div>\n\t\t\t\t\t<\/div>\n\t\t<\/section>\n\t\t\t\t<section class=\"elementor-section elementor-top-section elementor-element elementor-element-08e91ad elementor-section-boxed elementor-section-height-default elementor-section-height-default\" data-id=\"08e91ad\" data-element_type=\"section\">\n\t\t\t\t\t\t<div class=\"elementor-container elementor-column-gap-default\">\n\t\t\t\t\t<div class=\"elementor-column elementor-col-100 elementor-top-column elementor-element elementor-element-d05cb3a\" data-id=\"d05cb3a\" data-element_type=\"column\">\n\t\t\t<div class=\"elementor-widget-wrap elementor-element-populated\">\n\t\t\t\t\t\t<div class=\"elementor-element elementor-element-c35817e elementor-widget elementor-widget-text-editor\" data-id=\"c35817e\" data-element_type=\"widget\" data-widget_type=\"text-editor.default\">\n\t\t\t\t<div class=\"elementor-widget-container\">\n\t\t\t\t\t\t\t<p>Com a publica\u00e7\u00e3o da Lei N\u00ba 15.141, de 2 de junho de 2025, houveram altera\u00e7\u00f5es significativas nas Leis N\u00ba 11.091\/2005 (estrutura\u00e7\u00e3o do Plano de Carreira dos Cargos T\u00e9cnico-Administrativos em Educa\u00e7\u00e3o) e N\u00ba 12.772\/2012 (estrutura\u00e7\u00e3o do Plano de Carreiras e Cargos de Magist\u00e9rio Federal).<\/p><ul><li>A Lei removeu a correla\u00e7\u00e3o indireta do Incentivo \u00e0 Qualifica\u00e7\u00e3o (IQ) para os TAEs. Os servidores que recebiam o IQ com rela\u00e7\u00e3o indireta passaram a receber o novo percentual com vig\u00eancia a partir de 01\/01\/2025, conforme <a href=\"https:\/\/www.ufsm.br\/app\/uploads\/sites\/341\/2025\/05\/Portaria-de-Pessoal-Progep-UFSM-302-2025.pdf\" target=\"_blank\" rel=\"noopener\">Portaria de Pessoal PROGEP\/UFSM N. 302, de 13\/05\/2025<\/a>.<\/li><\/ul>\t\t\t\t\t\t<\/div>\n\t\t\t\t<\/div>\n\t\t\t\t\t<\/div>\n\t\t<\/div>\n\t\t\t\t\t<\/div>\n\t\t<\/section>\n\t\t\t\t<section class=\"elementor-section elementor-top-section elementor-element elementor-element-e3ba078 elementor-section-boxed elementor-section-height-default elementor-section-height-default\" data-id=\"e3ba078\" data-element_type=\"section\">\n\t\t\t\t\t\t<div class=\"elementor-container elementor-column-gap-default\">\n\t\t\t\t\t<div class=\"elementor-column elementor-col-100 elementor-top-column elementor-element elementor-element-5ffcf6f\" data-id=\"5ffcf6f\" data-element_type=\"column\">\n\t\t\t<div class=\"elementor-widget-wrap elementor-element-populated\">\n\t\t\t\t\t\t<div class=\"elementor-element elementor-element-f87f042 elementor-widget-divider--view-line elementor-widget elementor-widget-divider\" data-id=\"f87f042\" data-element_type=\"widget\" data-widget_type=\"divider.default\">\n\t\t\t\t<div class=\"elementor-widget-container\">\n\t\t\t\t\t<div class=\"elementor-divider\">\n\t\t\t<span class=\"elementor-divider-separator\">\n\t\t\t\t\t\t<\/span>\n\t\t<\/div>\n\t\t\t\t<\/div>\n\t\t\t\t<\/div>\n\t\t\t\t\t<\/div>\n\t\t<\/div>\n\t\t\t\t\t<\/div>\n\t\t<\/section>\n\t\t\t\t<section class=\"elementor-section elementor-top-section elementor-element elementor-element-af07ddc elementor-section-boxed elementor-section-height-default elementor-section-height-default\" data-id=\"af07ddc\" data-element_type=\"section\">\n\t\t\t\t\t\t<div class=\"elementor-container elementor-column-gap-default\">\n\t\t\t\t\t<div class=\"elementor-column elementor-col-100 elementor-top-column elementor-element elementor-element-09e36cb\" data-id=\"09e36cb\" data-element_type=\"column\">\n\t\t\t<div class=\"elementor-widget-wrap elementor-element-populated\">\n\t\t\t\t\t\t<div class=\"elementor-element elementor-element-8b06a41 elementor-widget elementor-widget-heading\" data-id=\"8b06a41\" data-element_type=\"widget\" data-widget_type=\"heading.default\">\n\t\t\t\t<div class=\"elementor-widget-container\">\n\t\t\t<h2 class=\"elementor-heading-title elementor-size-default\">Tabelas Financeiras<\/h2>\t\t<\/div>\n\t\t\t\t<\/div>\n\t\t\t\t\t<\/div>\n\t\t<\/div>\n\t\t\t\t\t<\/div>\n\t\t<\/section>\n\t\t\t\t<section class=\"elementor-section elementor-top-section elementor-element elementor-element-ea83cbd elementor-section-boxed elementor-section-height-default elementor-section-height-default\" data-id=\"ea83cbd\" data-element_type=\"section\">\n\t\t\t\t\t\t<div class=\"elementor-container elementor-column-gap-default\">\n\t\t\t\t\t<div class=\"elementor-column elementor-col-100 elementor-top-column elementor-element elementor-element-90efcfe\" data-id=\"90efcfe\" data-element_type=\"column\">\n\t\t\t<div class=\"elementor-widget-wrap elementor-element-populated\">\n\t\t\t\t\t\t<div class=\"elementor-element elementor-element-81808a1 elementor-widget elementor-widget-text-editor\" data-id=\"81808a1\" data-element_type=\"widget\" data-widget_type=\"text-editor.default\">\n\t\t\t\t<div class=\"elementor-widget-container\">\n\t\t\t\t\t\t\t<p>Confira as tabelas de estrutura e vencimento b\u00e1sico do PCCTAE.<\/p>\t\t\t\t\t\t<\/div>\n\t\t\t\t<\/div>\n\t\t\t\t\t<\/div>\n\t\t<\/div>\n\t\t\t\t\t<\/div>\n\t\t<\/section>\n\t\t\t\t<section class=\"elementor-section elementor-top-section elementor-element elementor-element-e5035c0 elementor-section-boxed elementor-section-height-default elementor-section-height-default\" data-id=\"e5035c0\" data-element_type=\"section\">\n\t\t\t\t\t\t<div class=\"elementor-container elementor-column-gap-default\">\n\t\t\t\t\t<div class=\"elementor-column elementor-col-100 elementor-top-column elementor-element elementor-element-27667fc\" data-id=\"27667fc\" data-element_type=\"column\">\n\t\t\t<div class=\"elementor-widget-wrap elementor-element-populated\">\n\t\t\t\t\t\t<div class=\"elementor-element elementor-element-c9b0b40 elementor-widget__width-initial elementor-view-default elementor-position-top elementor-mobile-position-top elementor-widget elementor-widget-icon-box\" data-id=\"c9b0b40\" data-element_type=\"widget\" data-widget_type=\"icon-box.default\">\n\t\t\t\t<div class=\"elementor-widget-container\">\n\t\t\t\t\t<div class=\"elementor-icon-box-wrapper\">\n\n\t\t\t\t\t\t<div class=\"elementor-icon-box-icon\">\n\t\t\t\t<a href=\"https:\/\/www.ufsm.br\/app\/uploads\/sites\/341\/2025\/01\/Mpv-1286-24-anexos-382-385-TAEs.pdf\" target=\"_blank\" class=\"elementor-icon elementor-animation-\" tabindex=\"-1\">\n\t\t\t\t<i aria-hidden=\"true\" class=\"far fa-file-excel\"><\/i>\t\t\t\t<\/a>\n\t\t\t<\/div>\n\t\t\t\n\t\t\t\t\t\t<div class=\"elementor-icon-box-content\">\n\n\t\t\t\t\t\t\t\t\t<h3 class=\"elementor-icon-box-title\">\n\t\t\t\t\t\t<a href=\"https:\/\/www.ufsm.br\/app\/uploads\/sites\/341\/2025\/01\/Mpv-1286-24-anexos-382-385-TAEs.pdf\" target=\"_blank\" >\n\t\t\t\t\t\t\tTAE'S\t\t\t\t\t\t<\/a>\n\t\t\t\t\t<\/h3>\n\t\t\t\t\n\t\t\t\t\n\t\t\t<\/div>\n\t\t\t\n\t\t<\/div>\n\t\t\t\t<\/div>\n\t\t\t\t<\/div>\n\t\t\t\t<div class=\"elementor-element elementor-element-834fcc7 elementor-widget__width-initial elementor-view-default elementor-position-top elementor-mobile-position-top elementor-widget elementor-widget-icon-box\" data-id=\"834fcc7\" data-element_type=\"widget\" data-widget_type=\"icon-box.default\">\n\t\t\t\t<div class=\"elementor-widget-container\">\n\t\t\t\t\t<div class=\"elementor-icon-box-wrapper\">\n\n\t\t\t\t\t\t<div class=\"elementor-icon-box-icon\">\n\t\t\t\t<a href=\"https:\/\/www.ufsm.br\/app\/uploads\/sites\/341\/2025\/01\/Mpv-1286-24-anexos-635-636-TAES-Medicos.pdf\" class=\"elementor-icon elementor-animation-\" tabindex=\"-1\">\n\t\t\t\t<i aria-hidden=\"true\" class=\"far fa-file-excel\"><\/i>\t\t\t\t<\/a>\n\t\t\t<\/div>\n\t\t\t\n\t\t\t\t\t\t<div class=\"elementor-icon-box-content\">\n\n\t\t\t\t\t\t\t\t\t<h3 class=\"elementor-icon-box-title\">\n\t\t\t\t\t\t<a href=\"https:\/\/www.ufsm.br\/app\/uploads\/sites\/341\/2025\/01\/Mpv-1286-24-anexos-635-636-TAES-Medicos.pdf\" >\n\t\t\t\t\t\t\tTAE'S M\u00e9dicos\t\t\t\t\t\t<\/a>\n\t\t\t\t\t<\/h3>\n\t\t\t\t\n\t\t\t\t\n\t\t\t<\/div>\n\t\t\t\n\t\t<\/div>\n\t\t\t\t<\/div>\n\t\t\t\t<\/div>\n\t\t\t\t\t<\/div>\n\t\t<\/div>\n\t\t\t\t\t<\/div>\n\t\t<\/section>\n\t\t\t\t<\/div>\n\t\t","protected":false},"excerpt":{"rendered":"<p>O Incentivo \u00e0 Qualifica\u00e7\u00e3o \u00e9 um direito assegurado aos servidores t\u00e9cnico-administrativos em educa\u00e7\u00e3o (TAEs) das Institui\u00e7\u00f5es Federais de Ensino, previsto pelo Plano de Carreira dos Cargos T\u00e9cnico-Administrativos em Educa\u00e7\u00e3o (PCCTAE). Esse incentivo consiste em um adicional remunerat\u00f3rio para o servidor que obt\u00e9m um n\u00edvel de escolaridade formal superior ao exigido para o exerc\u00edcio de seu [&hellip;]<\/p>\n","protected":false},"author":8877,"featured_media":0,"parent":9,"menu_order":0,"comment_status":"closed","ping_status":"closed","template":"","meta":{"footnotes":""},"categories":[],"tags":[7,5,6],"class_list":["post-26","page","type-page","status-publish","hentry","tag-cis","tag-qualificacao","tag-taes"],"acf":[],"_links":{"self":[{"href":"https:\/\/www.ufsm.br\/reitoria\/cis\/wp-json\/wp\/v2\/pages\/26","targetHints":{"allow":["GET"]}}],"collection":[{"href":"https:\/\/www.ufsm.br\/reitoria\/cis\/wp-json\/wp\/v2\/pages"}],"about":[{"href":"https:\/\/www.ufsm.br\/reitoria\/cis\/wp-json\/wp\/v2\/types\/page"}],"author":[{"embeddable":true,"href":"https:\/\/www.ufsm.br\/reitoria\/cis\/wp-json\/wp\/v2\/users\/8877"}],"replies":[{"embeddable":true,"href":"https:\/\/www.ufsm.br\/reitoria\/cis\/wp-json\/wp\/v2\/comments?post=26"}],"version-history":[{"count":0,"href":"https:\/\/www.ufsm.br\/reitoria\/cis\/wp-json\/wp\/v2\/pages\/26\/revisions"}],"up":[{"embeddable":true,"href":"https:\/\/www.ufsm.br\/reitoria\/cis\/wp-json\/wp\/v2\/pages\/9"}],"wp:attachment":[{"href":"https:\/\/www.ufsm.br\/reitoria\/cis\/wp-json\/wp\/v2\/media?parent=26"}],"wp:term":[{"taxonomy":"category","embeddable":true,"href":"https:\/\/www.ufsm.br\/reitoria\/cis\/wp-json\/wp\/v2\/categories?post=26"},{"taxonomy":"post_tag","embeddable":true,"href":"https:\/\/www.ufsm.br\/reitoria\/cis\/wp-json\/wp\/v2\/tags?post=26"}],"curies":[{"name":"wp","href":"https:\/\/api.w.org\/{rel}","templated":true}]}}