{"id":1285,"date":"2019-08-09T12:30:04","date_gmt":"2019-08-09T15:30:04","guid":{"rendered":"https:\/\/www.ufsm.br\/reitoria\/conselhos-superiores\/?page_id=1285"},"modified":"2026-01-29T12:35:59","modified_gmt":"2026-01-29T15:35:59","slug":"comissao-curadores","status":"publish","type":"page","link":"https:\/\/www.ufsm.br\/reitoria\/conselhos-superiores\/comissao-curadores","title":{"rendered":"Comiss\u00e3o de Acompanhamento e An\u00e1lise de Processos (CAAP)"},"content":{"rendered":"\t\t<div data-elementor-type=\"wp-post\" data-elementor-id=\"1285\" class=\"elementor elementor-1285\">\n\t\t\t\t\t\t<section class=\"elementor-section elementor-top-section elementor-element elementor-element-798874ab elementor-section-boxed elementor-section-height-default elementor-section-height-default\" data-id=\"798874ab\" data-element_type=\"section\">\n\t\t\t\t\t\t<div class=\"elementor-container elementor-column-gap-default\">\n\t\t\t\t\t<div class=\"elementor-column elementor-col-100 elementor-top-column elementor-element elementor-element-73d95e95\" data-id=\"73d95e95\" data-element_type=\"column\">\n\t\t\t<div class=\"elementor-widget-wrap elementor-element-populated\">\n\t\t\t\t\t\t<div class=\"elementor-element elementor-element-0cefbec elementor-widget elementor-widget-toggle\" data-id=\"0cefbec\" data-element_type=\"widget\" data-widget_type=\"toggle.default\">\n\t\t\t\t<div class=\"elementor-widget-container\">\n\t\t\t\t\t<div class=\"elementor-toggle\">\n\t\t\t\t\t\t\t<div class=\"elementor-toggle-item\">\n\t\t\t\t\t<div id=\"elementor-tab-title-1351\" class=\"elementor-tab-title\" data-tab=\"1\" role=\"button\" aria-controls=\"elementor-tab-content-1351\" aria-expanded=\"false\">\n\t\t\t\t\t\t\t\t\t\t\t\t<span class=\"elementor-toggle-icon elementor-toggle-icon-left\" aria-hidden=\"true\">\n\t\t\t\t\t\t\t\t\t\t\t\t\t\t\t<span class=\"elementor-toggle-icon-closed\"><i class=\"fas fa-caret-right\"><\/i><\/span>\n\t\t\t\t\t\t\t\t<span class=\"elementor-toggle-icon-opened\"><i class=\"elementor-toggle-icon-opened fas fa-caret-up\"><\/i><\/span>\n\t\t\t\t\t\t\t\t\t\t\t\t\t<\/span>\n\t\t\t\t\t\t\t\t\t\t\t\t<a class=\"elementor-toggle-title\" tabindex=\"0\">CAAP<\/a>\n\t\t\t\t\t<\/div>\n\n\t\t\t\t\t<div id=\"elementor-tab-content-1351\" class=\"elementor-tab-content elementor-clearfix\" data-tab=\"1\" role=\"region\" aria-labelledby=\"elementor-tab-title-1351\"><table style=\"border-collapse: collapse;width: 100%;height: 330px\">\n<tbody>\n<tr style=\"height: 24px\">\n<td style=\"width: 50%;text-align: center;height: 24px\"><strong>NOME<\/strong><\/td>\n<td style=\"width: 50%;text-align: center;height: 24px\"><strong>REPRESENTANTE<\/strong><\/td>\n<\/tr>\n<tr>\n<td style=\"width: 50%\" width=\"322\">LUCIANO SCHUCH<\/td>\n<td style=\"width: 50%\" width=\"209\">Reitor anterior<\/td>\n<\/tr>\n<tr>\n<td style=\"width: 50%\">CL\u00c1UDIO ROBERTO SCALCON<\/td>\n<td style=\"width: 50%\">Rep. t\u00e9cnico-administrativo<\/td>\n<\/tr>\n<tr>\n<td style=\"width: 50%\"><span style=\"font-size: 16px\">ANDERSON ANT\u00d4NIO DENARDIN&nbsp;<\/span><b>(Presidente&nbsp;<\/b><span style=\"font-weight: 700;font-size: 16px\">Interino<\/span><b>)<\/b><b><br><\/b><\/td>\n<td style=\"width: 50%\">CEPE<\/td>\n<\/tr>\n<tr>\n<td style=\"width: 50%\">DANIEL \u00c2NGELO SGANZERLA GRAICHEN<\/td>\n<td style=\"width: 50%\">CEPE<\/td>\n<\/tr>\n<tr>\n<td style=\"width: 50%\">JUAN GALVARINO CERDA BALCAZAR<\/td>\n<td style=\"width: 50%\">CONSU<\/td>\n<\/tr>\n<tr>\n<td style=\"width: 50%\">FERNANDO COPETTI<\/td>\n<td style=\"width: 50%\">CONSU<\/td>\n<\/tr>\n<tr>\n<td style=\"width: 50%\"><span style=\"font-size: 16px\">VIN\u00cdCIUS COSTA DA SILVA ZONATTO<\/span><span style=\"font-weight: 700;font-size: 16px\">&nbsp;<\/span><b>(Presidente)<\/b><\/td>\n<td style=\"width: 50%\">CONSU<\/td>\n<\/tr>\n<tr>\n<td style=\"width: 50%\">&#8211;<\/td>\n<td style=\"width: 50%\">Rep. comunidade externa<\/td>\n<\/tr>\n<tr>\n<td style=\"width: 50%\" width=\"322\"><span style=\"font-size: 16px\">&#8211;<\/span><br><\/td>\n<td style=\"width: 50%\">DCE<\/td>\n<\/tr>\n<\/tbody>\n<\/table><\/div>\n\t\t\t\t<\/div>\n\t\t\t\t\t\t\t\t<\/div>\n\t\t\t\t<\/div>\n\t\t\t\t<\/div>\n\t\t\t\t<div class=\"elementor-element elementor-element-50f1361a elementor-widget elementor-widget-text-editor\" data-id=\"50f1361a\" data-element_type=\"widget\" data-widget_type=\"text-editor.default\">\n\t\t\t\t<div class=\"elementor-widget-container\">\n\t\t\t\t\t\t\t<!-- wp:tadv\/classic-paragraph \/-->\t\t\t\t\t\t<\/div>\n\t\t\t\t<\/div>\n\t\t\t\t\t<\/div>\n\t\t<\/div>\n\t\t\t\t\t<\/div>\n\t\t<\/section>\n\t\t\t\t<\/div>\n\t\t","protected":false},"excerpt":{"rendered":"<p>CAAP NOME REPRESENTANTE LUCIANO SCHUCH Reitor anterior CL\u00c1UDIO ROBERTO SCALCON Rep. t\u00e9cnico-administrativo ANDERSON ANT\u00d4NIO DENARDIN&nbsp;(Presidente&nbsp;Interino) CEPE DANIEL \u00c2NGELO SGANZERLA GRAICHEN CEPE JUAN GALVARINO CERDA BALCAZAR CONSU FERNANDO COPETTI CONSU VIN\u00cdCIUS COSTA DA SILVA ZONATTO&nbsp;(Presidente) CONSU &#8211; Rep. comunidade externa &#8211; DCE<\/p>\n","protected":false},"author":46,"featured_media":0,"parent":0,"menu_order":0,"comment_status":"closed","ping_status":"closed","template":"","meta":{"footnotes":""},"categories":[],"tags":[],"class_list":["post-1285","page","type-page","status-publish","hentry"],"acf":[],"_links":{"self":[{"href":"https:\/\/www.ufsm.br\/reitoria\/conselhos-superiores\/wp-json\/wp\/v2\/pages\/1285","targetHints":{"allow":["GET"]}}],"collection":[{"href":"https:\/\/www.ufsm.br\/reitoria\/conselhos-superiores\/wp-json\/wp\/v2\/pages"}],"about":[{"href":"https:\/\/www.ufsm.br\/reitoria\/conselhos-superiores\/wp-json\/wp\/v2\/types\/page"}],"author":[{"embeddable":true,"href":"https:\/\/www.ufsm.br\/reitoria\/conselhos-superiores\/wp-json\/wp\/v2\/users\/46"}],"replies":[{"embeddable":true,"href":"https:\/\/www.ufsm.br\/reitoria\/conselhos-superiores\/wp-json\/wp\/v2\/comments?post=1285"}],"version-history":[{"count":0,"href":"https:\/\/www.ufsm.br\/reitoria\/conselhos-superiores\/wp-json\/wp\/v2\/pages\/1285\/revisions"}],"wp:attachment":[{"href":"https:\/\/www.ufsm.br\/reitoria\/conselhos-superiores\/wp-json\/wp\/v2\/media?parent=1285"}],"wp:term":[{"taxonomy":"category","embeddable":true,"href":"https:\/\/www.ufsm.br\/reitoria\/conselhos-superiores\/wp-json\/wp\/v2\/categories?post=1285"},{"taxonomy":"post_tag","embeddable":true,"href":"https:\/\/www.ufsm.br\/reitoria\/conselhos-superiores\/wp-json\/wp\/v2\/tags?post=1285"}],"curies":[{"name":"wp","href":"https:\/\/api.w.org\/{rel}","templated":true}]}}