{"id":23,"date":"2018-11-05T09:55:36","date_gmt":"2018-11-05T11:55:36","guid":{"rendered":"https:\/\/www.ufsm.br\/reitoria\/ouvidoria\/?page_id=23"},"modified":"2026-03-17T12:01:01","modified_gmt":"2026-03-17T15:01:01","slug":"legislacao","status":"publish","type":"page","link":"https:\/\/www.ufsm.br\/reitoria\/ouvidoria\/legislacao","title":{"rendered":"Legisla\u00e7\u00e3o"},"content":{"rendered":"<h5>Regimento Interno da Ouvidoria-Geral da UFSM<\/h5>\n<p><a href=\"https:\/\/www.ufsm.br\/app\/uploads\/sites\/406\/2026\/03\/Regimento_Interno_Ouvidoria_UFSM.pdf\">Regimento Interno da Ouvidoria-Geral da UFSM<\/a><\/p>\n<p><a href=\"https:\/\/www.ufsm.br\/app\/uploads\/sites\/406\/2026\/03\/Resolucao_UFSM_249-26.pdf\">Resolu\u00e7\u00e3o UFSM n\u00b0 249, de 02 de mar\u00e7o de 2026<\/a>\u00a0&#8211; Aprova o Regimento Interno da Ouvidoria-Geral da UFSM<\/p>\n<h5>Legisla\u00e7\u00e3o<\/h5>\n<p>Lei n\u00ba 13.460, de 26 de junho de 2017\u2013 Disp\u00f5e sobre participa\u00e7\u00e3o, prote\u00e7\u00e3o e defesa dos direitos do usu\u00e1rio dos servi\u00e7os p\u00fablicos da administra\u00e7\u00e3o p\u00fablica.<\/p>\n<p><a href=\"https:\/\/www.planalto.gov.br\/ccivil_03\/_ato2015-2018\/2017\/decreto\/d9094.htm\">Decreto n\u00ba 9.094, de 17 de julho de 2017<\/a> \u2013 Regulamenta os dispositivos da Lei n\u00ba 13.460, de 26 de junho de 2017, e disp\u00f5e sobre a simplifica\u00e7\u00e3o do atendimento prestado aos usu\u00e1rios dos servi\u00e7os p\u00fablicos.<\/p>\n<p><a href=\"https:\/\/www.planalto.gov.br\/ccivil_03\/_ato2015-2018\/2018\/Decreto\/D9492.htm\">Decreto n\u00ba 9.492, de 5 de setembro de 2018<\/a>\u00a0\u2013\u00a0Regulamenta a Lei n\u00ba 13.460, de 26 de junho de 2017 , que disp\u00f5e sobre participa\u00e7\u00e3o, prote\u00e7\u00e3o e defesa dos direitos do usu\u00e1rio dos servi\u00e7os p\u00fablicos da administra\u00e7\u00e3o p\u00fablica federal, institui o Sistema de Ouvidoria do Poder Executivo federal.<\/p>\n<p><a href=\"https:\/\/www.in.gov.br\/en\/web\/dou\/-\/portaria-normativa-cgu-n-116-de-18-de-marco-de-2024-549091878\">Portaria Normativa CGU n\u00ba 116, de 18 de mar\u00e7o de 2024<\/a>\u00a0&#8211; Estabelece orienta\u00e7\u00f5es para o exerc\u00edcio das compet\u00eancias das unidades do Sistema de Ouvidoria do Poder Executivo Federal.<\/p>\n<p><a href=\"http:\/\/www.planalto.gov.br\/ccivil_03\/_ato2019-2022\/2019\/decreto\/D10153.htm\">Decreto n\u00ba 10.153, de 3 de dezembro de 2019<\/a>\u00a0\u2013 Disp\u00f5e sobre as salvaguardas de prote\u00e7\u00e3o \u00e0 identidade dos denunciantes de il\u00edcitos e de irregularidades praticados contra a administra\u00e7\u00e3o p\u00fablica federal direta e indireta e altera o Decreto n\u00ba 9.492, de 5 de setembro de 2018.<\/p>\n<p><a href=\"https:\/\/www.planalto.gov.br\/ccivil_03\/_Ato2015-2018\/2018\/Lei\/L13726.htm\">Lei n\u00ba 13.726, de 8 de outubro de 2018<\/a> \u2013 Racionaliza atos e procedimentos administrativos e institui o Selo de Desburocratiza\u00e7\u00e3o e Simplifica\u00e7\u00e3o.<\/p>\n<p><a href=\"https:\/\/www.in.gov.br\/materia\/-\/asset_publisher\/Kujrw0TZC2Mb\/content\/id\/1823611\/do1-2018-01-15-instrucao-normativa-conjunta-n-1-de-12-de-janeiro-de-2018-1823607\">Instru\u00e7\u00e3o Normativa Conjunta 1, de 12 de janeiro de 2018<\/a> &#8211; Estabelece os procedimentos relativos \u00e0s solicita\u00e7\u00f5es de simplifica\u00e7\u00e3o de servi\u00e7os p\u00fablicos, a serem efetivadas por meio de formul\u00e1rio denominado &#8220;Simplifique!&#8221;, com a finalidade de promover a participa\u00e7\u00e3o do usu\u00e1rio de servi\u00e7os p\u00fablicos nos processos de simplifica\u00e7\u00e3o e desburocratiza\u00e7\u00e3o de servi\u00e7os, nos termos do art. 13 do Decreto n\u00ba 9.094, de 17 de julho de 2017.<\/p>\n<p><a href=\"https:\/\/www.in.gov.br\/en\/web\/dou\/-\/instrucao-normativa-n-55-de-20-de-julho-de-2020-274145189\">Instru\u00e7\u00e3o Normativa ME\/CGU n\u00ba 55, de 20 de julho de 2020<\/a> &#8211; Disp\u00f5e sobre os procedimentos aplic\u00e1veis \u00e0 Solicita\u00e7\u00e3o de Simplifica\u00e7\u00e3o.<\/p>\n<p><a href=\"http:\/\/www.planalto.gov.br\/ccivil_03\/_ato2015-2018\/2018\/lei\/L13608.htm\">Lei n\u00ba 13.608, de 10 de janeiro de 2018<\/a>\u00a0\u2013 Disp\u00f5e sobre o servi\u00e7o telef\u00f4nico de recebimento de den\u00fancias e sobre recompensa por informa\u00e7\u00f5es que auxiliem nas investiga\u00e7\u00f5es policiais; e altera o art. 4\u00ba da Lei n\u00ba 10.201, de 14 de fevereiro de 2001, para prover recursos do Fundo Nacional de Seguran\u00e7a P\u00fablica para esses fins.<\/p>\n<p><a href=\"https:\/\/www.gov.br\/defesa\/pt-br\/acesso-a-informacao\/governanca-e-gestao\/portal-da-integridade-unindo-forcas-em-prol-da-integridade\/legislacao-e-normativo\/04-ouvidoria\/portarias-e-instrucoes\/portaria-cgu-ndeg-1-181-2020-nomeacao-de-cargos-de-unidades-de-ouvidoria.pdf\">Portaria n\u00ba 1.181, de 10 de junho de 2020<\/a>, alterada pela <a href=\"https:\/\/www.in.gov.br\/en\/web\/dou\/-\/portaria-n%C2%BA-3.109-de-31-de-dezembro-de-2020\">Portaria n\u00ba 3.109, de 31 de dezembro de 2020<\/a>, &#8211; Disp\u00f5e sobre crit\u00e9rios e procedimentos para a nomea\u00e7\u00e3o, designa\u00e7\u00e3o, exonera\u00e7\u00e3o, dispensa, perman\u00eancia e recondu\u00e7\u00e3o ao cargo ou fun\u00e7\u00e3o comissionada de titular da unidade setorial de ouvidoria no \u00e2mbito do Sistema de Ouvidoria do Poder Executivo Federal \u2013 SisOuv.<\/p>\n<p><a href=\"https:\/\/www.planalto.gov.br\/ccivil_03\/_ato2015-2018\/2015\/lei\/l13140.htm\">Lei n\u00ba 13.140, de 26 de junho de 2015<\/a>\u00a0&#8211; Disp\u00f5e sobre a media\u00e7\u00e3o e a concilia\u00e7\u00e3o entre particulares como meio de solu\u00e7\u00e3o de controv\u00e9rsias e sobre a autocomposi\u00e7\u00e3o de conflitos no \u00e2mbito da administra\u00e7\u00e3o p\u00fablica.<\/p>\n<p><a href=\"https:\/\/www.ufsm.br\/reitoria\/ouvidoria\/wp-content\/uploads\/sites\/406\/2018\/11\/in-ogu-01-2014.pdf\" target=\"_blank\" rel=\"noopener noreferrer\">Instru\u00e7\u00e3o Normativa n\u00ba 01 &#8211; CGU\/OGU, de 05\/11\/2014<\/a>\u00a0&#8211; Promove a atua\u00e7\u00e3o integrada e sist\u00eamica das Ouvidorias do Poder Executivo federal, com a finalidade de qualificar a presta\u00e7\u00e3o de servi\u00e7os p\u00fablicos e o atendimento aos cidad\u00e3os.<\/p>\n<p><a href=\"https:\/\/www.ufsm.br\/reitoria\/ouvidoria\/wp-content\/uploads\/sites\/406\/2018\/11\/in-crg-ogu-01-20141.pdf\" target=\"_blank\" rel=\"noopener noreferrer\">Instru\u00e7\u00e3o Normativa Conjunta n\u00ba 01- CRG\/OGU, de 24\/06\/2014\u00a0<\/a>&#8211; Estabelece normas de recebimento e tratamento de den\u00fancias an\u00f4nimas e estabelece diretrizes para a reserva de identidade do denunciante.\u00a0<\/p>\n<p><a href=\"https:\/\/www.ufsm.br\/reitoria\/ouvidoria\/wp-content\/uploads\/sites\/406\/2018\/11\/codigo_etica_ouvidor.pdf\" target=\"_blank\" rel=\"noopener noreferrer\">C\u00f3digo de Etica do Ouvidor\/Ombudsman<\/a><\/p>\n<h5>\u00a0<\/h5>\n<h5>Acesso \u00e0 Informa\u00e7\u00e3o &#8211; LAI<\/h5>\n<p><a href=\"https:\/\/www.planalto.gov.br\/ccivil_03\/_ato2011-2014\/2011\/lei\/l12527.htm\">Lei n\u00ba 12.527, de 18 de novembro de 2011 (LAI)<\/a> &#8211; Regulamenta o acesso \u00e0 informa\u00e7\u00f5es previsto no inciso XXXIII do art. 5\u00ba, no inciso II do \u00a7 3\u00ba do art. 37 e no \u00a7 2\u00ba do art. 216 da Constitui\u00e7\u00e3o Federal.<\/p>\n<p><a href=\"https:\/\/www.planalto.gov.br\/ccivil_03\/_ato2011-2014\/2012\/decreto\/d7724.htm\">Decreto n\u00ba 7.724, de 16 de maio de 2012<\/a> &#8211; Regulamenta a Lei n\u00ba 12.527, de 18 de novembro de 2011, que disp\u00f5e sobre o acesso a informa\u00e7\u00f5es.<\/p>\n<h5>Prote\u00e7\u00e3o de Dados Pessoais<\/h5>\n<p><a href=\"https:\/\/www.planalto.gov.br\/ccivil_03\/_ato2015-2018\/2018\/lei\/l13709.htm\">Lei n\u00ba 13.709\/2018, de 14 de agosto de 2018<\/a> &#8211; Lei Geral de Prote\u00e7\u00e3o de Dados Pessoais (LGPD).<\/p>\n\n\n\n\n\n","protected":false},"excerpt":{"rendered":"<p>Regimento Interno da Ouvidoria-Geral da UFSM Regimento Interno da Ouvidoria-Geral da UFSM Resolu\u00e7\u00e3o UFSM n\u00b0 249, de 02 de mar\u00e7o de 2026\u00a0&#8211; Aprova o Regimento Interno da Ouvidoria-Geral da UFSM Legisla\u00e7\u00e3o Lei n\u00ba 13.460, de 26 de junho de 2017\u2013 Disp\u00f5e sobre participa\u00e7\u00e3o, prote\u00e7\u00e3o e defesa dos direitos do usu\u00e1rio dos servi\u00e7os p\u00fablicos da administra\u00e7\u00e3o [&hellip;]<\/p>\n","protected":false},"author":118,"featured_media":0,"parent":0,"menu_order":0,"comment_status":"closed","ping_status":"closed","template":"","meta":{"footnotes":""},"categories":[],"tags":[],"class_list":["post-23","page","type-page","status-publish","hentry"],"acf":[],"_links":{"self":[{"href":"https:\/\/www.ufsm.br\/reitoria\/ouvidoria\/wp-json\/wp\/v2\/pages\/23","targetHints":{"allow":["GET"]}}],"collection":[{"href":"https:\/\/www.ufsm.br\/reitoria\/ouvidoria\/wp-json\/wp\/v2\/pages"}],"about":[{"href":"https:\/\/www.ufsm.br\/reitoria\/ouvidoria\/wp-json\/wp\/v2\/types\/page"}],"author":[{"embeddable":true,"href":"https:\/\/www.ufsm.br\/reitoria\/ouvidoria\/wp-json\/wp\/v2\/users\/118"}],"replies":[{"embeddable":true,"href":"https:\/\/www.ufsm.br\/reitoria\/ouvidoria\/wp-json\/wp\/v2\/comments?post=23"}],"version-history":[{"count":0,"href":"https:\/\/www.ufsm.br\/reitoria\/ouvidoria\/wp-json\/wp\/v2\/pages\/23\/revisions"}],"wp:attachment":[{"href":"https:\/\/www.ufsm.br\/reitoria\/ouvidoria\/wp-json\/wp\/v2\/media?parent=23"}],"wp:term":[{"taxonomy":"category","embeddable":true,"href":"https:\/\/www.ufsm.br\/reitoria\/ouvidoria\/wp-json\/wp\/v2\/categories?post=23"},{"taxonomy":"post_tag","embeddable":true,"href":"https:\/\/www.ufsm.br\/reitoria\/ouvidoria\/wp-json\/wp\/v2\/tags?post=23"}],"curies":[{"name":"wp","href":"https:\/\/api.w.org\/{rel}","templated":true}]}}