{"id":18,"date":"2018-07-10T10:31:58","date_gmt":"2018-07-10T13:31:58","guid":{"rendered":"https:\/\/www.ufsm.br\/unidades-universitarias\/cachoeira-do-sul\/?page_id=18"},"modified":"2025-05-15T10:37:36","modified_gmt":"2025-05-15T13:37:36","slug":"historico","status":"publish","type":"page","link":"https:\/\/www.ufsm.br\/unidades-universitarias\/cachoeira-do-sul\/historico","title":{"rendered":"Hist\u00f3rico"},"content":{"rendered":"\t\t<div data-elementor-type=\"wp-post\" data-elementor-id=\"18\" class=\"elementor elementor-18\">\n\t\t\t\t\t\t<section class=\"elementor-section elementor-top-section elementor-element elementor-element-184386b4 elementor-section-boxed elementor-section-height-default elementor-section-height-default\" data-id=\"184386b4\" data-element_type=\"section\">\n\t\t\t\t\t\t<div class=\"elementor-container elementor-column-gap-default\">\n\t\t\t\t\t<div class=\"elementor-column elementor-col-100 elementor-top-column elementor-element elementor-element-7d55b7fd\" data-id=\"7d55b7fd\" data-element_type=\"column\">\n\t\t\t<div class=\"elementor-widget-wrap elementor-element-populated\">\n\t\t\t\t\t\t<div class=\"elementor-element elementor-element-1fddc2d1 elementor-widget elementor-widget-text-editor\" data-id=\"1fddc2d1\" data-element_type=\"widget\" data-widget_type=\"text-editor.default\">\n\t\t\t\t<div class=\"elementor-widget-container\">\n\t\t\t\t\t\t\t<p class=\"\" data-start=\"265\" data-end=\"759\">A Universidade Federal de Santa Maria (UFSM), idealizada e fundada pelo professor Jos\u00e9 Mariano da Rocha Filho, foi a primeira institui\u00e7\u00e3o de ensino superior criada no interior do Brasil. Oficializada em 14 de dezembro de 1960, pela Lei n\u00ba 3.834-C, e instalada solenemente em 18 de mar\u00e7o de 1961, a UFSM construiu, ao longo de mais de seis d\u00e9cadas, uma trajet\u00f3ria de credibilidade e tradi\u00e7\u00e3o. Atualmente, figura entre as melhores universidades do pa\u00eds, ocupando a 18\u00aa posi\u00e7\u00e3o no QS Ranking 2025.<\/p><p class=\"\" data-start=\"761\" data-end=\"1041\">Desde sua origem, a UFSM tem como um de seus pilares a interioriza\u00e7\u00e3o do ensino superior p\u00fablico e de qualidade. Com esse prop\u00f3sito, ao longo dos anos, a universidade implantou diversos polos e cursos fora de sua sede, ampliando o acesso \u00e0 educa\u00e7\u00e3o superior em diferentes regi\u00f5es.<\/p><p class=\"\" data-start=\"1043\" data-end=\"1659\">Em Cachoeira do Sul, o sonho de contar com uma universidade p\u00fablica ganhou for\u00e7a em 2011, com a cria\u00e7\u00e3o da Comiss\u00e3o Comunit\u00e1ria Pr\u00f3-Implanta\u00e7\u00e3o do Campus da UFSM na cidade, institu\u00edda pelo Decreto n\u00ba 057\/2011. A mobiliza\u00e7\u00e3o popular ficou conhecida como o movimento &#8220;Vem, UFSM&#8221;, e culminou em uma grande manifesta\u00e7\u00e3o no dia 13 de julho daquele ano, quando cerca de 3 mil pessoas foram \u00e0s ruas demonstrar apoio \u00e0 causa. Em 16 de agosto de 2011, a presidenta Dilma Rousseff anunciou oficialmente a cria\u00e7\u00e3o do campus de Cachoeira do Sul, por meio do programa Reuni (Reestrutura\u00e7\u00e3o e Expans\u00e3o das Universidades Federais).<\/p><p class=\"\" data-start=\"1661\" data-end=\"2007\">Ap\u00f3s um per\u00edodo de debates e defini\u00e7\u00f5es, o campus foi oficialmente institu\u00eddo em 19 de dezembro de 2013, pela Resolu\u00e7\u00e3o n\u00ba 038\/2013 do Conselho Universit\u00e1rio (Consu). Para liderar o processo de implanta\u00e7\u00e3o, foram nomeados como diretor e vice-diretor pro tempore os professores Jos\u00e9 Mario Doleys Soares e Hilton Abilio Gr\u00fcndiling, respectivamente.<\/p><p class=\"\" data-start=\"2009\" data-end=\"2621\">As atividades acad\u00eamicas iniciaram-se em 11 de agosto de 2014, com cinco cursos de gradua\u00e7\u00e3o: Arquitetura e Urbanismo, Engenharia Agr\u00edcola, Engenharia El\u00e9trica, Engenharia Mec\u00e2nica e Engenharia de Transportes e Log\u00edstica, totalizando 190 vagas semestrais. A cerim\u00f4nia oficial de inaugura\u00e7\u00e3o ocorreu em 20 de agosto de 2014, com a presen\u00e7a de autoridades locais, representantes da UFSM, do Minist\u00e9rio da Educa\u00e7\u00e3o, do Governo do Estado, al\u00e9m de docentes, servidores, estudantes e comunidade. Ap\u00f3s a solenidade, foi realizada uma carreata at\u00e9 as instala\u00e7\u00f5es do campus, onde houve o descerramento da placa inaugural.<\/p><p class=\"\" data-start=\"2623\" data-end=\"2836\">Em 2017, foi realizada a primeira consulta \u00e0 comunidade acad\u00eamica para escolha da Dire\u00e7\u00e3o do campus. Em 2018, assumiram os cargos de diretor e vice-diretor os professores Rog\u00e9rio Brittes da Silva e Lucas Delongui.<\/p><p class=\"\" data-start=\"2838\" data-end=\"3149\">A estrutura f\u00edsica do campus come\u00e7ou a ganhar forma em 2019, com a conclus\u00e3o e ocupa\u00e7\u00e3o dos primeiros pr\u00e9dios pr\u00f3prios. Neste mesmo ano, foi realizada a primeira cerim\u00f4nia de formatura. Em 2020, mais dois blocos de salas de aula, quatro pr\u00e9dios de laborat\u00f3rios e a Casa Administrativa passaram a ser utilizados.<\/p><p class=\"\" data-start=\"3151\" data-end=\"3294\">No dia 3 de janeiro de 2022, teve in\u00edcio uma nova gest\u00e3o, com os professores Anderson Dal Molin (diretor) e Giovani Leone Zabot (vice-diretor).<\/p><p class=\"\" data-start=\"3296\" data-end=\"3988\">Em 7 de abril de 2025, a UFSM-CS deu in\u00edcio \u00e0s aulas do curso de Bacharelado em Ci\u00eancia de Dados e Intelig\u00eancia Artificial, ampliando sua oferta acad\u00eamica na \u00e1rea da computa\u00e7\u00e3o. A cria\u00e7\u00e3o da gradua\u00e7\u00e3o responde \u00e0 crescente demanda do mercado por profissionais especializados em an\u00e1lise de dados, aprendizado de m\u00e1quina e intelig\u00eancia artificial.\u00a0<\/p><p class=\"\" data-start=\"3990\" data-end=\"4421\">O projeto acad\u00eamico-pedag\u00f3gico do campus da UFSM em Cachoeira do Sul \u00e9 voltado ao fortalecimento das \u00e1reas de Engenharia, Arquitetura e Tecnologias da Informa\u00e7\u00e3o, buscando atender \u00e0s demandas cient\u00edficas e tecnol\u00f3gicas do Rio Grande do Sul e do Brasil. A proposta visa contribuir para o desenvolvimento da mesorregi\u00e3o Centro-Sul do estado, consolidando o campus como um centro de refer\u00eancia nacional em ensino, pesquisa e extens\u00e3o.<\/p>\t\t\t\t\t\t<\/div>\n\t\t\t\t<\/div>\n\t\t\t\t\t<\/div>\n\t\t<\/div>\n\t\t\t\t\t<\/div>\n\t\t<\/section>\n\t\t\t\t<section class=\"elementor-section elementor-top-section elementor-element elementor-element-0a5796c elementor-section-boxed elementor-section-height-default elementor-section-height-default\" data-id=\"0a5796c\" data-element_type=\"section\">\n\t\t\t\t\t\t<div class=\"elementor-container elementor-column-gap-default\">\n\t\t\t\t\t<div class=\"elementor-column elementor-col-100 elementor-top-column elementor-element elementor-element-2ad8ff0\" data-id=\"2ad8ff0\" data-element_type=\"column\">\n\t\t\t<div class=\"elementor-widget-wrap elementor-element-populated\">\n\t\t\t\t\t\t<div class=\"elementor-element elementor-element-a822097 elementor-arrows-position-inside elementor-pagination-position-outside elementor-widget elementor-widget-image-carousel\" data-id=\"a822097\" data-element_type=\"widget\" data-settings=\"{&quot;slides_to_show&quot;:&quot;1&quot;,&quot;navigation&quot;:&quot;both&quot;,&quot;autoplay&quot;:&quot;yes&quot;,&quot;pause_on_hover&quot;:&quot;yes&quot;,&quot;pause_on_interaction&quot;:&quot;yes&quot;,&quot;autoplay_speed&quot;:5000,&quot;infinite&quot;:&quot;yes&quot;,&quot;effect&quot;:&quot;slide&quot;,&quot;speed&quot;:500}\" data-widget_type=\"image-carousel.default\">\n\t\t\t\t<div class=\"elementor-widget-container\">\n\t\t\t\t\t<div class=\"elementor-image-carousel-wrapper swiper\" dir=\"ltr\">\n\t\t\t<div class=\"elementor-image-carousel swiper-wrapper\" aria-live=\"off\">\n\t\t\t\t\t\t\t\t<div class=\"swiper-slide\" role=\"group\" aria-roledescription=\"slide\" aria-label=\"1 of 9\"><a data-elementor-open-lightbox=\"yes\" data-elementor-lightbox-slideshow=\"a822097\" data-elementor-lightbox-title=\"Fala do Reitor da UFSM, Prof. Paulo Afonso Burmann, durante a solenidade de inaugura\u00e7\u00e3o do Campus Cachoeira do Sul, em 20 de agosto de 2014.\" data-e-action-hash=\"#elementor-action%3Aaction%3Dlightbox%26settings%3DeyJpZCI6IjIyIiwidXJsIjoiaHR0cHM6XC9cL3d3dy51ZnNtLmJyXC9hcHBcL3VwbG9hZHNcL3NpdGVzXC8zNzZcLzIwMThcLzA3XC9jNDBlMGJkOC00MmI3LTQ0NWItYTg4NS1hMWI2ZmVjY2FiMDkuanBnIiwic2xpZGVzaG93IjoiYTgyMjA5NyJ9\" href=\"https:\/\/www.ufsm.br\/app\/uploads\/sites\/376\/2018\/07\/c40e0bd8-42b7-445b-a885-a1b6feccab09.jpg\"><figure class=\"swiper-slide-inner\"><img decoding=\"async\" class=\"swiper-slide-image\" src=\"https:\/\/www.ufsm.br\/app\/uploads\/sites\/376\/2018\/07\/c40e0bd8-42b7-445b-a885-a1b6feccab09-1024x646.jpg\" alt=\"Uma mesa com sete homens. Ao fundo, uma banner com a logo da UFSM. O homem no centro da mesa est\u00e1 em p\u00e9, falando com um microfone em sua m\u00e3o direita.\" \/><figcaption class=\"elementor-image-carousel-caption\">Fala do Reitor da UFSM, Prof. Paulo Afonso Burmann, durante a solenidade de inaugura\u00e7\u00e3o do Campus Cachoeira do Sul, em 20 de agosto de 2014.<\/figcaption><\/figure><\/a><\/div><div class=\"swiper-slide\" role=\"group\" aria-roledescription=\"slide\" aria-label=\"2 of 9\"><a data-elementor-open-lightbox=\"yes\" data-elementor-lightbox-slideshow=\"a822097\" data-elementor-lightbox-title=\"Fita de abertura na solenidade de Inaugura\u00e7\u00e3o da UFSM-CS, em 20 de agosto de 2014.Cachoeira do Sul - Fita\" data-e-action-hash=\"#elementor-action%3Aaction%3Dlightbox%26settings%3DeyJpZCI6IjIzIiwidXJsIjoiaHR0cHM6XC9cL3d3dy51ZnNtLmJyXC9hcHBcL3VwbG9hZHNcL3NpdGVzXC8zNzZcLzIwMThcLzA3XC9lZTFhZmYyOC04YjU4LTQ4MDYtYjRkYS1mMjhkM2VjMTFmNDguanBnIiwic2xpZGVzaG93IjoiYTgyMjA5NyJ9\" href=\"https:\/\/www.ufsm.br\/app\/uploads\/sites\/376\/2018\/07\/ee1aff28-8b58-4806-b4da-f28d3ec11f48.jpg\"><figure class=\"swiper-slide-inner\"><img decoding=\"async\" class=\"swiper-slide-image\" src=\"https:\/\/www.ufsm.br\/app\/uploads\/sites\/376\/2018\/07\/ee1aff28-8b58-4806-b4da-f28d3ec11f48-1024x692.jpg\" alt=\"Seis pessoas, em frente ao pr\u00e9dio do Campus Cachoeira do Sul. Cinco delas est\u00e3o desatando uma fita azul, presa em um la\u00e7o, e cujas extremidades encontram-se presas nos dois lado do port\u00e3o. Do lado esquerdo, encontram-se dois homem, um rapaz sorridente e um senhor de terno. No lado direito, tr\u00eas mulheres. Ao lado direto das mulheres encontra-se um homem sorridente observando o desatar da fita.\" \/><figcaption class=\"elementor-image-carousel-caption\">Fita de abertura na solenidade de Inaugura\u00e7\u00e3o da UFSM-CS, em 20 de agosto de 2014.<\/figcaption><\/figure><\/a><\/div><div class=\"swiper-slide\" role=\"group\" aria-roledescription=\"slide\" aria-label=\"3 of 9\"><a data-elementor-open-lightbox=\"yes\" data-elementor-lightbox-slideshow=\"a822097\" data-elementor-lightbox-title=\"Prof. Jos\u00e9 Mario Doleys Soares e Hilton Gr\u00fcdling, Diretor e Vice-Diretor da UFSM-CS, entre 2014 e 2017.\" data-e-action-hash=\"#elementor-action%3Aaction%3Dlightbox%26settings%3DeyJpZCI6IjEzNTYiLCJ1cmwiOiJodHRwczpcL1wvd3d3LnVmc20uYnJcL2FwcFwvdXBsb2Fkc1wvc2l0ZXNcLzM3NlwvMjAxOFwvMTBcL2pvc1x1MDBlOS1tYXJpby1lLWhpbHRvbi1lMTUzOTg4NTUzMTEzOS5qcGciLCJzbGlkZXNob3ciOiJhODIyMDk3In0%3D\" href=\"https:\/\/www.ufsm.br\/app\/uploads\/sites\/376\/2018\/10\/jos\u00e9-mario-e-hilton-e1539885531139.jpg\"><figure class=\"swiper-slide-inner\"><img decoding=\"async\" class=\"swiper-slide-image\" src=\"https:\/\/www.ufsm.br\/app\/uploads\/sites\/376\/2018\/10\/jos\u00e9-mario-e-hilton-528x1024.jpg\" alt=\"Dois senhores, lado a lado, vestidos de terno preto. \u00c0 esquerda est\u00e1 o professor Jos\u00e9 Mario. \u00c0 direita est\u00e1 o professor Hilton Gr\u00fcdling.\" \/><figcaption class=\"elementor-image-carousel-caption\">Prof. Jos\u00e9 Mario Doleys Soares e Hilton Gr\u00fcdling, Diretor e Vice-Diretor da UFSM-CS, entre 2014 e 2017.<\/figcaption><\/figure><\/a><\/div><div class=\"swiper-slide\" role=\"group\" aria-roledescription=\"slide\" aria-label=\"4 of 9\"><a data-elementor-open-lightbox=\"yes\" data-elementor-lightbox-slideshow=\"a822097\" data-elementor-lightbox-title=\"Solenidade de Posse dos professores Rog\u00e9rio Brittes e Lucas Delongui, Diretor e Vice-Diretor da UFSM-CS. (Gest\u00e3o 2018-2022).\" data-e-action-hash=\"#elementor-action%3Aaction%3Dlightbox%26settings%3DeyJpZCI6IjEzNTQiLCJ1cmwiOiJodHRwczpcL1wvd3d3LnVmc20uYnJcL2FwcFwvdXBsb2Fkc1wvc2l0ZXNcLzM3NlwvMjAxOFwvMTBcL2U3OWE2NjAzLTQ4ODQtNDI1Mi1iYjZmLTZiNjVmY2NiNjhkZS5qcGciLCJzbGlkZXNob3ciOiJhODIyMDk3In0%3D\" href=\"https:\/\/www.ufsm.br\/app\/uploads\/sites\/376\/2018\/10\/e79a6603-4884-4252-bb6f-6b65fccb68de.jpg\"><figure class=\"swiper-slide-inner\"><img decoding=\"async\" class=\"swiper-slide-image\" src=\"https:\/\/www.ufsm.br\/app\/uploads\/sites\/376\/2018\/10\/e79a6603-4884-4252-bb6f-6b65fccb68de-1024x768.jpg\" alt=\"Uma mesa de solenidade composta por seis pessoas, cinco homens e uma mulher sentada na \u00faltima cadeira, \u00e0 direita. Ao fundo, do lado esquerda, um tel\u00e3o projetando a imagem da logo da UFSM. O homem, ao lado da mulher, na direita da imagem, encontra-se de p\u00e9, falando, com um microfone na m\u00e3o esquerda.\" \/><figcaption class=\"elementor-image-carousel-caption\">Solenidade de Posse dos professores Rog\u00e9rio Brittes e Lucas Delongui, Diretor e Vice-Diretor da UFSM-CS. (Gest\u00e3o 2018-2022).<\/figcaption><\/figure><\/a><\/div><div class=\"swiper-slide\" role=\"group\" aria-roledescription=\"slide\" aria-label=\"5 of 9\"><a data-elementor-open-lightbox=\"yes\" data-elementor-lightbox-slideshow=\"a822097\" data-elementor-lightbox-title=\"Primeira formatura no campus da UFSM-CS, em 2019.\" data-e-action-hash=\"#elementor-action%3Aaction%3Dlightbox%26settings%3DeyJpZCI6IjIyMDkiLCJ1cmwiOiJodHRwczpcL1wvd3d3LnVmc20uYnJcL2FwcFwvdXBsb2Fkc1wvc2l0ZXNcLzM3NlwvMjAxOVwvMDhcL0lNR180MjUzLWNvcnRhZGEtMi5qcGciLCJzbGlkZXNob3ciOiJhODIyMDk3In0%3D\" href=\"https:\/\/www.ufsm.br\/app\/uploads\/sites\/376\/2019\/08\/IMG_4253-cortada-2.jpg\"><figure class=\"swiper-slide-inner\"><img decoding=\"async\" class=\"swiper-slide-image\" src=\"https:\/\/www.ufsm.br\/app\/uploads\/sites\/376\/2019\/08\/IMG_4253-cortada-2-1024x683.jpg\" alt=\"Primeira formatura\" \/><figcaption class=\"elementor-image-carousel-caption\">Primeira formatura no campus da UFSM-CS, em 2019.<\/figcaption><\/figure><\/a><\/div><div class=\"swiper-slide\" role=\"group\" aria-roledescription=\"slide\" aria-label=\"6 of 9\"><a data-elementor-open-lightbox=\"yes\" data-elementor-lightbox-slideshow=\"a822097\" data-elementor-lightbox-title=\"Campus pr\u00f3prio da UFSM em Cachoeira do Sul.\" data-e-action-hash=\"#elementor-action%3Aaction%3Dlightbox%26settings%3DeyJpZCI6IjM0NDUiLCJ1cmwiOiJodHRwczpcL1wvd3d3LnVmc20uYnJcL2FwcFwvdXBsb2Fkc1wvc2l0ZXNcLzM3NlwvMjAyMlwvMDFcL1ByZWRpb3MtVUZTTS1DUy0yLTA3LjA1LjIwMjEtRk9UTy1BbWFuZGEtQ29zdGEuanBnIiwic2xpZGVzaG93IjoiYTgyMjA5NyJ9\" href=\"https:\/\/www.ufsm.br\/app\/uploads\/sites\/376\/2022\/01\/Predios-UFSM-CS-2-07.05.2021-FOTO-Amanda-Costa.jpg\"><figure class=\"swiper-slide-inner\"><img decoding=\"async\" class=\"swiper-slide-image\" src=\"https:\/\/www.ufsm.br\/app\/uploads\/sites\/376\/2022\/01\/Predios-UFSM-CS-2-07.05.2021-FOTO-Amanda-Costa-1024x575.jpg\" alt=\"Campus pr\u00f3prio da UFSM em Cachoeira do Sul.\" \/><figcaption class=\"elementor-image-carousel-caption\">Campus pr\u00f3prio da UFSM em Cachoeira do Sul.<\/figcaption><\/figure><\/a><\/div><div class=\"swiper-slide\" role=\"group\" aria-roledescription=\"slide\" aria-label=\"7 of 9\"><a data-elementor-open-lightbox=\"yes\" data-elementor-lightbox-slideshow=\"a822097\" data-elementor-lightbox-title=\"Solenidade de Posse dos professores Anderson Dal Molin e Giovani Zabot, Diretor e Vice-Diretor da UFSM-CS. (Gest\u00e3o 2022-2025).\" data-e-action-hash=\"#elementor-action%3Aaction%3Dlightbox%26settings%3DeyJpZCI6IjM0MzciLCJ1cmwiOiJodHRwczpcL1wvd3d3LnVmc20uYnJcL2FwcFwvdXBsb2Fkc1wvc2l0ZXNcLzM3NlwvMjAyMlwvMDFcL0lNRy0yMDIyMDEwMy1XQTAwMDMuanBnIiwic2xpZGVzaG93IjoiYTgyMjA5NyJ9\" href=\"https:\/\/www.ufsm.br\/app\/uploads\/sites\/376\/2022\/01\/IMG-20220103-WA0003.jpg\"><figure class=\"swiper-slide-inner\"><img decoding=\"async\" class=\"swiper-slide-image\" src=\"https:\/\/www.ufsm.br\/app\/uploads\/sites\/376\/2022\/01\/IMG-20220103-WA0003-1024x768.jpg\" alt=\"Posse da gest\u00e3o 2022-2025\" \/><figcaption class=\"elementor-image-carousel-caption\">Solenidade de Posse dos professores Anderson Dal Molin e Giovani Zabot, Diretor e Vice-Diretor da UFSM-CS. (Gest\u00e3o 2022-2025).<\/figcaption><\/figure><\/a><\/div><div class=\"swiper-slide\" role=\"group\" aria-roledescription=\"slide\" aria-label=\"8 of 9\"><a data-elementor-open-lightbox=\"yes\" data-elementor-lightbox-slideshow=\"a822097\" data-elementor-lightbox-title=\"Professores Anderson Dal Molin e Giovani Zabot, Diretor e Vice-Diretor da UFSM-CS. (Gest\u00e3o 2022-2025).\" data-e-action-hash=\"#elementor-action%3Aaction%3Dlightbox%26settings%3DeyJpZCI6IjM0MzYiLCJ1cmwiOiJodHRwczpcL1wvd3d3LnVmc20uYnJcL2FwcFwvdXBsb2Fkc1wvc2l0ZXNcLzM3NlwvMjAyMlwvMDFcLzIwMjIwMTAzXzE2NTkyNy5qcGciLCJzbGlkZXNob3ciOiJhODIyMDk3In0%3D\" href=\"https:\/\/www.ufsm.br\/app\/uploads\/sites\/376\/2022\/01\/20220103_165927.jpg\"><figure class=\"swiper-slide-inner\"><img decoding=\"async\" class=\"swiper-slide-image\" src=\"https:\/\/www.ufsm.br\/app\/uploads\/sites\/376\/2022\/01\/20220103_165927-1024x768.jpg\" alt=\"Professores Anderson Dal Molin e Giovani Zabot, Diretor e Vice-Diretor da UFSM-CS. (Gest\u00e3o 2022-2025).\" \/><figcaption class=\"elementor-image-carousel-caption\">Professores Anderson Dal Molin e Giovani Zabot, Diretor e Vice-Diretor da UFSM-CS. (Gest\u00e3o 2022-2025).<\/figcaption><\/figure><\/a><\/div><div class=\"swiper-slide\" role=\"group\" aria-roledescription=\"slide\" aria-label=\"9 of 9\"><a data-elementor-open-lightbox=\"yes\" data-elementor-lightbox-slideshow=\"a822097\" data-elementor-lightbox-title=\"Primeiro dia de aula do curso de Ci\u00eancia de Dados e IA\" data-e-action-hash=\"#elementor-action%3Aaction%3Dlightbox%26settings%3DeyJpZCI6IjY2MTkiLCJ1cmwiOiJodHRwczpcL1wvd3d3LnVmc20uYnJcL2FwcFwvdXBsb2Fkc1wvc2l0ZXNcLzM3NlwvMjAyNVwvMDRcLzIwMjUwNDA3XzE4MzQyMC5qcGciLCJzbGlkZXNob3ciOiJhODIyMDk3In0%3D\" href=\"https:\/\/www.ufsm.br\/app\/uploads\/sites\/376\/2025\/04\/20250407_183420.jpg\"><figure class=\"swiper-slide-inner\"><img decoding=\"async\" class=\"swiper-slide-image\" src=\"https:\/\/www.ufsm.br\/app\/uploads\/sites\/376\/2025\/04\/20250407_183420-1024x577.jpg\" alt=\"Primeiro dia de aula do curso de Ci\u00eancia de Dados e IA\" \/><figcaption class=\"elementor-image-carousel-caption\">Primeiro dia de aula do curso de Ci\u00eancia de Dados e IA<\/figcaption><\/figure><\/a><\/div>\t\t\t<\/div>\n\t\t\t\t\t\t\t\t\t\t\t\t<div class=\"elementor-swiper-button elementor-swiper-button-prev\" role=\"button\" tabindex=\"0\">\n\t\t\t\t\t\t<i aria-hidden=\"true\" class=\"eicon-chevron-left\"><\/i>\t\t\t\t\t<\/div>\n\t\t\t\t\t<div class=\"elementor-swiper-button elementor-swiper-button-next\" role=\"button\" tabindex=\"0\">\n\t\t\t\t\t\t<i aria-hidden=\"true\" class=\"eicon-chevron-right\"><\/i>\t\t\t\t\t<\/div>\n\t\t\t\t\n\t\t\t\t\t\t\t\t\t<div class=\"swiper-pagination\"><\/div>\n\t\t\t\t\t\t\t\t\t<\/div>\n\t\t\t\t<\/div>\n\t\t\t\t<\/div>\n\t\t\t\t\t<\/div>\n\t\t<\/div>\n\t\t\t\t\t<\/div>\n\t\t<\/section>\n\t\t\t\t<\/div>\n\t\t","protected":false},"excerpt":{"rendered":"<p>A Universidade Federal de Santa Maria (UFSM), idealizada e fundada pelo professor Jos\u00e9 Mariano da Rocha Filho, foi a primeira institui\u00e7\u00e3o de ensino superior criada no interior do Brasil. Oficializada em 14 de dezembro de 1960, pela Lei n\u00ba 3.834-C, e instalada solenemente em 18 de mar\u00e7o de 1961, a UFSM construiu, ao longo de [&hellip;]<\/p>\n","protected":false},"author":74,"featured_media":0,"parent":0,"menu_order":0,"comment_status":"closed","ping_status":"closed","template":"","meta":{"footnotes":""},"categories":[],"tags":[],"class_list":["post-18","page","type-page","status-publish","hentry"],"acf":[],"_links":{"self":[{"href":"https:\/\/www.ufsm.br\/unidades-universitarias\/cachoeira-do-sul\/wp-json\/wp\/v2\/pages\/18","targetHints":{"allow":["GET"]}}],"collection":[{"href":"https:\/\/www.ufsm.br\/unidades-universitarias\/cachoeira-do-sul\/wp-json\/wp\/v2\/pages"}],"about":[{"href":"https:\/\/www.ufsm.br\/unidades-universitarias\/cachoeira-do-sul\/wp-json\/wp\/v2\/types\/page"}],"author":[{"embeddable":true,"href":"https:\/\/www.ufsm.br\/unidades-universitarias\/cachoeira-do-sul\/wp-json\/wp\/v2\/users\/74"}],"replies":[{"embeddable":true,"href":"https:\/\/www.ufsm.br\/unidades-universitarias\/cachoeira-do-sul\/wp-json\/wp\/v2\/comments?post=18"}],"version-history":[{"count":0,"href":"https:\/\/www.ufsm.br\/unidades-universitarias\/cachoeira-do-sul\/wp-json\/wp\/v2\/pages\/18\/revisions"}],"wp:attachment":[{"href":"https:\/\/www.ufsm.br\/unidades-universitarias\/cachoeira-do-sul\/wp-json\/wp\/v2\/media?parent=18"}],"wp:term":[{"taxonomy":"category","embeddable":true,"href":"https:\/\/www.ufsm.br\/unidades-universitarias\/cachoeira-do-sul\/wp-json\/wp\/v2\/categories?post=18"},{"taxonomy":"post_tag","embeddable":true,"href":"https:\/\/www.ufsm.br\/unidades-universitarias\/cachoeira-do-sul\/wp-json\/wp\/v2\/tags?post=18"}],"curies":[{"name":"wp","href":"https:\/\/api.w.org\/{rel}","templated":true}]}}