{"id":7129,"date":"2025-09-11T10:34:29","date_gmt":"2025-09-11T13:34:29","guid":{"rendered":"https:\/\/www.ufsm.br\/unidades-universitarias\/cachoeira-do-sul\/?page_id=7129"},"modified":"2025-09-11T12:16:57","modified_gmt":"2025-09-11T15:16:57","slug":"nucleo-de-inovacao-e-empreendedorismo-nie","status":"publish","type":"page","link":"https:\/\/www.ufsm.br\/unidades-universitarias\/cachoeira-do-sul\/nucleo-de-inovacao-e-empreendedorismo-nie","title":{"rendered":"N\u00facleo de Inova\u00e7\u00e3o e Empreendedorismo (NIE)"},"content":{"rendered":"\n<p><em>P\u00e1gina em constru\u00e7\u00e3o<\/em><\/p>\n<p><strong>Chefe do N\u00facleo:<\/strong><br \/><span style=\"font-weight: 400\">Prof. Dr. Nelson Knak Neto<\/span><\/p>\n<p><span style=\"font-weight: 400\"><strong>Chefe substituta:<\/strong><br \/><\/span><span style=\"font-weight: 400\">Profa. Dra. Laura Lisiane Callai dos Santos<\/span><\/p>\n<p><strong>E-mail:\u00a0<\/strong><br \/><a href=\"mailto:nie.cs@ufsm.br\">nie.cs@ufsm.br<\/a><\/p>\n","protected":false},"excerpt":{"rendered":"<p>P\u00e1gina em constru\u00e7\u00e3o Chefe do N\u00facleo:Prof. Dr. Nelson Knak Neto Chefe substituta:Profa. Dra. Laura Lisiane Callai dos Santos E-mail:\u00a0nie.cs@ufsm.br<\/p>\n","protected":false},"author":293,"featured_media":0,"parent":0,"menu_order":0,"comment_status":"closed","ping_status":"closed","template":"","meta":{"footnotes":""},"categories":[],"tags":[],"class_list":["post-7129","page","type-page","status-publish","hentry"],"acf":[],"_links":{"self":[{"href":"https:\/\/www.ufsm.br\/unidades-universitarias\/cachoeira-do-sul\/wp-json\/wp\/v2\/pages\/7129","targetHints":{"allow":["GET"]}}],"collection":[{"href":"https:\/\/www.ufsm.br\/unidades-universitarias\/cachoeira-do-sul\/wp-json\/wp\/v2\/pages"}],"about":[{"href":"https:\/\/www.ufsm.br\/unidades-universitarias\/cachoeira-do-sul\/wp-json\/wp\/v2\/types\/page"}],"author":[{"embeddable":true,"href":"https:\/\/www.ufsm.br\/unidades-universitarias\/cachoeira-do-sul\/wp-json\/wp\/v2\/users\/293"}],"replies":[{"embeddable":true,"href":"https:\/\/www.ufsm.br\/unidades-universitarias\/cachoeira-do-sul\/wp-json\/wp\/v2\/comments?post=7129"}],"version-history":[{"count":0,"href":"https:\/\/www.ufsm.br\/unidades-universitarias\/cachoeira-do-sul\/wp-json\/wp\/v2\/pages\/7129\/revisions"}],"wp:attachment":[{"href":"https:\/\/www.ufsm.br\/unidades-universitarias\/cachoeira-do-sul\/wp-json\/wp\/v2\/media?parent=7129"}],"wp:term":[{"taxonomy":"category","embeddable":true,"href":"https:\/\/www.ufsm.br\/unidades-universitarias\/cachoeira-do-sul\/wp-json\/wp\/v2\/categories?post=7129"},{"taxonomy":"post_tag","embeddable":true,"href":"https:\/\/www.ufsm.br\/unidades-universitarias\/cachoeira-do-sul\/wp-json\/wp\/v2\/tags?post=7129"}],"curies":[{"name":"wp","href":"https:\/\/api.w.org\/{rel}","templated":true}]}}