{"id":1104,"date":"2018-07-04T08:29:03","date_gmt":"2018-07-04T11:29:03","guid":{"rendered":"https:\/\/www.ufsm.br\/unidades-universitarias\/cal\/?page_id=1104"},"modified":"2022-10-27T11:05:31","modified_gmt":"2022-10-27T14:05:31","slug":"graduacao","status":"publish","type":"page","link":"https:\/\/www.ufsm.br\/unidades-universitarias\/cal\/graduacao","title":{"rendered":"Gradua\u00e7\u00e3o"},"content":{"rendered":"\t\t<div data-elementor-type=\"wp-post\" data-elementor-id=\"1104\" class=\"elementor elementor-1104\">\n\t\t\t\t\t\t<section class=\"elementor-section elementor-top-section elementor-element elementor-element-4a185e5 elementor-section-boxed elementor-section-height-default elementor-section-height-default\" data-id=\"4a185e5\" data-element_type=\"section\">\n\t\t\t\t\t\t<div class=\"elementor-container elementor-column-gap-default\">\n\t\t\t\t\t<div class=\"elementor-column elementor-col-100 elementor-top-column elementor-element elementor-element-6494cff\" data-id=\"6494cff\" data-element_type=\"column\">\n\t\t\t<div class=\"elementor-widget-wrap elementor-element-populated\">\n\t\t\t\t\t\t<div class=\"elementor-element elementor-element-33a4e9e elementor-widget elementor-widget-heading\" data-id=\"33a4e9e\" data-element_type=\"widget\" data-widget_type=\"heading.default\">\n\t\t\t\t<div class=\"elementor-widget-container\">\n\t\t\t<h4 class=\"elementor-heading-title elementor-size-default\">Presencial<\/h4>\t\t<\/div>\n\t\t\t\t<\/div>\n\t\t\t\t\t<\/div>\n\t\t<\/div>\n\t\t\t\t\t<\/div>\n\t\t<\/section>\n\t\t\t\t<section class=\"elementor-section elementor-top-section elementor-element elementor-element-b5dda34 elementor-section-boxed elementor-section-height-default elementor-section-height-default\" data-id=\"b5dda34\" data-element_type=\"section\">\n\t\t\t\t\t\t<div class=\"elementor-container elementor-column-gap-default\">\n\t\t\t\t\t<div class=\"elementor-column elementor-col-100 elementor-top-column elementor-element elementor-element-f8103bd\" data-id=\"f8103bd\" data-element_type=\"column\">\n\t\t\t<div class=\"elementor-widget-wrap elementor-element-populated\">\n\t\t\t\t\t\t<div class=\"elementor-element elementor-element-8accab5 elementor-widget elementor-widget-wp-widget-ufsm_cursos_widget\" data-id=\"8accab5\" data-element_type=\"widget\" data-widget_type=\"wp-widget-ufsm_cursos_widget.default\">\n\t\t\t\t<div class=\"elementor-widget-container\">\n\t\t\t\t\t<!-- Areas de Conhecimento -->\n\t\t<div class=\"areas_de_conhecimento\">\n\t\t\t\t\t\t<!-- Listagem de Cursos -->\n\t\t\t<ul class=\"row\" id=\"lista_cursos\">\n\t\t\t\t\t\t\t\t\t<li class=\"col-lg-6 area_400\">\n\t\t\t\t\t\t<a class='d-block text-wrap' href=\/cursos\/graduacao\/santa-maria\/artes-cenicas\/informacoes-do-curriculo?language= title='ABI - Artes C\u00eanicas'>ABI - Artes C\u00eanicas<\/a>\t\t\t\t\t<\/li>\n\t\t\t\t\t\t\t\t\t<li class=\"col-lg-6 area_400\">\n\t\t\t\t\t\t<a class='d-block text-wrap' href=\/cursos\/graduacao\/santa-maria\/artes-cenicas\/informacoes-do-curriculo?language= title='Artes C\u00eanicas - Dire\u00e7\u00e3o Teatral'>Artes C\u00eanicas - Dire\u00e7\u00e3o Teatral<\/a>\t\t\t\t\t<\/li>\n\t\t\t\t\t\t\t\t\t<li class=\"col-lg-6 area_400\">\n\t\t\t\t\t\t<a class='d-block text-wrap' href=\/cursos\/graduacao\/santa-maria\/artes-cenicas\/informacoes-do-curriculo?language= title='Artes C\u00eanicas - Interpreta\u00e7\u00e3o Teatral'>Artes C\u00eanicas - Interpreta\u00e7\u00e3o Teatral<\/a>\t\t\t\t\t<\/li>\n\t\t\t\t\t\t\t\t\t<li class=\"col-lg-6 area_400\">\n\t\t\t\t\t\t<a class='d-block text-wrap' href=\/cursos\/graduacao\/santa-maria\/artes-visuais\/informacoes-do-curriculo?language= title='Artes Visuais'>Artes Visuais<\/a>\t\t\t\t\t<\/li>\n\t\t\t\t\t\t\t\t\t<li class=\"col-lg-6 area_400\">\n\t\t\t\t\t\t<a class='d-block text-wrap' href=\/cursos\/graduacao\/santa-maria\/danca-bacharelado\/informacoes-do-curriculo?language= title='Dan\u00e7a - Bacharelado'>Dan\u00e7a - Bacharelado<\/a>\t\t\t\t\t<\/li>\n\t\t\t\t\t\t\t\t\t<li class=\"col-lg-6 area_400\">\n\t\t\t\t\t\t<a class='d-block text-wrap' href=\/cursos\/graduacao\/santa-maria\/danca-licenciatura\/informacoes-do-curriculo?language= title='Dan\u00e7a - Licenciatura'>Dan\u00e7a - Licenciatura<\/a>\t\t\t\t\t<\/li>\n\t\t\t\t\t\t\t\t\t<li class=\"col-lg-6 area_277\">\n\t\t\t\t\t\t<a class='d-block text-wrap' href=\/cursos\/graduacao\/santa-maria\/desenho-industrial\/informacoes-do-curriculo?language= title='Desenho Industrial'>Desenho Industrial<\/a>\t\t\t\t\t<\/li>\n\t\t\t\t\t\t\t\t\t<li class=\"col-lg-6 area_400\">\n\t\t\t\t\t\t<a class='d-block text-wrap' href=\/cursos\/graduacao\/santa-maria\/letras\/informacoes-do-curriculo?language= title='Letras - Espanhol'>Letras - Espanhol<\/a>\t\t\t\t\t<\/li>\n\t\t\t\t\t\t\t\t\t<li class=\"col-lg-6 area_430\">\n\t\t\t\t\t\t<a class='d-block text-wrap'  title='Letras - Espanhol - EaD'>Letras - Espanhol - EaD<\/a>\t\t\t\t\t<\/li>\n\t\t\t\t\t\t\t\t\t<li class=\"col-lg-6 area_400\">\n\t\t\t\t\t\t<a class='d-block text-wrap' href=\/cursos\/graduacao\/santa-maria\/letras\/informacoes-do-curriculo?language= title='Letras - Ingl\u00eas'>Letras - Ingl\u00eas<\/a>\t\t\t\t\t<\/li>\n\t\t\t\t\t\t\t\t\t<li class=\"col-lg-6 area_400\">\n\t\t\t\t\t\t<a class='d-block text-wrap' href=\/cursos\/graduacao\/santa-maria\/letras\/informacoes-do-curriculo?language= title='Letras - L\u00edngua Portuguesa'>Letras - L\u00edngua Portuguesa<\/a>\t\t\t\t\t<\/li>\n\t\t\t\t\t\t\t\t\t<li class=\"col-lg-6 area_400\">\n\t\t\t\t\t\t<a class='d-block text-wrap' href=\/cursos\/graduacao\/santa-maria\/letras\/informacoes-do-curriculo?language= title='Letras - Portugu\u00eas'>Letras - Portugu\u00eas<\/a>\t\t\t\t\t<\/li>\n\t\t\t\t\t\t\t\t\t<li class=\"col-lg-6 area_430\">\n\t\t\t\t\t\t<a class='d-block text-wrap' href=\/cursos\/graduacao\/santa-maria\/mbya-guarani\/informacoes-do-curriculo?language= title='Mbya Guarani Educa\u00e7\u00e3o Intercultural Ind\u00edgena'>Mbya Guarani Educa\u00e7\u00e3o Intercultural Ind\u00edgena<\/a>\t\t\t\t\t<\/li>\n\t\t\t\t\t\t\t\t\t<li class=\"col-lg-6 area_400\">\n\t\t\t\t\t\t<a class='d-block text-wrap' href=\/cursos\/graduacao\/santa-maria\/musica\/informacoes-do-curriculo?language= title='M\u00fasica'>M\u00fasica<\/a>\t\t\t\t\t<\/li>\n\t\t\t\t\t\t\t\t\t<li class=\"col-lg-6 area_400\">\n\t\t\t\t\t\t<a class='d-block text-wrap' href=\/cursos\/graduacao\/santa-maria\/musica\/informacoes-do-curriculo?language= title='M\u00fasica e Tecnologia'>M\u00fasica e Tecnologia<\/a>\t\t\t\t\t<\/li>\n\t\t\t\t\t\t\t\t\t<li class=\"col-lg-6 area_400\">\n\t\t\t\t\t\t<a class='d-block text-wrap' href=\/cursos\/graduacao\/santa-maria\/licenciatura-em-teatro\/informacoes-do-curriculo?language= title='Teatro'>Teatro<\/a>\t\t\t\t\t<\/li>\n\t\t\t\t\t\t\t<\/ul>\n\t\t\t<!-- !Listagem de Cursos -->\n\t\t<\/div>\n\t\t\t\t<\/div>\n\t\t\t\t<\/div>\n\t\t\t\t\t<\/div>\n\t\t<\/div>\n\t\t\t\t\t<\/div>\n\t\t<\/section>\n\t\t\t\t<section class=\"elementor-section elementor-top-section elementor-element elementor-element-f2e7388 elementor-section-boxed elementor-section-height-default elementor-section-height-default\" data-id=\"f2e7388\" data-element_type=\"section\">\n\t\t\t\t\t\t<div class=\"elementor-container elementor-column-gap-default\">\n\t\t\t\t\t<div class=\"elementor-column elementor-col-100 elementor-top-column elementor-element elementor-element-633bdd0\" data-id=\"633bdd0\" data-element_type=\"column\">\n\t\t\t<div class=\"elementor-widget-wrap elementor-element-populated\">\n\t\t\t\t\t\t<div class=\"elementor-element elementor-element-07e5aee elementor-widget elementor-widget-heading\" data-id=\"07e5aee\" data-element_type=\"widget\" data-widget_type=\"heading.default\">\n\t\t\t\t<div class=\"elementor-widget-container\">\n\t\t\t<h4 class=\"elementor-heading-title elementor-size-default\">Educa\u00e7\u00e3o a dist\u00e2ncia<\/h4>\t\t<\/div>\n\t\t\t\t<\/div>\n\t\t\t\t\t<\/div>\n\t\t<\/div>\n\t\t\t\t\t<\/div>\n\t\t<\/section>\n\t\t\t\t<section class=\"elementor-section elementor-top-section elementor-element elementor-element-53c8216 elementor-section-boxed elementor-section-height-default elementor-section-height-default\" data-id=\"53c8216\" data-element_type=\"section\">\n\t\t\t\t\t\t<div class=\"elementor-container elementor-column-gap-default\">\n\t\t\t\t\t<div class=\"elementor-column elementor-col-100 elementor-top-column elementor-element elementor-element-2a49e6a\" data-id=\"2a49e6a\" data-element_type=\"column\">\n\t\t\t<div class=\"elementor-widget-wrap elementor-element-populated\">\n\t\t\t\t\t\t<div class=\"elementor-element elementor-element-55bd62d elementor-widget elementor-widget-wp-widget-ufsm_cursos_widget\" data-id=\"55bd62d\" data-element_type=\"widget\" data-widget_type=\"wp-widget-ufsm_cursos_widget.default\">\n\t\t\t\t<div class=\"elementor-widget-container\">\n\t\t\t\t\t<!-- Areas de Conhecimento -->\n\t\t<div class=\"areas_de_conhecimento\">\n\t\t\t\t\t\t<!-- Listagem de Cursos -->\n\t\t\t<ul class=\"row\" id=\"lista_cursos\">\n\t\t\t\t\t\t\t\t\t<li class=\"col-lg-6 area_430\">\n\t\t\t\t\t\t<a class='d-block text-wrap' href=\/cursos\/graduacao\/educacao-a-distancia\/letras-espanhol\/informacoes-do-curriculo?language= title='Letras - Espanhol - EaD'>Letras - Espanhol - EaD<\/a>\t\t\t\t\t<\/li>\n\t\t\t\t\t\t\t\t\t<li class=\"col-lg-6 area_400\">\n\t\t\t\t\t\t<a class='d-block text-wrap' href=\/cursos\/graduacao\/educacao-a-distancia\/letras-portugues\/informacoes-do-curriculo?language= title='Letras - Portugu\u00eas - EaD'>Letras - Portugu\u00eas - EaD<\/a>\t\t\t\t\t<\/li>\n\t\t\t\t\t\t\t<\/ul>\n\t\t\t<!-- !Listagem de Cursos -->\n\t\t<\/div>\n\t\t\t\t<\/div>\n\t\t\t\t<\/div>\n\t\t\t\t\t<\/div>\n\t\t<\/div>\n\t\t\t\t\t<\/div>\n\t\t<\/section>\n\t\t\t\t<\/div>\n\t\t","protected":false},"excerpt":{"rendered":"<p>Presencial Educa\u00e7\u00e3o a dist\u00e2ncia<\/p>\n","protected":false},"author":47,"featured_media":0,"parent":0,"menu_order":0,"comment_status":"closed","ping_status":"closed","template":"","meta":{"footnotes":""},"categories":[],"tags":[],"class_list":["post-1104","page","type-page","status-publish","hentry"],"acf":[],"_links":{"self":[{"href":"https:\/\/www.ufsm.br\/unidades-universitarias\/cal\/wp-json\/wp\/v2\/pages\/1104","targetHints":{"allow":["GET"]}}],"collection":[{"href":"https:\/\/www.ufsm.br\/unidades-universitarias\/cal\/wp-json\/wp\/v2\/pages"}],"about":[{"href":"https:\/\/www.ufsm.br\/unidades-universitarias\/cal\/wp-json\/wp\/v2\/types\/page"}],"author":[{"embeddable":true,"href":"https:\/\/www.ufsm.br\/unidades-universitarias\/cal\/wp-json\/wp\/v2\/users\/47"}],"replies":[{"embeddable":true,"href":"https:\/\/www.ufsm.br\/unidades-universitarias\/cal\/wp-json\/wp\/v2\/comments?post=1104"}],"version-history":[{"count":0,"href":"https:\/\/www.ufsm.br\/unidades-universitarias\/cal\/wp-json\/wp\/v2\/pages\/1104\/revisions"}],"wp:attachment":[{"href":"https:\/\/www.ufsm.br\/unidades-universitarias\/cal\/wp-json\/wp\/v2\/media?parent=1104"}],"wp:term":[{"taxonomy":"category","embeddable":true,"href":"https:\/\/www.ufsm.br\/unidades-universitarias\/cal\/wp-json\/wp\/v2\/categories?post=1104"},{"taxonomy":"post_tag","embeddable":true,"href":"https:\/\/www.ufsm.br\/unidades-universitarias\/cal\/wp-json\/wp\/v2\/tags?post=1104"}],"curies":[{"name":"wp","href":"https:\/\/api.w.org\/{rel}","templated":true}]}}