{"id":4118,"date":"2024-03-06T14:13:31","date_gmt":"2024-03-06T17:13:31","guid":{"rendered":"https:\/\/www.ufsm.br\/unidades-universitarias\/cal\/?page_id=4118"},"modified":"2024-07-12T16:24:50","modified_gmt":"2024-07-12T19:24:50","slug":"secretaria-administrativa-do-centro","status":"publish","type":"page","link":"https:\/\/www.ufsm.br\/unidades-universitarias\/cal\/secretaria-administrativa-do-centro","title":{"rendered":"Secretaria Administrativa"},"content":{"rendered":"\t\t<div data-elementor-type=\"wp-page\" data-elementor-id=\"4118\" class=\"elementor elementor-4118\">\n\t\t\t\t\t\t<section class=\"elementor-section elementor-top-section elementor-element elementor-element-f72a7ea elementor-section-boxed elementor-section-height-default elementor-section-height-default\" data-id=\"f72a7ea\" data-element_type=\"section\">\n\t\t\t\t\t\t<div class=\"elementor-container elementor-column-gap-default\">\n\t\t\t\t\t<div class=\"elementor-column elementor-col-100 elementor-top-column elementor-element elementor-element-308b463\" data-id=\"308b463\" data-element_type=\"column\">\n\t\t\t<div class=\"elementor-widget-wrap elementor-element-populated\">\n\t\t\t\t\t\t<div class=\"elementor-element elementor-element-45d905c elementor-widget elementor-widget-text-editor\" data-id=\"45d905c\" data-element_type=\"widget\" data-widget_type=\"text-editor.default\">\n\t\t\t\t<div class=\"elementor-widget-container\">\n\t\t\t\t\t\t\t<h5><span style=\"font-family: georgia, palatino, serif;font-size: 12pt\">Equipe:<\/span><\/h5><p><span style=\"font-size: 12pt;font-family: georgia, palatino, serif\">Secret\u00e1ria: Aline S\u00f4nego<\/span><\/p><p><span style=\"font-size: 12pt;font-family: georgia, palatino, serif\">Secret\u00e1ria Substituta: Elisabeth Alves Prati<\/span><\/p><h5><span style=\"font-family: georgia, palatino, serif;font-size: 12pt\">Contato:<\/span><\/h5><p><span style=\"font-family: georgia, palatino, serif;font-size: 12pt\">E-mail: <\/span><span style=\"font-family: georgia, palatino, serif;font-size: 12pt\">cal@ufsm.br<\/span><\/p><p><span style=\"font-family: georgia, palatino, serif;font-size: 12pt\">Telefone: <\/span><span style=\"font-family: georgia, palatino, serif;font-size: 12pt\">(55) 3220-8262<\/span><\/p><h5><span style=\"font-family: georgia, palatino, serif;font-size: 12pt\">Localiza\u00e7\u00e3o:<\/span><\/h5><p><span style=\"font-family: georgia, palatino, serif;font-size: 12pt\">Sala 1212, pr\u00e9dio 40.<\/span><\/p>\t\t\t\t\t\t<\/div>\n\t\t\t\t<\/div>\n\t\t\t\t\t<\/div>\n\t\t<\/div>\n\t\t\t\t\t<\/div>\n\t\t<\/section>\n\t\t\t\t<section class=\"elementor-section elementor-top-section elementor-element elementor-element-fbee9dd elementor-section-boxed elementor-section-height-default elementor-section-height-default\" data-id=\"fbee9dd\" data-element_type=\"section\">\n\t\t\t\t\t\t<div class=\"elementor-container elementor-column-gap-default\">\n\t\t\t\t\t<div class=\"elementor-column elementor-col-100 elementor-top-column elementor-element elementor-element-c37ac04\" data-id=\"c37ac04\" data-element_type=\"column\">\n\t\t\t<div class=\"elementor-widget-wrap elementor-element-populated\">\n\t\t\t\t\t\t<div class=\"elementor-element elementor-element-708ba87 elementor-widget elementor-widget-text-editor\" data-id=\"708ba87\" data-element_type=\"widget\" data-widget_type=\"text-editor.default\">\n\t\t\t\t<div class=\"elementor-widget-container\">\n\t\t\t\t\t\t\t<h5><span style=\"font-family: georgia, palatino, serif;font-size: 12pt\">Procedimentos<\/span><\/h5><p><a href=\"https:\/\/www.ufsm.br\/app\/uploads\/sites\/341\/2020\/09\/TUTORIAL-EMISSAO-DE-PORTARIAS.pdf\">Processo de dispensa\/designa\u00e7\u00e3o de fun\u00e7\u00e3o gratificada<\/a><\/p>\t\t\t\t\t\t<\/div>\n\t\t\t\t<\/div>\n\t\t\t\t\t<\/div>\n\t\t<\/div>\n\t\t\t\t\t<\/div>\n\t\t<\/section>\n\t\t\t\t<\/div>\n\t\t","protected":false},"excerpt":{"rendered":"<p>Equipe: Secret\u00e1ria: Aline S\u00f4nego Secret\u00e1ria Substituta: Elisabeth Alves Prati Contato: E-mail: cal@ufsm.br Telefone: (55) 3220-8262 Localiza\u00e7\u00e3o: Sala 1212, pr\u00e9dio 40. Procedimentos Processo de dispensa\/designa\u00e7\u00e3o de fun\u00e7\u00e3o gratificada<\/p>\n","protected":false},"author":969,"featured_media":0,"parent":0,"menu_order":0,"comment_status":"closed","ping_status":"closed","template":"","meta":{"footnotes":""},"categories":[],"tags":[],"class_list":["post-4118","page","type-page","status-publish","hentry"],"acf":[],"_links":{"self":[{"href":"https:\/\/www.ufsm.br\/unidades-universitarias\/cal\/wp-json\/wp\/v2\/pages\/4118","targetHints":{"allow":["GET"]}}],"collection":[{"href":"https:\/\/www.ufsm.br\/unidades-universitarias\/cal\/wp-json\/wp\/v2\/pages"}],"about":[{"href":"https:\/\/www.ufsm.br\/unidades-universitarias\/cal\/wp-json\/wp\/v2\/types\/page"}],"author":[{"embeddable":true,"href":"https:\/\/www.ufsm.br\/unidades-universitarias\/cal\/wp-json\/wp\/v2\/users\/969"}],"replies":[{"embeddable":true,"href":"https:\/\/www.ufsm.br\/unidades-universitarias\/cal\/wp-json\/wp\/v2\/comments?post=4118"}],"version-history":[{"count":0,"href":"https:\/\/www.ufsm.br\/unidades-universitarias\/cal\/wp-json\/wp\/v2\/pages\/4118\/revisions"}],"wp:attachment":[{"href":"https:\/\/www.ufsm.br\/unidades-universitarias\/cal\/wp-json\/wp\/v2\/media?parent=4118"}],"wp:term":[{"taxonomy":"category","embeddable":true,"href":"https:\/\/www.ufsm.br\/unidades-universitarias\/cal\/wp-json\/wp\/v2\/categories?post=4118"},{"taxonomy":"post_tag","embeddable":true,"href":"https:\/\/www.ufsm.br\/unidades-universitarias\/cal\/wp-json\/wp\/v2\/tags?post=4118"}],"curies":[{"name":"wp","href":"https:\/\/api.w.org\/{rel}","templated":true}]}}