{"id":4135,"date":"2024-03-06T16:39:45","date_gmt":"2024-03-06T19:39:45","guid":{"rendered":"https:\/\/www.ufsm.br\/unidades-universitarias\/cal\/?page_id=4135"},"modified":"2025-08-26T10:56:54","modified_gmt":"2025-08-26T13:56:54","slug":"secretaria-integrada-de-cursos-de-pos-graduacao","status":"publish","type":"page","link":"https:\/\/www.ufsm.br\/unidades-universitarias\/cal\/secretaria-integrada-de-cursos-de-pos-graduacao","title":{"rendered":"Secretaria Integrada de Cursos de P\u00f3s-Gradua\u00e7\u00e3o"},"content":{"rendered":"\t\t<div data-elementor-type=\"wp-page\" data-elementor-id=\"4135\" class=\"elementor elementor-4135\">\n\t\t\t\t\t\t<section class=\"elementor-section elementor-top-section elementor-element elementor-element-38b06d3 elementor-section-boxed elementor-section-height-default elementor-section-height-default\" data-id=\"38b06d3\" data-element_type=\"section\">\n\t\t\t\t\t\t<div class=\"elementor-container elementor-column-gap-default\">\n\t\t\t\t\t<div class=\"elementor-column elementor-col-100 elementor-top-column elementor-element elementor-element-b36a525\" data-id=\"b36a525\" data-element_type=\"column\">\n\t\t\t<div class=\"elementor-widget-wrap elementor-element-populated\">\n\t\t\t\t\t\t<div class=\"elementor-element elementor-element-0aa66c6 elementor-widget elementor-widget-text-editor\" data-id=\"0aa66c6\" data-element_type=\"widget\" data-widget_type=\"text-editor.default\">\n\t\t\t\t<div class=\"elementor-widget-container\">\n\t\t\t\t\t\t\t<p>Atendimento aos acad\u00eamicos e Coordena\u00e7\u00f5es dos seguintes Cursos\/Programas:<\/p>\n<ul>\n<li>Programa de P\u00f3s-Gradua\u00e7\u00e3o em Artes Visuais;<\/li>\n<li>Programa de P\u00f3s-Gradua\u00e7\u00e3o em Letras;<\/li>\n<li>Curso de P\u00f3s-Gradua\u00e7\u00e3o (Especializa\u00e7\u00e3o) em Design de Superf\u00edcie;<\/li>\n<li>Curso de P\u00f3s-Gradua\u00e7\u00e3o (Especializa\u00e7\u00e3o) em M\u00fasica.<\/li>\n<\/ul>\n<h5>Equipe:&nbsp;<\/h5>\n<p>Hellen Reis de Mello&nbsp;&#8211; Chefe da Secretaria<\/p><p>Felipe Dias Feltrin<\/p>\n<p>Mariza Gorette Seeger<\/p>\n<h5>Contato:<\/h5>\n<p>E-mail: sipog.cal@ufsm.br<\/p>\n<p>Telefone: (55) 3220-9484 \/ (55) 3220-8359<\/p>\n<h5>Localiza\u00e7\u00e3o:<\/h5>\n<p>Sala 1324, pr\u00e9dio 40<\/p>\n<p>Sala 3222, pr\u00e9dio 16<\/p>\t\t\t\t\t\t<\/div>\n\t\t\t\t<\/div>\n\t\t\t\t\t<\/div>\n\t\t<\/div>\n\t\t\t\t\t<\/div>\n\t\t<\/section>\n\t\t\t\t<\/div>\n\t\t","protected":false},"excerpt":{"rendered":"<p>Atendimento aos acad\u00eamicos e Coordena\u00e7\u00f5es dos seguintes Cursos\/Programas: Programa de P\u00f3s-Gradua\u00e7\u00e3o em Artes Visuais; Programa de P\u00f3s-Gradua\u00e7\u00e3o em Letras; Curso de P\u00f3s-Gradua\u00e7\u00e3o (Especializa\u00e7\u00e3o) em Design de Superf\u00edcie; Curso de P\u00f3s-Gradua\u00e7\u00e3o (Especializa\u00e7\u00e3o) em M\u00fasica. Equipe:&nbsp; Hellen Reis de Mello&nbsp;&#8211; Chefe da Secretaria Felipe Dias Feltrin Mariza Gorette Seeger Contato: E-mail: sipog.cal@ufsm.br Telefone: (55) 3220-9484 \/ (55) [&hellip;]<\/p>\n","protected":false},"author":969,"featured_media":0,"parent":0,"menu_order":0,"comment_status":"closed","ping_status":"closed","template":"","meta":{"footnotes":""},"categories":[],"tags":[],"class_list":["post-4135","page","type-page","status-publish","hentry"],"acf":[],"_links":{"self":[{"href":"https:\/\/www.ufsm.br\/unidades-universitarias\/cal\/wp-json\/wp\/v2\/pages\/4135","targetHints":{"allow":["GET"]}}],"collection":[{"href":"https:\/\/www.ufsm.br\/unidades-universitarias\/cal\/wp-json\/wp\/v2\/pages"}],"about":[{"href":"https:\/\/www.ufsm.br\/unidades-universitarias\/cal\/wp-json\/wp\/v2\/types\/page"}],"author":[{"embeddable":true,"href":"https:\/\/www.ufsm.br\/unidades-universitarias\/cal\/wp-json\/wp\/v2\/users\/969"}],"replies":[{"embeddable":true,"href":"https:\/\/www.ufsm.br\/unidades-universitarias\/cal\/wp-json\/wp\/v2\/comments?post=4135"}],"version-history":[{"count":0,"href":"https:\/\/www.ufsm.br\/unidades-universitarias\/cal\/wp-json\/wp\/v2\/pages\/4135\/revisions"}],"wp:attachment":[{"href":"https:\/\/www.ufsm.br\/unidades-universitarias\/cal\/wp-json\/wp\/v2\/media?parent=4135"}],"wp:term":[{"taxonomy":"category","embeddable":true,"href":"https:\/\/www.ufsm.br\/unidades-universitarias\/cal\/wp-json\/wp\/v2\/categories?post=4135"},{"taxonomy":"post_tag","embeddable":true,"href":"https:\/\/www.ufsm.br\/unidades-universitarias\/cal\/wp-json\/wp\/v2\/tags?post=4135"}],"curies":[{"name":"wp","href":"https:\/\/api.w.org\/{rel}","templated":true}]}}