{"id":4317,"date":"2024-04-10T15:23:18","date_gmt":"2024-04-10T18:23:18","guid":{"rendered":"https:\/\/www.ufsm.br\/unidades-universitarias\/cal\/?page_id=4317"},"modified":"2024-11-05T16:31:33","modified_gmt":"2024-11-05T19:31:33","slug":"internacionalizacao","status":"publish","type":"page","link":"https:\/\/www.ufsm.br\/unidades-universitarias\/cal\/internacionalizacao","title":{"rendered":"Internacionaliza\u00e7\u00e3o"},"content":{"rendered":"\t\t<div data-elementor-type=\"wp-page\" data-elementor-id=\"4317\" class=\"elementor elementor-4317\">\n\t\t\t\t\t\t<section class=\"elementor-section elementor-top-section elementor-element elementor-element-517409c1 elementor-section-boxed elementor-section-height-default elementor-section-height-default\" data-id=\"517409c1\" data-element_type=\"section\">\n\t\t\t\t\t\t<div class=\"elementor-container elementor-column-gap-default\">\n\t\t\t\t\t<div class=\"elementor-column elementor-col-100 elementor-top-column elementor-element elementor-element-decd19e\" data-id=\"decd19e\" data-element_type=\"column\">\n\t\t\t<div class=\"elementor-widget-wrap elementor-element-populated\">\n\t\t\t\t\t\t<div class=\"elementor-element elementor-element-3c228c4 elementor-widget elementor-widget-heading\" data-id=\"3c228c4\" data-element_type=\"widget\" data-widget_type=\"heading.default\">\n\t\t\t\t<div class=\"elementor-widget-container\">\n\t\t\t<h5 class=\"elementor-heading-title elementor-size-default\">Apresenta\u00e7\u00e3o<\/h5>\t\t<\/div>\n\t\t\t\t<\/div>\n\t\t\t\t<div class=\"elementor-element elementor-element-b08b66a elementor-widget elementor-widget-text-editor\" data-id=\"b08b66a\" data-element_type=\"widget\" data-widget_type=\"text-editor.default\">\n\t\t\t\t<div class=\"elementor-widget-container\">\n\t\t\t\t\t\t\t<div class=\"entry-content\" style=\"text-align: justify\">\n<p dir=\"ltr\">A Resolu\u00e7\u00e3o UFSM N. 129, de 15 de maio de 2023 aprovou a cria\u00e7\u00e3o dos \u00f3rg\u00e3os colegiados denominados <strong>Comit\u00ea de Internacionaliza\u00e7\u00e3o (CoInter)<\/strong>, vinculado \u00e0 Secretaria de Apoio Internacional (SAI), e os Comit\u00eas Descentralizados de Internacionaliza\u00e7\u00e3o (CoDInter), vinculados \u00e0s Unidades de Ensino, na estrutura organizacional da Universidade Federal de Santa Maria (UFSM).<\/p>\n<p dir=\"ltr\" style=\"text-align: justify\">O CoDInter CAL visa fomentar as a\u00e7\u00f5es de internacionaliza\u00e7\u00e3o no CAL, em n\u00edvel de gradua\u00e7\u00e3o e p\u00f3s-gradua\u00e7\u00e3o, servindo como um elo entre a comunidade acad\u00eamica e a Secretaria de Assuntos Internacionais (SAI), de acordo com o Plano Estrat\u00e9gico de Internacionaliza\u00e7\u00e3o da UFSM.\u00a0<\/p>\n<p dir=\"ltr\" style=\"text-align: start\"><strong>CoDInter-CAL, criado considerando a resolu\u00e7\u00e3o n\u00ba 129\/2023), designado pela portaria 130\/ 2023, composto por:<\/strong><\/p>\n<p dir=\"ltr\" style=\"color: #000000;font-size: 16px;text-align: start\">Prof.\u00aa ANDREIA MACHADO OLIVEIRA &#8211; SIAPE 1851387 (Representante do Conselho CAL);<\/p>\n<p dir=\"ltr\" style=\"color: #000000;font-size: 16px;text-align: start\">Prof.\u00aa ROSA MARIA BLANCA CEDILLO &#8211; SIAPE 2220909 (Representante dos Programas de P\u00f3s-gradua\u00e7\u00e3o do CAL);<\/p>\n<p dir=\"ltr\" style=\"color: #000000;font-size: 16px;text-align: start\">Prof. DANIEL REIS PL\u00c1 &#8211; SIAPE 1703744 (Representante dos Cursos de gradua\u00e7\u00e3o do CAL);<\/p>\n<p dir=\"ltr\" style=\"color: #000000;font-size: 16px;text-align: start\">Prof.\u00aa GRACIELA RABUSKE HENDGES &#8211; SIAPE 2287452 (Representante da \u00e1rea de Lingu\u00edstica do CAL);<\/p>\n<p dir=\"ltr\" style=\"color: #000000;font-size: 16px;text-align: start\">Arquiv. DENISE FRIGO &#8211; SIAPE 1658453 (Representante dos t\u00e9cnico- administrativos do CAL);<\/p>\n<p dir=\"ltr\" style=\"color: #000000;font-size: 16px;text-align: start\">Acad. CAMILA DOS SANTOS &#8211; Matr\u00edcula 202260348 (Representante estudantil).<\/p>\n<p dir=\"ltr\" style=\"color: #000000;font-size: 16px;text-align: start\">&#8211;\u00a0<span style=\"font-weight: bold\">Contato:<\/span>\u00a0<a style=\"color: #204c90\" href=\"mailto:codintercal@ufsm.br\" target=\"_blank\" rel=\"noopener\">codintercal@ufsm.<\/a><\/p>\n<\/div>\t\t\t\t\t\t<\/div>\n\t\t\t\t<\/div>\n\t\t\t\t<div class=\"elementor-element elementor-element-4091465 elementor-widget elementor-widget-text-editor\" data-id=\"4091465\" data-element_type=\"widget\" data-widget_type=\"text-editor.default\">\n\t\t\t\t<div class=\"elementor-widget-container\">\n\t\t\t\t\t\t\t<h5>Acesso R\u00e1pido<\/h5>\t\t\t\t\t\t<\/div>\n\t\t\t\t<\/div>\n\t\t\t\t\t<\/div>\n\t\t<\/div>\n\t\t\t\t\t<\/div>\n\t\t<\/section>\n\t\t\t\t<section class=\"elementor-section elementor-top-section elementor-element elementor-element-64f9c50 elementor-section-boxed elementor-section-height-default elementor-section-height-default\" data-id=\"64f9c50\" data-element_type=\"section\">\n\t\t\t\t\t\t<div class=\"elementor-container elementor-column-gap-default\">\n\t\t\t\t\t<div class=\"elementor-column elementor-col-33 elementor-top-column elementor-element elementor-element-574b327\" data-id=\"574b327\" data-element_type=\"column\">\n\t\t\t<div class=\"elementor-widget-wrap elementor-element-populated\">\n\t\t\t\t\t\t<div class=\"elementor-element elementor-element-d28e459 elementor-view-framed elementor-shape-circle elementor-widget elementor-widget-icon\" data-id=\"d28e459\" data-element_type=\"widget\" data-widget_type=\"icon.default\">\n\t\t\t\t<div class=\"elementor-widget-container\">\n\t\t\t\t\t<div class=\"elementor-icon-wrapper\">\n\t\t\t<a class=\"elementor-icon\" href=\"https:\/\/www.ufsm.br\/unidades-universitarias\/cal\/acoes-codinter-cal\">\n\t\t\t<i aria-hidden=\"true\" class=\"fas fa-check-square\"><\/i>\t\t\t<\/a>\n\t\t<\/div>\n\t\t\t\t<\/div>\n\t\t\t\t<\/div>\n\t\t\t\t<div class=\"elementor-element elementor-element-12541ed elementor-widget elementor-widget-heading\" data-id=\"12541ed\" data-element_type=\"widget\" data-widget_type=\"heading.default\">\n\t\t\t\t<div class=\"elementor-widget-container\">\n\t\t\t<h6 class=\"elementor-heading-title elementor-size-default\">A\u00c7\u00d5ES REALIZADAS<\/h6>\t\t<\/div>\n\t\t\t\t<\/div>\n\t\t\t\t\t<\/div>\n\t\t<\/div>\n\t\t\t\t<div class=\"elementor-column elementor-col-33 elementor-top-column elementor-element elementor-element-d9209c1\" data-id=\"d9209c1\" data-element_type=\"column\">\n\t\t\t<div class=\"elementor-widget-wrap elementor-element-populated\">\n\t\t\t\t\t\t<div class=\"elementor-element elementor-element-5bc01bb elementor-view-framed elementor-shape-circle elementor-widget elementor-widget-icon\" data-id=\"5bc01bb\" data-element_type=\"widget\" data-widget_type=\"icon.default\">\n\t\t\t\t<div class=\"elementor-widget-container\">\n\t\t\t\t\t<div class=\"elementor-icon-wrapper\">\n\t\t\t<a class=\"elementor-icon\" href=\"https:\/\/www.ufsm.br\/unidades-universitarias\/cal\/wp-admin\/post-new.php?post_type=page\">\n\t\t\t<i aria-hidden=\"true\" class=\"fas fa-star\"><\/i>\t\t\t<\/a>\n\t\t<\/div>\n\t\t\t\t<\/div>\n\t\t\t\t<\/div>\n\t\t\t\t<div class=\"elementor-element elementor-element-8e8412a elementor-widget elementor-widget-heading\" data-id=\"8e8412a\" data-element_type=\"widget\" data-widget_type=\"heading.default\">\n\t\t\t\t<div class=\"elementor-widget-container\">\n\t\t\t<h6 class=\"elementor-heading-title elementor-size-default\">OPORTUNIDADES<\/h6>\t\t<\/div>\n\t\t\t\t<\/div>\n\t\t\t\t\t<\/div>\n\t\t<\/div>\n\t\t\t\t<div class=\"elementor-column elementor-col-33 elementor-top-column elementor-element elementor-element-8e5f9e4\" data-id=\"8e5f9e4\" data-element_type=\"column\">\n\t\t\t<div class=\"elementor-widget-wrap elementor-element-populated\">\n\t\t\t\t\t\t<div class=\"elementor-element elementor-element-ab0a684 elementor-view-framed elementor-shape-circle elementor-widget elementor-widget-icon\" data-id=\"ab0a684\" data-element_type=\"widget\" data-widget_type=\"icon.default\">\n\t\t\t\t<div class=\"elementor-widget-container\">\n\t\t\t\t\t<div class=\"elementor-icon-wrapper\">\n\t\t\t<div class=\"elementor-icon\">\n\t\t\t<i aria-hidden=\"true\" class=\"far fa-file-alt\"><\/i>\t\t\t<\/div>\n\t\t<\/div>\n\t\t\t\t<\/div>\n\t\t\t\t<\/div>\n\t\t\t\t<div class=\"elementor-element elementor-element-dd4c6fc elementor-widget elementor-widget-heading\" data-id=\"dd4c6fc\" data-element_type=\"widget\" data-widget_type=\"heading.default\">\n\t\t\t\t<div class=\"elementor-widget-container\">\n\t\t\t<h6 class=\"elementor-heading-title elementor-size-default\">FORMUL\u00c1RIO<\/h6>\t\t<\/div>\n\t\t\t\t<\/div>\n\t\t\t\t\t<\/div>\n\t\t<\/div>\n\t\t\t\t\t<\/div>\n\t\t<\/section>\n\t\t\t\t<\/div>\n\t\t","protected":false},"excerpt":{"rendered":"<p>Apresenta\u00e7\u00e3o A Resolu\u00e7\u00e3o UFSM N. 129, de 15 de maio de 2023 aprovou a cria\u00e7\u00e3o dos \u00f3rg\u00e3os colegiados denominados Comit\u00ea de Internacionaliza\u00e7\u00e3o (CoInter), vinculado \u00e0 Secretaria de Apoio Internacional (SAI), e os Comit\u00eas Descentralizados de Internacionaliza\u00e7\u00e3o (CoDInter), vinculados \u00e0s Unidades de Ensino, na estrutura organizacional da Universidade Federal de Santa Maria (UFSM). O CoDInter CAL [&hellip;]<\/p>\n","protected":false},"author":7764,"featured_media":0,"parent":0,"menu_order":0,"comment_status":"closed","ping_status":"closed","template":"","meta":{"footnotes":""},"categories":[],"tags":[],"class_list":["post-4317","page","type-page","status-publish","hentry"],"acf":[],"_links":{"self":[{"href":"https:\/\/www.ufsm.br\/unidades-universitarias\/cal\/wp-json\/wp\/v2\/pages\/4317","targetHints":{"allow":["GET"]}}],"collection":[{"href":"https:\/\/www.ufsm.br\/unidades-universitarias\/cal\/wp-json\/wp\/v2\/pages"}],"about":[{"href":"https:\/\/www.ufsm.br\/unidades-universitarias\/cal\/wp-json\/wp\/v2\/types\/page"}],"author":[{"embeddable":true,"href":"https:\/\/www.ufsm.br\/unidades-universitarias\/cal\/wp-json\/wp\/v2\/users\/7764"}],"replies":[{"embeddable":true,"href":"https:\/\/www.ufsm.br\/unidades-universitarias\/cal\/wp-json\/wp\/v2\/comments?post=4317"}],"version-history":[{"count":0,"href":"https:\/\/www.ufsm.br\/unidades-universitarias\/cal\/wp-json\/wp\/v2\/pages\/4317\/revisions"}],"wp:attachment":[{"href":"https:\/\/www.ufsm.br\/unidades-universitarias\/cal\/wp-json\/wp\/v2\/media?parent=4317"}],"wp:term":[{"taxonomy":"category","embeddable":true,"href":"https:\/\/www.ufsm.br\/unidades-universitarias\/cal\/wp-json\/wp\/v2\/categories?post=4317"},{"taxonomy":"post_tag","embeddable":true,"href":"https:\/\/www.ufsm.br\/unidades-universitarias\/cal\/wp-json\/wp\/v2\/tags?post=4317"}],"curies":[{"name":"wp","href":"https:\/\/api.w.org\/{rel}","templated":true}]}}