{"id":2068,"date":"2026-01-21T13:15:00","date_gmt":"2026-01-21T16:15:00","guid":{"rendered":"https:\/\/www.ufsm.br\/unidades-universitarias\/ccne\/?page_id=2068"},"modified":"2026-01-21T16:44:04","modified_gmt":"2026-01-21T19:44:04","slug":"lidm","status":"publish","type":"page","link":"https:\/\/www.ufsm.br\/unidades-universitarias\/ccne\/lidm","title":{"rendered":"LIDM &#8211; Laborat\u00f3rio de Inform\u00e1tica do Dep. da Matem\u00e1tica"},"content":{"rendered":"\t\t<div data-elementor-type=\"wp-page\" data-elementor-id=\"2068\" class=\"elementor elementor-2068\">\n\t\t\t\t\t\t<section class=\"elementor-section elementor-top-section elementor-element elementor-element-90ac2d4 elementor-section-boxed elementor-section-height-default elementor-section-height-default\" data-id=\"90ac2d4\" data-element_type=\"section\">\n\t\t\t\t\t\t<div class=\"elementor-container elementor-column-gap-default\">\n\t\t\t\t\t<div class=\"elementor-column elementor-col-100 elementor-top-column elementor-element elementor-element-eb9aa8c\" data-id=\"eb9aa8c\" data-element_type=\"column\">\n\t\t\t<div class=\"elementor-widget-wrap elementor-element-populated\">\n\t\t\t\t\t\t<div class=\"elementor-element elementor-element-97d601d elementor-widget elementor-widget-text-editor\" data-id=\"97d601d\" data-element_type=\"widget\" data-widget_type=\"text-editor.default\">\n\t\t\t\t<div class=\"elementor-widget-container\">\n\t\t\t\t\t\t\t<h5><strong>Apresenta\u00e7\u00e3o<\/strong><\/h5>\n<p data-start=\"1245\" data-end=\"1443\">Este site tem por finalidade apresentar o Laborat\u00f3rio de Inform\u00e1tica do Departamento de Matem\u00e1tica (LIDM), al\u00e9m de disponibilizar informa\u00e7\u00f5es relativas ao seu uso e aos procedimentos de agendamento.<\/p>\n<p data-start=\"1445\" data-end=\"1797\">O LIDM est\u00e1 \u00e0 disposi\u00e7\u00e3o da comunidade da UFSM, podendo ser utilizado em aulas, oficinas, minicursos, palestras e demais atividades acad\u00eamicas. O laborat\u00f3rio encontra-se vinculado a projetos de Pesquisa, Ensino e Extens\u00e3o, oferecendo infraestrutura adequada, recursos computacionais e espa\u00e7o f\u00edsico para estudantes, pesquisadores e visitantes externos.<\/p>\n<p data-start=\"1799\" data-end=\"2159\">Em setembro de 2025, o LIDM foi modernizado, passando a contar com 30 computadores desktop (Daten Tecnologia Ltda., modelo DC5A-S), equipados com sistema operacional Microsoft Windows 11 Pro, 32 GB de mem\u00f3ria RAM, processador AMD Ryzen 7 5700 (8 n\u00facleos x86_64), placa de v\u00eddeo dedicada NVIDIA GeForce GT 740 e armazenamento em SSD NVMe Daten DS3000 de 512 GB.<\/p>\n<p data-start=\"1799\" data-end=\"2159\">Os computadores contam com instala\u00e7\u00e3o de\u00a0<em>softwares\u00a0<\/em>b\u00e1sicos, tais como navegadores de internet, pacote OpenOffice, o <em>software<\/em> educacional de matem\u00e1tica din\u00e2mica GeoGebra, al\u00e9m da su\u00edte Anaconda, que re\u00fane, em um \u00fanico pacote, linguagens, bibliotecas e ferramentas voltadas principalmente para ci\u00eancia de dados, computa\u00e7\u00e3o cient\u00edfica e aprendizado de m\u00e1quina.\u00a0<\/p>\t\t\t\t\t\t<\/div>\n\t\t\t\t<\/div>\n\t\t\t\t\t<\/div>\n\t\t<\/div>\n\t\t\t\t\t<\/div>\n\t\t<\/section>\n\t\t\t\t<section class=\"elementor-section elementor-top-section elementor-element elementor-element-ac6a444 elementor-section-boxed elementor-section-height-default elementor-section-height-default\" data-id=\"ac6a444\" data-element_type=\"section\">\n\t\t\t\t\t\t<div class=\"elementor-container elementor-column-gap-default\">\n\t\t\t\t\t<div class=\"elementor-column elementor-col-100 elementor-top-column elementor-element elementor-element-a7d8349\" data-id=\"a7d8349\" data-element_type=\"column\">\n\t\t\t<div class=\"elementor-widget-wrap elementor-element-populated\">\n\t\t\t\t\t\t<div class=\"elementor-element elementor-element-54acd23 elementor-arrows-position-inside elementor-pagination-position-outside elementor-widget elementor-widget-image-carousel\" data-id=\"54acd23\" data-element_type=\"widget\" data-settings=\"{&quot;slides_to_show&quot;:&quot;3&quot;,&quot;navigation&quot;:&quot;both&quot;,&quot;autoplay&quot;:&quot;yes&quot;,&quot;pause_on_hover&quot;:&quot;yes&quot;,&quot;pause_on_interaction&quot;:&quot;yes&quot;,&quot;autoplay_speed&quot;:5000,&quot;infinite&quot;:&quot;yes&quot;,&quot;speed&quot;:500}\" data-widget_type=\"image-carousel.default\">\n\t\t\t\t<div class=\"elementor-widget-container\">\n\t\t\t\t\t<div class=\"elementor-image-carousel-wrapper swiper\" dir=\"ltr\">\n\t\t\t<div class=\"elementor-image-carousel swiper-wrapper\" aria-live=\"off\">\n\t\t\t\t\t\t\t\t<div class=\"swiper-slide\" role=\"group\" aria-roledescription=\"slide\" aria-label=\"1 of 5\"><figure class=\"swiper-slide-inner\"><img decoding=\"async\" class=\"swiper-slide-image\" src=\"https:\/\/www.ufsm.br\/app\/uploads\/sites\/369\/2026\/01\/WhatsApp-Image-2026-01-21-at-16.21.38-300x225.jpeg\" alt=\"Vista dos fundos do lab\" \/><\/figure><\/div><div class=\"swiper-slide\" role=\"group\" aria-roledescription=\"slide\" aria-label=\"2 of 5\"><figure class=\"swiper-slide-inner\"><img decoding=\"async\" class=\"swiper-slide-image\" src=\"https:\/\/www.ufsm.br\/app\/uploads\/sites\/369\/2026\/01\/WhatsApp-Image-2026-01-21-at-16.21.39-300x225.jpeg\" alt=\"Vista dos fundos do lab\" \/><\/figure><\/div><div class=\"swiper-slide\" role=\"group\" aria-roledescription=\"slide\" aria-label=\"3 of 5\"><figure class=\"swiper-slide-inner\"><img decoding=\"async\" class=\"swiper-slide-image\" src=\"https:\/\/www.ufsm.br\/app\/uploads\/sites\/369\/2026\/01\/WhatsApp-Image-2026-01-21-at-16.21.39-1-300x225.jpeg\" alt=\"Detalhes dos PCs\" \/><\/figure><\/div><div class=\"swiper-slide\" role=\"group\" aria-roledescription=\"slide\" aria-label=\"4 of 5\"><figure class=\"swiper-slide-inner\"><img decoding=\"async\" class=\"swiper-slide-image\" src=\"https:\/\/www.ufsm.br\/app\/uploads\/sites\/369\/2026\/01\/WhatsApp-Image-2026-01-21-at-16.21.40-300x225.jpeg\" alt=\"Vista da mesa do prof\" \/><\/figure><\/div><div class=\"swiper-slide\" role=\"group\" aria-roledescription=\"slide\" aria-label=\"5 of 5\"><figure class=\"swiper-slide-inner\"><img decoding=\"async\" class=\"swiper-slide-image\" src=\"https:\/\/www.ufsm.br\/app\/uploads\/sites\/369\/2026\/01\/WhatsApp-Image-2026-01-21-at-16.21.40-1-300x225.jpeg\" alt=\"Vista dos fundos\" \/><\/figure><\/div>\t\t\t<\/div>\n\t\t\t\t\t\t\t\t\t\t\t\t<div class=\"elementor-swiper-button elementor-swiper-button-prev\" role=\"button\" tabindex=\"0\">\n\t\t\t\t\t\t<i aria-hidden=\"true\" class=\"eicon-chevron-left\"><\/i>\t\t\t\t\t<\/div>\n\t\t\t\t\t<div class=\"elementor-swiper-button elementor-swiper-button-next\" role=\"button\" tabindex=\"0\">\n\t\t\t\t\t\t<i aria-hidden=\"true\" class=\"eicon-chevron-right\"><\/i>\t\t\t\t\t<\/div>\n\t\t\t\t\n\t\t\t\t\t\t\t\t\t<div class=\"swiper-pagination\"><\/div>\n\t\t\t\t\t\t\t\t\t<\/div>\n\t\t\t\t<\/div>\n\t\t\t\t<\/div>\n\t\t\t\t\t<\/div>\n\t\t<\/div>\n\t\t\t\t\t<\/div>\n\t\t<\/section>\n\t\t\t\t<section class=\"elementor-section elementor-top-section elementor-element elementor-element-fd864d0 elementor-section-boxed elementor-section-height-default elementor-section-height-default\" data-id=\"fd864d0\" data-element_type=\"section\">\n\t\t\t\t\t\t<div class=\"elementor-container elementor-column-gap-default\">\n\t\t\t\t\t<div class=\"elementor-column elementor-col-100 elementor-top-column elementor-element elementor-element-0b74e0c\" data-id=\"0b74e0c\" data-element_type=\"column\">\n\t\t\t<div class=\"elementor-widget-wrap elementor-element-populated\">\n\t\t\t\t\t\t<div class=\"elementor-element elementor-element-6076a72 elementor-widget elementor-widget-text-editor\" data-id=\"6076a72\" data-element_type=\"widget\" data-widget_type=\"text-editor.default\">\n\t\t\t\t<div class=\"elementor-widget-container\">\n\t\t\t\t\t\t\t<h5>Solicitar Agendamento<\/h5>\n<div class=\"entry-content\">\n<div>Para solicitar o uso do laborat\u00f3rio envie um e-mail para <strong>2012lidm@gmail.com<\/strong> com os seguintes dados (as marca\u00e7\u00f5es ser\u00e3o realizadas conforme a data do e-mail enviado, caso ocorra algum conflito de hor\u00e1rios):<\/div>\n<div>\u00a0<\/div>\n<div><strong><span style=\"font-family: arial, helvetica, sans-serif\">Requerente Respons\u00e1vel: Prof.(a)<\/span><\/strong><\/div>\n<div><strong><span style=\"font-family: arial, helvetica, sans-serif\">Respons\u00e1vel pela retirada da chave:<br \/>Aluno ou servidor t\u00e9cnico que conduzir\u00e1 a a\u00e7\u00e3o:\u00a0<\/span><\/strong><\/div>\n<div><strong><span style=\"font-family: arial, helvetica, sans-serif\">Natureza da atividade:<\/span><\/strong><\/div>\n<div><strong><span style=\"font-family: arial, helvetica, sans-serif\">Disciplina ou Projeto:<\/span><\/strong><\/div>\n<div><strong><span style=\"font-family: arial, helvetica, sans-serif\">N\u00famero de alunos atendidos:<\/span><\/strong><\/div>\n<div><strong><span style=\"font-family: arial, helvetica, sans-serif\">Data:<\/span><\/strong><\/div>\n<div><strong><span style=\"font-family: arial, helvetica, sans-serif\">Hor\u00e1rio:<\/span><\/strong><\/div>\n<div><strong><span style=\"font-family: arial, helvetica, sans-serif\">Recursos:<\/span><\/strong><\/div>\n<div><strong><span style=\"font-family: arial, helvetica, sans-serif\">Informar gradua\u00e7\u00e3o da atividade (gradua\u00e7\u00e3o, mestrado, especializa\u00e7\u00e3o, \u2026):<\/span><\/strong><\/div>\n<div>\u00a0<\/div>\n<div><strong><span style=\"font-family: arial, helvetica, sans-serif\">SALA: \u00a0 (1235A ou 1235B- essa, apenas espa\u00e7o f\u00edsico)<\/span><\/strong><\/div>\n<\/div>\t\t\t\t\t\t<\/div>\n\t\t\t\t<\/div>\n\t\t\t\t\t<\/div>\n\t\t<\/div>\n\t\t\t\t\t<\/div>\n\t\t<\/section>\n\t\t\t\t<section class=\"elementor-section elementor-top-section elementor-element elementor-element-bcc0888 elementor-section-boxed elementor-section-height-default elementor-section-height-default\" data-id=\"bcc0888\" data-element_type=\"section\">\n\t\t\t\t\t\t<div class=\"elementor-container elementor-column-gap-default\">\n\t\t\t\t\t<div class=\"elementor-column elementor-col-100 elementor-top-column elementor-element elementor-element-fd30c11\" data-id=\"fd30c11\" data-element_type=\"column\">\n\t\t\t<div class=\"elementor-widget-wrap elementor-element-populated\">\n\t\t\t\t\t\t<div class=\"elementor-element elementor-element-884e01a elementor-widget elementor-widget-shortcode\" data-id=\"884e01a\" data-element_type=\"widget\" data-widget_type=\"shortcode.default\">\n\t\t\t\t<div class=\"elementor-widget-container\">\n\t\t\t\t\t<div class=\"elementor-shortcode\"><iframe src=\"https:\/\/calendar.google.com\/calendar\/embed?height=600&amp;wkst=1&amp;ctz=America%2FSao_Paulo&amp;showPrint=0&amp;showCalendars=0&amp;showTz=0&amp;src=MjAxMmxpZG1AZ21haWwuY29t&amp;src=cHQuYnJhemlsaWFuI2hvbGlkYXlAZ3JvdXAudi5jYWxlbmRhci5nb29nbGUuY29t&amp;color=%23039be5&amp;color=%230b8043\" width=\"800\" height=\"600\" frameborder=\"0\" scrolling=\"no\"><\/iframe><\/div>\n\t\t\t\t<\/div>\n\t\t\t\t<\/div>\n\t\t\t\t\t<\/div>\n\t\t<\/div>\n\t\t\t\t\t<\/div>\n\t\t<\/section>\n\t\t\t\t<section class=\"elementor-section elementor-top-section elementor-element elementor-element-778180b elementor-section-boxed elementor-section-height-default elementor-section-height-default\" data-id=\"778180b\" data-element_type=\"section\">\n\t\t\t\t\t\t<div class=\"elementor-container elementor-column-gap-default\">\n\t\t\t\t\t<div class=\"elementor-column elementor-col-100 elementor-top-column elementor-element elementor-element-adabbc7\" data-id=\"adabbc7\" data-element_type=\"column\">\n\t\t\t<div class=\"elementor-widget-wrap elementor-element-populated\">\n\t\t\t\t\t\t<div class=\"elementor-element elementor-element-b62a255 elementor-widget elementor-widget-text-editor\" data-id=\"b62a255\" data-element_type=\"widget\" data-widget_type=\"text-editor.default\">\n\t\t\t\t<div class=\"elementor-widget-container\">\n\t\t\t\t\t\t\t<h5><strong>Normas de Utiliza\u00e7\u00e3o<\/strong><\/h5>\n<p><strong>NORMATIVAS PARA USO E AGENDAMENTO DO LABORAT\u00d3RIO DE INFORM\u00c1TICA DO DEPARTAMENTO DE MATEM\u00c1TICA \u2013 LIDM.<\/strong><\/p>\n<p>O objetivo fim do LIDM \u00e9 propiciar um ambiente de apoio ao desenvolvimento das atividades acad\u00eamicas vinculadas ao Departamento de Matem\u00e1tica (DM) e\/ou, conforme disponibilidade, aos demais departamentos da comunidade universit\u00e1ria.<\/p>\n<p><strong>I) Classifica\u00e7\u00e3o do atendimento;<\/strong><\/p>\n<p><em>1) Quanto \u00e0 natureza da atividade;<\/em><\/p>\n<p><strong>\u00a0i)<\/strong>\u00a0Ensino;<\/p>\n<p><strong>ii)<\/strong>\u00a0Extens\u00e3o;<\/p>\n<p><strong>iii)<\/strong>\u00a0Pesquisa;<\/p>\n<p><em>2) Quanto \u00e0 destina\u00e7\u00e3o da atividade;<\/em><\/p>\n<p><strong>i)\u00a0<\/strong>de P\u00f3s-gradua\u00e7\u00e3o;<\/p>\n<p><strong>ii)\u00a0<\/strong>de Gradua\u00e7\u00e3o;<\/p>\n<p><strong>iii)\u00a0<\/strong>de Ensino B\u00e1sico;<\/p>\n<p><em>3) Quanto \u00e0 finalidade da atividade;<\/em><\/p>\n<p><strong>i)\u00a0<\/strong>Atividades desenvolvidas em disciplinas do Curso de Licenciatura Plena em Matem\u00e1tica, Bacharelado em Matem\u00e1tica, Especializa\u00e7\u00e3o em Matem\u00e1tica e Mestrado em Matem\u00e1tica, conforme ordena\u00e7\u00e3o;<\/p>\n<p><strong>a.<\/strong>\u00a0disciplinas da \u00e1rea de c\u00e1lculo num\u00e9rico e algoritmo;<\/p>\n<p><strong>b.\u00a0<\/strong>disciplinas da \u00e1rea de educa\u00e7\u00e3o matem\u00e1tica (\u00eanfase na utiliza\u00e7\u00e3o de recursos tecnol\u00f3gicos);<\/p>\n<p><strong>c.<\/strong>\u00a0demais disciplinas que se utilizem de recursos computacionais como recurso did\u00e1tico;<\/p>\n<p><strong>ii)\u00a0<\/strong>Atividades desenvolvidas em disciplinas atendidas pelo DM, conforme ordena\u00e7\u00e3o;<\/p>\n<p><strong>a.<\/strong>\u00a0disciplinas da \u00e1rea de c\u00e1lculo num\u00e9rico e algoritmo;<\/p>\n<p><strong>b.<\/strong>\u00a0demais disciplinas que se utilizem de recursos computacionais como recurso did\u00e1tico;<\/p>\n<p><strong>iii)\u00a0<\/strong>Atividades vinculadas a projetos de Ensino;<\/p>\n<p><strong>iv)\u00a0<\/strong>Atividades vinculadas a projetos de Extens\u00e3o;<\/p>\n<p><strong>v)\u00a0<\/strong>Atividades vinculadas a projetos de Pesquisa;<\/p>\n<p><em>4) Demais situa\u00e7\u00f5es ser\u00e3o analisadas quanta \u00e0 disponibilidade de hor\u00e1rios.<\/em><\/p>\n<p><strong>II) Procedimentos para agendamento do LIDM;<\/strong><\/p>\n<p><em>1)<strong>\u00a0<\/strong>Atender as prerrogativas contempladas em I;<\/em><\/p>\n<p><em>2) O agendamento ser\u00e1 efetuado apenas pelo professor orientador da atividade, que ser\u00e1 respons\u00e1vel pela manuten\u00e7\u00e3o do LIDM durante seu uso;<\/em><\/p>\n<p><em>3) Especifica\u00e7\u00e3o quanto a natureza, destina\u00e7\u00e3o e finalidade da atividade no momento do agendamento;<\/em><\/p>\n<p><em>4) Hor\u00e1rios agendados e dispon\u00edveis estar\u00e3o publicados na \u201cTabela de Hor\u00e1rios\u201d, no pr\u00f3prio LIDM ou junto ao supervisor do LIDM.<\/em><\/p>\n<p><em>5) Quanto ao agendamento de hor\u00e1rios;<\/em><\/p>\n<p><strong>i.<\/strong>\u00a0Pr\u00e9-agendamento de atividades ao in\u00edcio de cada semestre ;<\/p>\n<p><strong>ii.<\/strong>\u00a0Agendamento durante o semestre letivo conforme disponibilidade de hor\u00e1rios (Agendamento pr\u00e9vio, com anteced\u00eancia m\u00ednima de 48 horas [ou conforme disponibilidade de hor\u00e1rios em per\u00edodo inferior] );<\/p>\n<p><strong>iii.<\/strong>\u00a0Em caso de conflito de hor\u00e1rios no agendamento das atividades, sugere-se acordo entre os interessados.<\/p>\n<p><strong>III) O LIDM utiliza-se do sistema operacional LINUX e demais softwares de licen\u00e7a livre.\u00a0<\/strong><\/p>\n<p><strong>IV) CONDUTAS E ATIVIDADES;<\/strong><\/p>\n<p><strong>\u00a0 \u00a0 \u00a0 \u00a0 \u00a0 \u00a0 i.<\/strong>\u00a0As atividades a serem desenvolvidas no LIDM, em qualquer parti\u00e7\u00e3o, dever\u00e3o\u00a0permanecer exclusivamente no \u00e2mbito de sua finalidade e sempre visando a\u00a0manuten\u00e7\u00e3o, preserva\u00e7\u00e3o e limpeza dos equipamentos e espa\u00e7o f\u00edsico<br \/>disponibilizados;<\/p>\n<p><strong>\u00a0 \u00a0 \u00a0 \u00a0 \u00a0 \u00a0 ii.<\/strong>\u00a0Solicita-se encarecidamente a observa\u00e7\u00e3o e cumprimento das recomenda\u00e7\u00f5es\u00a0abaixo.<\/p>\n<p>\u2022 N\u00e3o fumar no interior do LIDM;<br \/>\u2022 N\u00e3o consumir qualquer tipo de alimento ou bebida nas depend\u00eancias do\u00a0LIDM;<br \/>\u2022 O n\u00e3o uso de medicamentos e a aplica\u00e7\u00e3o de cosm\u00e9ticos nas depend\u00eancias do\u00a0LIDM.<\/p>\t\t\t\t\t\t<\/div>\n\t\t\t\t<\/div>\n\t\t\t\t\t<\/div>\n\t\t<\/div>\n\t\t\t\t\t<\/div>\n\t\t<\/section>\n\t\t\t\t<section class=\"elementor-section elementor-top-section elementor-element elementor-element-6d1521d elementor-section-boxed elementor-section-height-default elementor-section-height-default\" data-id=\"6d1521d\" data-element_type=\"section\">\n\t\t\t\t\t\t<div class=\"elementor-container elementor-column-gap-default\">\n\t\t\t\t\t<div class=\"elementor-column elementor-col-100 elementor-top-column elementor-element elementor-element-d52d956\" data-id=\"d52d956\" data-element_type=\"column\">\n\t\t\t<div class=\"elementor-widget-wrap elementor-element-populated\">\n\t\t\t\t\t\t<div class=\"elementor-element elementor-element-e501f49 elementor-widget elementor-widget-text-editor\" data-id=\"e501f49\" data-element_type=\"widget\" data-widget_type=\"text-editor.default\">\n\t\t\t\t<div class=\"elementor-widget-container\">\n\t\t\t\t\t\t\t<h5><strong>Contato<\/strong><\/h5>\n<p>Localiza\u00e7\u00e3o: Pr\u00e9dio 13 (CCNE) , sala 1235B <a href=\"https:\/\/maps.app.goo.gl\/cSF4EJ3WEEHDQkWb8\">(link Google Maps).<\/a><\/p>\n<p>E-mail: 2012lidm@gmail.com<\/p>\n<p>PROFESSOR RESPONS\u00c1VEL:\u00a0 Tiago M Buriol<\/p>\n<p><span style=\"color: #000000;font-size: 1rem\">E-mail: tiago.buriol@ufsm.br<\/span><\/p>\n<p>\u00a0<\/p>\t\t\t\t\t\t<\/div>\n\t\t\t\t<\/div>\n\t\t\t\t\t<\/div>\n\t\t<\/div>\n\t\t\t\t\t<\/div>\n\t\t<\/section>\n\t\t\t\t<section class=\"elementor-section elementor-top-section elementor-element elementor-element-a1d0463 elementor-section-boxed elementor-section-height-default elementor-section-height-default\" data-id=\"a1d0463\" data-element_type=\"section\">\n\t\t\t\t\t\t<div class=\"elementor-container elementor-column-gap-default\">\n\t\t\t\t\t<div class=\"elementor-column elementor-col-100 elementor-top-column elementor-element elementor-element-db3dcf4\" data-id=\"db3dcf4\" data-element_type=\"column\">\n\t\t\t<div class=\"elementor-widget-wrap elementor-element-populated\">\n\t\t\t\t\t\t<div class=\"elementor-element elementor-element-574ad0a elementor-widget elementor-widget-shortcode\" data-id=\"574ad0a\" data-element_type=\"widget\" data-widget_type=\"shortcode.default\">\n\t\t\t\t<div class=\"elementor-widget-container\">\n\t\t\t\t\t<div class=\"elementor-shortcode\"><iframe src=\"https:\/\/www.google.com\/maps\/embed?pb=!1m18!1m12!1m3!1d678.3756367375431!2d-53.717018738895135!3d-29.714620094779647!2m3!1f0!2f0!3f0!3m2!1i1024!2i768!4f13.1!3m3!1m2!1s0x9503b50079e743ab%3A0x190182493c4a7d5e!2sLIDM%20-%20Laborat%C3%B3rio%20de%20Informatica%20do%20Departamento%20de%20Matem%C3%A1tica!5e0!3m2!1spt-BR!2sbr!4v1769022868703!5m2!1spt-BR!2sbr\" width=\"600\" height=\"450\" allowfullscreen=\"\"><\/iframe><\/div>\n\t\t\t\t<\/div>\n\t\t\t\t<\/div>\n\t\t\t\t\t<\/div>\n\t\t<\/div>\n\t\t\t\t\t<\/div>\n\t\t<\/section>\n\t\t\t\t<\/div>\n\t\t","protected":false},"excerpt":{"rendered":"<p>Apresenta\u00e7\u00e3o Este site tem por finalidade apresentar o Laborat\u00f3rio de Inform\u00e1tica do Departamento de Matem\u00e1tica (LIDM), al\u00e9m de disponibilizar informa\u00e7\u00f5es relativas ao seu uso e aos procedimentos de agendamento. O LIDM est\u00e1 \u00e0 disposi\u00e7\u00e3o da comunidade da UFSM, podendo ser utilizado em aulas, oficinas, minicursos, palestras e demais atividades acad\u00eamicas. O laborat\u00f3rio encontra-se vinculado a [&hellip;]<\/p>\n","protected":false},"author":46,"featured_media":0,"parent":0,"menu_order":0,"comment_status":"closed","ping_status":"closed","template":"","meta":{"footnotes":""},"categories":[],"tags":[],"class_list":["post-2068","page","type-page","status-publish","hentry"],"acf":[],"_links":{"self":[{"href":"https:\/\/www.ufsm.br\/unidades-universitarias\/ccne\/wp-json\/wp\/v2\/pages\/2068","targetHints":{"allow":["GET"]}}],"collection":[{"href":"https:\/\/www.ufsm.br\/unidades-universitarias\/ccne\/wp-json\/wp\/v2\/pages"}],"about":[{"href":"https:\/\/www.ufsm.br\/unidades-universitarias\/ccne\/wp-json\/wp\/v2\/types\/page"}],"author":[{"embeddable":true,"href":"https:\/\/www.ufsm.br\/unidades-universitarias\/ccne\/wp-json\/wp\/v2\/users\/46"}],"replies":[{"embeddable":true,"href":"https:\/\/www.ufsm.br\/unidades-universitarias\/ccne\/wp-json\/wp\/v2\/comments?post=2068"}],"version-history":[{"count":0,"href":"https:\/\/www.ufsm.br\/unidades-universitarias\/ccne\/wp-json\/wp\/v2\/pages\/2068\/revisions"}],"wp:attachment":[{"href":"https:\/\/www.ufsm.br\/unidades-universitarias\/ccne\/wp-json\/wp\/v2\/media?parent=2068"}],"wp:term":[{"taxonomy":"category","embeddable":true,"href":"https:\/\/www.ufsm.br\/unidades-universitarias\/ccne\/wp-json\/wp\/v2\/categories?post=2068"},{"taxonomy":"post_tag","embeddable":true,"href":"https:\/\/www.ufsm.br\/unidades-universitarias\/ccne\/wp-json\/wp\/v2\/tags?post=2068"}],"curies":[{"name":"wp","href":"https:\/\/api.w.org\/{rel}","templated":true}]}}