{"id":2769,"date":"2022-06-06T22:35:44","date_gmt":"2022-06-07T01:35:44","guid":{"rendered":"https:\/\/www.ufsm.br\/unidades-universitarias\/ccne\/?page_id=2769"},"modified":"2022-08-30T09:44:18","modified_gmt":"2022-08-30T12:44:18","slug":"subdivisao-de-acompanhamento-e-apoio-a-gestao-de-pessoas","status":"publish","type":"page","link":"https:\/\/www.ufsm.br\/unidades-universitarias\/ccne\/subdivisao-de-acompanhamento-e-apoio-a-gestao-de-pessoas","title":{"rendered":"Subdivis\u00e3o de Acompanhamento e Apoio \u00e0 Gest\u00e3o de Pessoas &#8211; SAAGEP\/CCNE"},"content":{"rendered":"\n<p><span style=\"font-weight: 400\">A Subdivis\u00e3o de Acompanhamento e Apoio \u00e0 Gest\u00e3o de Pessoas \u00e9 vinculada \u00e0 Secretaria Administrativa do CCNE (SAAGEP\/CCNE). Al\u00e9m das compet\u00eancias gerais correspondentes constantes no Regimento Geral, compete:<\/span><\/p>\n<ul>\n<li><span style=\"font-weight: 400\">acompanhar junto \u00e0s subunidades da Unidade de Ensino \u00e0s demandas de servidores realizando, com o apoio das unidades competentes, a an\u00e1lise inicial de descri\u00e7\u00e3o de cargo demandadas e as compet\u00eancias das respectivas unidades, produzindo os relat\u00f3rios e instrumentos necess\u00e1rios para dar suporte \u00e0s tomadas de decis\u00e3o referente a gest\u00e3o de pessoas na Unidade de Ensino;<\/span><\/li>\n<li style=\"font-weight: 400\"><span style=\"font-weight: 400\">propor, no \u00e2mbito da Unidade de Ensino, as adequa\u00e7\u00f5es necess\u00e1rias para a gest\u00e3o e acompanhamento eficiente, eficaz e tempestivo de servidores;\u00a0<\/span><\/li>\n<li style=\"font-weight: 400\"><span style=\"font-weight: 400\">realizar o apoio t\u00e9cnico necess\u00e1rio a realiza\u00e7\u00e3o de concursos docentes no \u00e2mbito da unidade em conson\u00e2ncia com as compet\u00eancias dos Departamentos Did\u00e1ticos e Secretaria Integrada de Departamentos.<\/span><\/li>\n<\/ul>\n<p>\u00a0<\/p>\n<p><span style=\"font-weight: 400\">S\u00e3o atribui\u00e7\u00f5es do chefe da Subdivis\u00e3o de Acompanhamento e Apoio \u00e0 Gest\u00e3o de Pessoas, al\u00e9m das gerais correspondentes constantes no Regimento Geral da UFSM, as especiais de:<\/span><\/p>\n<ul>\n<li style=\"font-weight: 400\"><span style=\"font-weight: 400\">auxiliar a Dire\u00e7\u00e3o da Unidade de Ensino nos encaminhamentos relacionadas a gest\u00e3o de pessoas, em <\/span>parceria com demais subunidades da Unidade de Ensino, sempre que necess\u00e1rio;<\/li>\n<li style=\"font-weight: 400\"><span style=\"font-weight: 400\">orientar e auxiliar as subunidades da Unidade de Ensino quanto \u00e0s pr\u00e1ticas de gest\u00e3o de pessoas.<\/span><\/li>\n<\/ul>\n<p>\u00a0<\/p>\n<p><strong>Equipe:<br \/><\/strong>Marilene Dias do Nascimento (chefe da subdivis\u00e3o)<br \/><strong>E-mail:<\/strong> <a class=\"notranslate\" href=\"mailto:saagep.ccne@ufsm.br\">saagep.ccne@ufsm.br<\/a><br \/><strong>Telefone:<\/strong> (55) 3220-8455<br \/>Sala 1143 (pr\u00e9dio 13)<\/p>\n\n\n","protected":false},"excerpt":{"rendered":"<p>A Subdivis\u00e3o de Acompanhamento e Apoio \u00e0 Gest\u00e3o de Pessoas \u00e9 vinculada \u00e0 Secretaria Administrativa do CCNE (SAAGEP\/CCNE). Al\u00e9m das compet\u00eancias gerais correspondentes constantes no Regimento Geral, compete: acompanhar junto \u00e0s subunidades da Unidade de Ensino \u00e0s demandas de servidores realizando, com o apoio das unidades competentes, a an\u00e1lise inicial de descri\u00e7\u00e3o de cargo demandadas [&hellip;]<\/p>\n","protected":false},"author":5675,"featured_media":0,"parent":0,"menu_order":0,"comment_status":"closed","ping_status":"closed","template":"","meta":{"footnotes":""},"categories":[],"tags":[],"class_list":["post-2769","page","type-page","status-publish","hentry"],"acf":[],"_links":{"self":[{"href":"https:\/\/www.ufsm.br\/unidades-universitarias\/ccne\/wp-json\/wp\/v2\/pages\/2769","targetHints":{"allow":["GET"]}}],"collection":[{"href":"https:\/\/www.ufsm.br\/unidades-universitarias\/ccne\/wp-json\/wp\/v2\/pages"}],"about":[{"href":"https:\/\/www.ufsm.br\/unidades-universitarias\/ccne\/wp-json\/wp\/v2\/types\/page"}],"author":[{"embeddable":true,"href":"https:\/\/www.ufsm.br\/unidades-universitarias\/ccne\/wp-json\/wp\/v2\/users\/5675"}],"replies":[{"embeddable":true,"href":"https:\/\/www.ufsm.br\/unidades-universitarias\/ccne\/wp-json\/wp\/v2\/comments?post=2769"}],"version-history":[{"count":0,"href":"https:\/\/www.ufsm.br\/unidades-universitarias\/ccne\/wp-json\/wp\/v2\/pages\/2769\/revisions"}],"wp:attachment":[{"href":"https:\/\/www.ufsm.br\/unidades-universitarias\/ccne\/wp-json\/wp\/v2\/media?parent=2769"}],"wp:term":[{"taxonomy":"category","embeddable":true,"href":"https:\/\/www.ufsm.br\/unidades-universitarias\/ccne\/wp-json\/wp\/v2\/categories?post=2769"},{"taxonomy":"post_tag","embeddable":true,"href":"https:\/\/www.ufsm.br\/unidades-universitarias\/ccne\/wp-json\/wp\/v2\/tags?post=2769"}],"curies":[{"name":"wp","href":"https:\/\/api.w.org\/{rel}","templated":true}]}}