{"id":474,"date":"2018-06-25T08:13:16","date_gmt":"2018-06-25T11:13:16","guid":{"rendered":"https:\/\/www.ufsm.br\/unidades-universitarias\/ccne\/?page_id=474"},"modified":"2022-06-08T12:01:03","modified_gmt":"2022-06-08T15:01:03","slug":"sobre","status":"publish","type":"page","link":"https:\/\/www.ufsm.br\/unidades-universitarias\/ccne\/sobre","title":{"rendered":"Sobre"},"content":{"rendered":"<p><span style=\"font-weight: 400\">Fazendo parte da UFSM, em 12 de fevereiro de 1970 foi criado, pelo Decreto n\u00ba 66.191, o Centro de Estudos B\u00e1sicos, mantido com esse nome at\u00e9 12 de julho de 1978, data que marca a reativa\u00e7\u00e3o dos cursos de Ci\u00eancias Biol\u00f3gicas, F\u00edsica, Qu\u00edmica, Geografia, Hist\u00f3ria e Matem\u00e1tica (desativados em 1976). Em 30 de julho desse mesmo ano, o Centro de Estudos B\u00e1sicos passa a denominar-se <strong>Centro de Ci\u00eancias Naturais e Exatas (CCNE)<\/strong> e, a partir da\u00ed, o CCNE <\/span><span style=\"font-weight: 400\">passou a ter a miss\u00e3o de priorizar a pesquisa e o conhecimento atrav\u00e9s da difus\u00e3o de saberes e do incentivo \u00e0 iniciativa para, ent\u00e3o, construir e transformar a realidade.<\/span><\/p>\n<p>Localizado no campus sede da UFSM, o Centro possui 8 departamentos, 16 cursos de gradua\u00e7\u00e3o e 20 cursos de p\u00f3s-gradua\u00e7\u00e3o. Al\u00e9m disso, conta com tr\u00eas \u00f3rg\u00e3os de apoio e tr\u00eas \u00f3rg\u00e3os suplementares, que complementam a sua estrutura e fazem a sua liga\u00e7\u00e3o com a comunidade externa.<\/p>\n<p><span style=\"font-weight: 400\">O Centro conta com mais de 2.000 estudantes regularmente matriculados, aproximadamente 200 docentes e cerca de 100 t\u00e9cnicos-administrativos em educa\u00e7\u00e3o (TAEs). <\/span><span style=\"font-weight: 400\">Os Cursos do CCNE encontram-se espalhados em v\u00e1rios pr\u00e9dios do campus e contabilizam um grande n\u00famero de salas de aulas e laborat\u00f3rios, onde os acad\u00eamicos podem vivenciar atividades de ensino, pesquisa, extens\u00e3o e inova\u00e7\u00e3o.\u00a0<\/span><\/p>\n<p>Atualmente, o CCNE \u00e9 considerado um dos maiores centros de ensino da UFSM. Por sua qualidade, \u00e9 tido como um dos grandes polos de pesquisa desta Universidade e, por este motivo, \u00e9 t\u00e3o importante no meio acad\u00eamico. H\u00e1 mais de quatro d\u00e9cadas o CCNE apresenta concretiza\u00e7\u00f5es cient\u00edficas, colaborando para o desenvolvimento da UFSM e da comunidade em que est\u00e1 inserido.<\/p>\n\n","protected":false},"excerpt":{"rendered":"<p>Fazendo parte da UFSM, em 12 de fevereiro de 1970 foi criado, pelo Decreto n\u00ba 66.191, o Centro de Estudos B\u00e1sicos, mantido com esse nome at\u00e9 12 de julho de 1978, data que marca a reativa\u00e7\u00e3o dos cursos de Ci\u00eancias Biol\u00f3gicas, F\u00edsica, Qu\u00edmica, Geografia, Hist\u00f3ria e Matem\u00e1tica (desativados em 1976). Em 30 de julho desse [&hellip;]<\/p>\n","protected":false},"author":35,"featured_media":0,"parent":0,"menu_order":0,"comment_status":"closed","ping_status":"closed","template":"","meta":{"footnotes":""},"categories":[],"tags":[],"class_list":["post-474","page","type-page","status-publish","hentry"],"acf":[],"_links":{"self":[{"href":"https:\/\/www.ufsm.br\/unidades-universitarias\/ccne\/wp-json\/wp\/v2\/pages\/474","targetHints":{"allow":["GET"]}}],"collection":[{"href":"https:\/\/www.ufsm.br\/unidades-universitarias\/ccne\/wp-json\/wp\/v2\/pages"}],"about":[{"href":"https:\/\/www.ufsm.br\/unidades-universitarias\/ccne\/wp-json\/wp\/v2\/types\/page"}],"author":[{"embeddable":true,"href":"https:\/\/www.ufsm.br\/unidades-universitarias\/ccne\/wp-json\/wp\/v2\/users\/35"}],"replies":[{"embeddable":true,"href":"https:\/\/www.ufsm.br\/unidades-universitarias\/ccne\/wp-json\/wp\/v2\/comments?post=474"}],"version-history":[{"count":0,"href":"https:\/\/www.ufsm.br\/unidades-universitarias\/ccne\/wp-json\/wp\/v2\/pages\/474\/revisions"}],"wp:attachment":[{"href":"https:\/\/www.ufsm.br\/unidades-universitarias\/ccne\/wp-json\/wp\/v2\/media?parent=474"}],"wp:term":[{"taxonomy":"category","embeddable":true,"href":"https:\/\/www.ufsm.br\/unidades-universitarias\/ccne\/wp-json\/wp\/v2\/categories?post=474"},{"taxonomy":"post_tag","embeddable":true,"href":"https:\/\/www.ufsm.br\/unidades-universitarias\/ccne\/wp-json\/wp\/v2\/tags?post=474"}],"curies":[{"name":"wp","href":"https:\/\/api.w.org\/{rel}","templated":true}]}}