{"id":4940,"date":"2024-04-16T14:34:46","date_gmt":"2024-04-16T17:34:46","guid":{"rendered":"https:\/\/www.ufsm.br\/unidades-universitarias\/ccne\/?page_id=4940"},"modified":"2025-01-16T11:23:37","modified_gmt":"2025-01-16T14:23:37","slug":"orientacoes-sobre-matricula","status":"publish","type":"page","link":"https:\/\/www.ufsm.br\/unidades-universitarias\/ccne\/secretaria-integrada-dos-cursos-de-pos-graduacao-do-ccne\/orientacao-para-a-utilizacao-dos-recursos-do-proap\/orientacoes-sobre-matricula","title":{"rendered":"Orienta\u00e7\u00f5es sobre matr\u00edcula"},"content":{"rendered":"\n<p><strong>ORIENTA\u00c7\u00d5ES GERAIS<\/strong>:<\/p>\n<ul>\n<li>A solicita\u00e7\u00e3o de matr\u00edcula em disciplinas deve ser realizada pelo discente, via Portal do Aluno, no per\u00edodo indicado no <a href=\"https:\/\/www.ufsm.br\/calendario\">Calend\u00e1rio Acad\u00eamico da UFSM<\/a>;<\/li>\n<li>\u00c9 responsabilidade do discente averiguar a data em que deve efetuar as solicita\u00e7\u00f5es de matr\u00edcula e acompanhar se foram deferidas ou indeferidas;<\/li>\n<li>A matr\u00edcula em disciplinas deve ser realizada em todos os semestres do curso, at\u00e9 que seja aberto o processo para defesa final. Com exce\u00e7\u00e3o as disciplinas de manuten\u00e7\u00e3o de v\u00ednculo <strong><span style=\"background-color: #ffff00\">(EDD\/EDT\/EDM),<\/span> que ser\u00e3o renovadas a cada per\u00edodo letivo, <em>automaticamente, <\/em><\/strong>conforme previsto no <a href=\"https:\/\/www.ufsm.br\/app\/uploads\/sites\/345\/2023\/10\/RES_UFSM_2023_139_ANEXO_I_Regulamento-Geral-PG-Stricto-Sensu-UFSM-2023.pdf\">Regulamento Geral da p\u00f3s-gradua\u00e7\u00e3o da UFSM<\/a>;<\/li>\n<\/ul>\n<p>\u00a0<\/p>\n<p><strong>MATR\u00cdCULA EM EDD\/EDT\/EDM:<\/strong><\/p>\n<ul>\n<li>As disciplinas de <span style=\"font-weight: 400\">Elabora\u00e7\u00e3o de Defesa de Monografia (EDM), Elabora\u00e7\u00e3o de Disserta\u00e7\u00e3o\/Tese (EDT) e Elabora\u00e7\u00e3o de Defesa de Doutorado (EDD) n\u00e3o possuem cr\u00e9ditos e s\u00e3o utilizadas apenas para manuten\u00e7\u00e3o de v\u00ednculo discente;<\/span><\/li>\n<li>A matr\u00edcula ser\u00e1 realizada em EDM para alunos de cursos de especializa\u00e7\u00e3o, em EDD para alunos de cursos de mestrado, e em EDT para alunos de cursos de doutorado e o docente docente respons\u00e1vel pela turma ser\u00e1 o orientador indicado no plano de estudos do aluno.<\/li>\n<li>Os alunos novos ou alunos que ainda n\u00e3o tiveram seu plano de estudos aprovado pelo curso ser\u00e3o matriculados em uma turma sob responsabilidade do coordenador do Programa\/Curso ao qual est\u00e1 vinculado.<\/li>\n<\/ul>\n<p>\u00a0<\/p>\n<p><strong>AJUSTE DE MATR\u00cdCULA<\/strong>:<\/p>\n<ul>\n<li>O ajuste de matr\u00edcula refere-se \u00e0 exclus\u00e3o ou inclus\u00e3o de disciplinas para o respectivo semestre letivo (<a href=\"https:\/\/www.ufsm.br\/pro-reitorias\/prpgp\/servicos\/matriculas-em-disciplinas-para-discentes-de-pos-graduacao\"><em>tutorial na p\u00e1gina da PRPGP<\/em><\/a>);<\/li>\n<li>Est\u00e3o previstos no Calend\u00e1rio Acad\u00eamico da UFSM dois per\u00edodos de ajuste de matr\u00edcula, o primeiro dispon\u00edvel aos discentes diretamente pelo Portal do Aluno e o segundo, realizado pela Secretaria Integrada dos Cursos de P\u00f3s-Gradua\u00e7\u00e3o. Sendo assim, as solicita\u00e7\u00f5es de ajustes dever\u00e3o ser enviadas para a SIPG <strong>somente no per\u00edodo indicado<\/strong> no\u00a0<a href=\"https:\/\/www.ufsm.br\/calendario\">Calend\u00e1rio Acad\u00eamico da UFSM,<\/a> presencialmente, ou via e-mail;<\/li>\n<\/ul>\n<p>\u00a0<\/p>\n<p><strong>AJUSTES DE MATR\u00cdCULA FORA DE PRAZO<\/strong><\/p>\n<ul>\n<li>Ap\u00f3s o prazo previsto no Calend\u00e1rio, poder\u00e3o ser realizados ajustes de matr\u00edcula somente para casos excepcionais e devidamente justificados. Procedimento conforme consta na p\u00e1gina de servi\u00e7o da PRPGP sobre <a style=\"font-size: revert\" href=\"https:\/\/www.ufsm.br\/pro-reitorias\/prpgp\/servicos\/ajuste-de-matricula-de-pos-graduacao-fora-de-prazo\">Ajuste de matr\u00edcula de p\u00f3s-gradua\u00e7\u00e3o fora de prazo<\/a><span style=\"font-size: revert;color: initial\">.<\/span><\/li>\n<\/ul>\n<p>\u00a0<\/p>\n<p><strong>SOLICITA\u00c7\u00c3O DE TRANCAMENTO DE DISCIPLINAS:<\/strong> <em><span style=\"text-decoration: underline\">N\u00e3o existe a possibilidade de trancamento parcial de disciplinas na p\u00f3s-gradua\u00e7\u00e3o da UFSM<\/span>.<\/em><\/p>\n<p>\u00a0<\/p>\n<p><strong>MATR\u00cdCULA EXTRACURRICULAR:\u00a0<\/strong><\/p>\n<ul>\n<li>Esta modalidade de matr\u00edcula se aplica quando um aluno de p\u00f3s-gradua\u00e7\u00e3o deseja cursar uma disciplina de outro curso de P\u00f3s-Gradua\u00e7\u00e3o da UFSM;<\/li>\n<li>As datas de solicita\u00e7\u00e3o de matr\u00edcula extracurricular est\u00e3o estabelecidas no <a href=\"https:\/\/www.ufsm.br\/calendario\">Calend\u00e1rio Acad\u00eamico<\/a>, sendo responsabilidade do discente verificar o per\u00edodo correto;<\/li>\n<li>Chegando o momento da solicita\u00e7\u00e3o, o discente deve mandar um e-mail a Secretaria Integrada de Cursos de P\u00f3s-Gradua\u00e7\u00e3o (pos.ccne@ufsm.br) solicitando a matr\u00edcula. O e-mail deve conter as seguintes informa\u00e7\u00f5es: a) Curso de origem; b) Curso em que deseja cursar a disciplina; c) Nome e c\u00f3digo da disciplina; d) Nome do orientador;<\/li>\n<li>Ap\u00f3s, a SIPG encaminha a solicita\u00e7\u00e3o para o orientador e coordenador dos PPGs para an\u00e1lise. Sendo a solicita\u00e7\u00e3o aprovada, a SIPG efetua a matr\u00edcula, ou encaminha a solicita\u00e7\u00e3o para a Secretaria apropriada (no caso de cursos de outro centro).<\/li>\n<\/ul>\n<p>\u00a0<\/p>\n<p><strong>AFASTAMENTO\/LICEN\u00c7A DE DISCENTES DA P\u00d3S-GRADUA\u00c7\u00c3O<\/strong><\/p>\n<p>Procedimento conforme consta na p\u00e1gina de servi\u00e7o da PRPGP sobre\u00a0<a href=\"https:\/\/www.ufsm.br\/pro-reitorias\/prpgp\/servicos\/afastamento-licenca-de-discente-da-pos-graduacao\">Afastamento\/Licen\u00e7a de Discente da P\u00f3s-Gradua\u00e7\u00e3o<\/a>.<\/p>\n<p>\u00a0<\/p>\n<p>\u00a0<\/p>\n\n\n","protected":false},"excerpt":{"rendered":"<p>ORIENTA\u00c7\u00d5ES GERAIS: A solicita\u00e7\u00e3o de matr\u00edcula em disciplinas deve ser realizada pelo discente, via Portal do Aluno, no per\u00edodo indicado no Calend\u00e1rio Acad\u00eamico da UFSM; \u00c9 responsabilidade do discente averiguar a data em que deve efetuar as solicita\u00e7\u00f5es de matr\u00edcula e acompanhar se foram deferidas ou indeferidas; A matr\u00edcula em disciplinas deve ser realizada em [&hellip;]<\/p>\n","protected":false},"author":1890,"featured_media":0,"parent":3797,"menu_order":0,"comment_status":"closed","ping_status":"closed","template":"","meta":{"footnotes":""},"categories":[],"tags":[],"class_list":["post-4940","page","type-page","status-publish","hentry"],"acf":[],"_links":{"self":[{"href":"https:\/\/www.ufsm.br\/unidades-universitarias\/ccne\/wp-json\/wp\/v2\/pages\/4940","targetHints":{"allow":["GET"]}}],"collection":[{"href":"https:\/\/www.ufsm.br\/unidades-universitarias\/ccne\/wp-json\/wp\/v2\/pages"}],"about":[{"href":"https:\/\/www.ufsm.br\/unidades-universitarias\/ccne\/wp-json\/wp\/v2\/types\/page"}],"author":[{"embeddable":true,"href":"https:\/\/www.ufsm.br\/unidades-universitarias\/ccne\/wp-json\/wp\/v2\/users\/1890"}],"replies":[{"embeddable":true,"href":"https:\/\/www.ufsm.br\/unidades-universitarias\/ccne\/wp-json\/wp\/v2\/comments?post=4940"}],"version-history":[{"count":0,"href":"https:\/\/www.ufsm.br\/unidades-universitarias\/ccne\/wp-json\/wp\/v2\/pages\/4940\/revisions"}],"up":[{"embeddable":true,"href":"https:\/\/www.ufsm.br\/unidades-universitarias\/ccne\/wp-json\/wp\/v2\/pages\/3797"}],"wp:attachment":[{"href":"https:\/\/www.ufsm.br\/unidades-universitarias\/ccne\/wp-json\/wp\/v2\/media?parent=4940"}],"wp:term":[{"taxonomy":"category","embeddable":true,"href":"https:\/\/www.ufsm.br\/unidades-universitarias\/ccne\/wp-json\/wp\/v2\/categories?post=4940"},{"taxonomy":"post_tag","embeddable":true,"href":"https:\/\/www.ufsm.br\/unidades-universitarias\/ccne\/wp-json\/wp\/v2\/tags?post=4940"}],"curies":[{"name":"wp","href":"https:\/\/api.w.org\/{rel}","templated":true}]}}