{"id":511,"date":"2018-06-25T10:40:27","date_gmt":"2018-06-25T13:40:27","guid":{"rendered":"https:\/\/www.ufsm.br\/unidades-universitarias\/ccne\/?page_id=511"},"modified":"2018-06-25T10:40:28","modified_gmt":"2018-06-25T13:40:28","slug":"biologia","status":"publish","type":"page","link":"https:\/\/www.ufsm.br\/unidades-universitarias\/ccne\/biologia","title":{"rendered":"Biologia"},"content":{"rendered":"<p>O\u00a0<strong>Departamento de Biologia<\/strong>\u00a0atende a 13 cursos de gradua\u00e7\u00e3o e a 04 cursos de p\u00f3s-gradua\u00e7\u00e3o, totalizando cerca de 1300 alunos por semestre. Sua infra-estrutura est\u00e1 composta por 14 laborat\u00f3rios equipados para atender a demanda destes alunos. Possui 15 servidores docentes e 5 servidores t\u00e9cnico-administrativos em educa\u00e7\u00e3o.<\/p>\n<p>&#8211; Chefe: Prof. Sylvio Henrique Bidel<br \/>\n&#8211; Subchefe: Prof. Liliana Essi<br \/>\n&#8211; Secret\u00e1ria: Rosimar Rubenich Nascimento<br \/>\n&#8211; Telefone: (55) 3220-8339<br \/>\n&#8211; E-mail:\u00a0<a href=\"mailto:depbioufsm@gmail.com\">depbioufsm@gmail.com<\/a><\/p>\n<p><strong>Cursos Atendidos:<\/strong><\/p>\n<p><strong>Cursos de Gradua\u00e7\u00e3o<\/strong><br \/>\n\u00b7 Agronomia<br \/>\n\u00b7 Ci\u00eancias Biol\u00f3gicas Licenciatura e Bacharelado<br \/>\n\u00b7 Educa\u00e7\u00e3o F\u00edsica<br \/>\n\u00b7 Enfermagem<br \/>\n\u00b7 Engenharia Florestal<br \/>\n\u00b7 Fisioterapia<br \/>\n\u00b7 Fonoaudiologia<br \/>\n\u00b7 Farm\u00e1cia<br \/>\n\u00b7 Medicina Veterin\u00e1ria<br \/>\n\u00b7 Odontologia<br \/>\n\u00b7 Psicologia<br \/>\n\u00b7 Qu\u00edmica Licenciatura<br \/>\n\u00b7 Zootecnia<\/p>\n<p><strong>Cursos de P\u00f3s Gradua\u00e7\u00e3o<\/strong><br \/>\n\u00b7 P\u00f3s-Gradua\u00e7\u00e3o em Agronomia<br \/>\n\u00b7 P\u00f3s-Gradua\u00e7\u00e3o em Educa\u00e7\u00e3o Ambiental<br \/>\n\u00b7 P\u00f3s-Gradua\u00e7\u00e3o em Biodiversidade Animal<\/p>\n","protected":false},"excerpt":{"rendered":"<p>O\u00a0Departamento de Biologia\u00a0atende a 13 cursos de gradua\u00e7\u00e3o e a 04 cursos de p\u00f3s-gradua\u00e7\u00e3o, totalizando cerca de 1300 alunos por semestre. Sua infra-estrutura est\u00e1 composta por 14 laborat\u00f3rios equipados para atender a demanda destes alunos. Possui 15 servidores docentes e 5 servidores t\u00e9cnico-administrativos em educa\u00e7\u00e3o. &#8211; Chefe: Prof. Sylvio Henrique Bidel &#8211; Subchefe: Prof. Liliana [&hellip;]<\/p>\n","protected":false},"author":35,"featured_media":0,"parent":0,"menu_order":0,"comment_status":"closed","ping_status":"closed","template":"","meta":{"footnotes":""},"categories":[],"tags":[],"class_list":["post-511","page","type-page","status-publish","hentry"],"acf":[],"_links":{"self":[{"href":"https:\/\/www.ufsm.br\/unidades-universitarias\/ccne\/wp-json\/wp\/v2\/pages\/511","targetHints":{"allow":["GET"]}}],"collection":[{"href":"https:\/\/www.ufsm.br\/unidades-universitarias\/ccne\/wp-json\/wp\/v2\/pages"}],"about":[{"href":"https:\/\/www.ufsm.br\/unidades-universitarias\/ccne\/wp-json\/wp\/v2\/types\/page"}],"author":[{"embeddable":true,"href":"https:\/\/www.ufsm.br\/unidades-universitarias\/ccne\/wp-json\/wp\/v2\/users\/35"}],"replies":[{"embeddable":true,"href":"https:\/\/www.ufsm.br\/unidades-universitarias\/ccne\/wp-json\/wp\/v2\/comments?post=511"}],"version-history":[{"count":0,"href":"https:\/\/www.ufsm.br\/unidades-universitarias\/ccne\/wp-json\/wp\/v2\/pages\/511\/revisions"}],"wp:attachment":[{"href":"https:\/\/www.ufsm.br\/unidades-universitarias\/ccne\/wp-json\/wp\/v2\/media?parent=511"}],"wp:term":[{"taxonomy":"category","embeddable":true,"href":"https:\/\/www.ufsm.br\/unidades-universitarias\/ccne\/wp-json\/wp\/v2\/categories?post=511"},{"taxonomy":"post_tag","embeddable":true,"href":"https:\/\/www.ufsm.br\/unidades-universitarias\/ccne\/wp-json\/wp\/v2\/tags?post=511"}],"curies":[{"name":"wp","href":"https:\/\/api.w.org\/{rel}","templated":true}]}}