{"id":533,"date":"2018-06-26T08:43:01","date_gmt":"2018-06-26T11:43:01","guid":{"rendered":"https:\/\/www.ufsm.br\/unidades-universitarias\/ccne\/?page_id=533"},"modified":"2026-03-26T16:45:58","modified_gmt":"2026-03-26T19:45:58","slug":"ti","status":"publish","type":"page","link":"https:\/\/www.ufsm.br\/unidades-universitarias\/ccne\/infraestrutura\/ti","title":{"rendered":"Subdivis\u00e3o de Tecnologia da Informa\u00e7\u00e3o &#8211; TI\/CCNE"},"content":{"rendered":"\t\t<div data-elementor-type=\"wp-page\" data-elementor-id=\"533\" class=\"elementor elementor-533\">\n\t\t\t\t\t\t<section class=\"elementor-section elementor-top-section elementor-element elementor-element-5b3ce083 elementor-section-boxed elementor-section-height-default elementor-section-height-default\" data-id=\"5b3ce083\" data-element_type=\"section\">\n\t\t\t\t\t\t<div class=\"elementor-container elementor-column-gap-default\">\n\t\t\t\t\t<div class=\"elementor-column elementor-col-100 elementor-top-column elementor-element elementor-element-f8737eb\" data-id=\"f8737eb\" data-element_type=\"column\">\n\t\t\t<div class=\"elementor-widget-wrap elementor-element-populated\">\n\t\t\t\t\t\t<div class=\"elementor-element elementor-element-5e1053c3 elementor-widget elementor-widget-text-editor\" data-id=\"5e1053c3\" data-element_type=\"widget\" data-widget_type=\"text-editor.default\">\n\t\t\t\t<div class=\"elementor-widget-container\">\n\t\t\t\t\t\t\t<span style=\"font-weight: 400\">A Subdivis\u00e3o de Tecnologia da Informa\u00e7\u00e3o do CCNE \u00e9 vinculada ao N\u00facleo de Infraestrutura do CCNE (INFRA\/CCNE). Al\u00e9m das compet\u00eancias gerais <\/span><span style=\"font-weight: 400\">correspondentes constantes no Regimento Geral, compete:<\/span>\n<ul>\n \t<li style=\"font-weight: 400\"><span style=\"font-weight: 400\">Organizar e conduzir as atividades de TI no \u00e2mbito da Unidade de Ensino;<\/span><\/li>\n \t<li style=\"font-weight: 400\"><span style=\"font-weight: 400\">Dar suporte a docentes e TAEs na instala\u00e7\u00e3o de softwares;<\/span><\/li>\n \t<li style=\"font-weight: 400\"><span style=\"font-weight: 400\">Dar suporte de TI aos projetos de ensino, pesquisa e extens\u00e3o da Unidade de Ensino; e,<\/span><\/li>\n \t<li style=\"font-weight: 400\"><span style=\"font-weight: 400\">Planejar junto com a dire\u00e7\u00e3o da Unidade as aquisi\u00e7\u00f5es e melhoramentos a serem realizadas no TI da Unidade.<\/span><\/li>\n<\/ul>\n<span style=\"font-weight: 400\">S\u00e3o atribui\u00e7\u00f5es especiais do chefe da Subdivis\u00e3o de Tecnologia da Informa\u00e7\u00e3o <em>atender, gerenciar e executar<\/em> as demandas de inform\u00e1tica<\/span> <span style=\"font-weight: 400\">das subunidades da Unidade de Ensino.<\/span>\n\nEmail: <a href=\"mailto:ti.ccne@ufsm.br\">ti.ccne@ufsm.br<\/a>\nTelefone: (55) 3220 8615\nSala: 1107B \/ Pr\u00e9dio: 13\t\t\t\t\t\t<\/div>\n\t\t\t\t<\/div>\n\t\t\t\t\t<\/div>\n\t\t<\/div>\n\t\t\t\t\t<\/div>\n\t\t<\/section>\n\t\t\t\t<section class=\"elementor-section elementor-top-section elementor-element elementor-element-1d53819 elementor-section-boxed elementor-section-height-default elementor-section-height-default\" data-id=\"1d53819\" data-element_type=\"section\">\n\t\t\t\t\t\t<div class=\"elementor-container elementor-column-gap-default\">\n\t\t\t\t\t<div class=\"elementor-column elementor-col-100 elementor-top-column elementor-element elementor-element-ddd92e4\" data-id=\"ddd92e4\" data-element_type=\"column\">\n\t\t\t<div class=\"elementor-widget-wrap elementor-element-populated\">\n\t\t\t\t\t\t<div class=\"elementor-element elementor-element-14145dd elementor-view-default elementor-position-top elementor-mobile-position-top elementor-widget elementor-widget-icon-box\" data-id=\"14145dd\" data-element_type=\"widget\" data-widget_type=\"icon-box.default\">\n\t\t\t\t<div class=\"elementor-widget-container\">\n\t\t\t\t\t<div class=\"elementor-icon-box-wrapper\">\n\n\t\t\t\t\t\t<div class=\"elementor-icon-box-icon\">\n\t\t\t\t<a href=\"https:\/\/www.ufsm.br\/unidades-universitarias\/ccne\/suporte-tecnico-em-informatica\" class=\"elementor-icon elementor-animation-\" tabindex=\"-1\">\n\t\t\t\t<i aria-hidden=\"true\" class=\"fas fa-tv\"><\/i>\t\t\t\t<\/a>\n\t\t\t<\/div>\n\t\t\t\n\t\t\t\t\t\t<div class=\"elementor-icon-box-content\">\n\n\t\t\t\t\t\t\t\t\t<h5 class=\"elementor-icon-box-title\">\n\t\t\t\t\t\t<a href=\"https:\/\/www.ufsm.br\/unidades-universitarias\/ccne\/suporte-tecnico-em-informatica\" >\n\t\t\t\t\t\t\tSuporte t\u00e9cnico em inform\u00e1tica\t\t\t\t\t\t<\/a>\n\t\t\t\t\t<\/h5>\n\t\t\t\t\n\t\t\t\t\t\t\t\t\t<p class=\"elementor-icon-box-description\">\n\t\t\t\t\t\tVeja aqui, em detalhes, como realizar solicita\u00e7\u00f5es de suporte t\u00e9cnico para a Subdivis\u00e3o de Tecnologia da Informa\u00e7\u00e3o do CCNE.\t\t\t\t\t<\/p>\n\t\t\t\t\n\t\t\t<\/div>\n\t\t\t\n\t\t<\/div>\n\t\t\t\t<\/div>\n\t\t\t\t<\/div>\n\t\t\t\t\t<\/div>\n\t\t<\/div>\n\t\t\t\t\t<\/div>\n\t\t<\/section>\n\t\t\t\t<\/div>\n\t\t","protected":false},"excerpt":{"rendered":"<p>A Subdivis\u00e3o de Tecnologia da Informa\u00e7\u00e3o do CCNE \u00e9 vinculada ao N\u00facleo de Infraestrutura do CCNE (INFRA\/CCNE). Al\u00e9m das compet\u00eancias gerais correspondentes constantes no Regimento Geral, compete: Organizar e conduzir as atividades de TI no \u00e2mbito da Unidade de Ensino; Dar suporte a docentes e TAEs na instala\u00e7\u00e3o de softwares; Dar suporte de TI aos [&hellip;]<\/p>\n","protected":false},"author":35,"featured_media":0,"parent":1130,"menu_order":0,"comment_status":"closed","ping_status":"closed","template":"","meta":{"footnotes":""},"categories":[],"tags":[],"class_list":["post-533","page","type-page","status-publish","hentry"],"acf":[],"_links":{"self":[{"href":"https:\/\/www.ufsm.br\/unidades-universitarias\/ccne\/wp-json\/wp\/v2\/pages\/533","targetHints":{"allow":["GET"]}}],"collection":[{"href":"https:\/\/www.ufsm.br\/unidades-universitarias\/ccne\/wp-json\/wp\/v2\/pages"}],"about":[{"href":"https:\/\/www.ufsm.br\/unidades-universitarias\/ccne\/wp-json\/wp\/v2\/types\/page"}],"author":[{"embeddable":true,"href":"https:\/\/www.ufsm.br\/unidades-universitarias\/ccne\/wp-json\/wp\/v2\/users\/35"}],"replies":[{"embeddable":true,"href":"https:\/\/www.ufsm.br\/unidades-universitarias\/ccne\/wp-json\/wp\/v2\/comments?post=533"}],"version-history":[{"count":0,"href":"https:\/\/www.ufsm.br\/unidades-universitarias\/ccne\/wp-json\/wp\/v2\/pages\/533\/revisions"}],"up":[{"embeddable":true,"href":"https:\/\/www.ufsm.br\/unidades-universitarias\/ccne\/wp-json\/wp\/v2\/pages\/1130"}],"wp:attachment":[{"href":"https:\/\/www.ufsm.br\/unidades-universitarias\/ccne\/wp-json\/wp\/v2\/media?parent=533"}],"wp:term":[{"taxonomy":"category","embeddable":true,"href":"https:\/\/www.ufsm.br\/unidades-universitarias\/ccne\/wp-json\/wp\/v2\/categories?post=533"},{"taxonomy":"post_tag","embeddable":true,"href":"https:\/\/www.ufsm.br\/unidades-universitarias\/ccne\/wp-json\/wp\/v2\/tags?post=533"}],"curies":[{"name":"wp","href":"https:\/\/api.w.org\/{rel}","templated":true}]}}