{"id":13691,"date":"2026-09-03T00:13:39","date_gmt":"2026-09-03T03:13:39","guid":{"rendered":"https:\/\/www.ufsm.br\/unidades-universitarias\/ccr\/?post_type=eventos&#038;p=13691"},"modified":"2026-09-03T00:13:44","modified_gmt":"2026-09-03T03:13:44","slug":"iii-simmel-rc-rs-simposio-de-apicultura-e-meliponicultura-da-regiao-central-do-rio-grande-do-sul","status":"publish","type":"eventos","link":"https:\/\/www.ufsm.br\/unidades-universitarias\/ccr\/eventos\/iii-simmel-rc-rs-simposio-de-apicultura-e-meliponicultura-da-regiao-central-do-rio-grande-do-sul","parent":0,"template":"","tags":[],"class_list":["post-13691","eventos","type-eventos","status-publish","has-post-thumbnail","hentry"],"acf":{"evento_nome":"III SimMel RC RS \u2013 SIMP\u00d3SIO DE APICULTURA E MELIPONICULTURA DA REGI\u00c3O CENTRAL DO RIO GRANDE DO SUL","evento_inicio":"06\/11\/2026 08:00","evento_termino":"07\/11\/2026 17:00","evento_banner":{"ID":13693,"id":13693,"title":"capa simmel 2026","filename":"capa-simmel-2026-scaled-1.jpg","filesize":55710,"url":"https:\/\/www.ufsm.br\/app\/uploads\/sites\/370\/2026\/09\/capa-simmel-2026-scaled-1.jpg","link":"https:\/\/www.ufsm.br\/unidades-universitarias\/ccr\/eventos\/iii-simmel-rc-rs-simposio-de-apicultura-e-meliponicultura-da-regiao-central-do-rio-grande-do-sul\/capa-simmel-2026","alt":"","author":"260","description":"","caption":"","name":"capa-simmel-2026","status":"inherit","uploaded_to":13691,"date":"2026-09-03 03:12:02","modified":"2026-09-03 03:13:47","menu_order":0,"mime_type":"image\/jpeg","type":"image","subtype":"jpeg","icon":"https:\/\/www.ufsm.br\/unidades-universitarias\/ccr\/wp-includes\/images\/media\/default.png","width":2560,"height":761,"sizes":{"thumbnail":"https:\/\/www.ufsm.br\/app\/uploads\/sites\/370\/2026\/09\/capa-simmel-2026-1-150x150.jpg","thumbnail-width":150,"thumbnail-height":150,"medium":"https:\/\/www.ufsm.br\/app\/uploads\/sites\/370\/2026\/09\/capa-simmel-2026-1-300x89.jpg","medium-width":300,"medium-height":89,"medium_large":"https:\/\/www.ufsm.br\/app\/uploads\/sites\/370\/2026\/09\/capa-simmel-2026-1-768x228.jpg","medium_large-width":768,"medium_large-height":228,"large":"https:\/\/www.ufsm.br\/app\/uploads\/sites\/370\/2026\/09\/capa-simmel-2026-1-1024x305.jpg","large-width":1024,"large-height":305,"1536x1536":"https:\/\/www.ufsm.br\/app\/uploads\/sites\/370\/2026\/09\/capa-simmel-2026-1-1536x457.jpg","1536x1536-width":1536,"1536x1536-height":457,"2048x2048":"https:\/\/www.ufsm.br\/app\/uploads\/sites\/370\/2026\/09\/capa-simmel-2026-1-2048x609.jpg","2048x2048-width":2048,"2048x2048-height":609,"sow-carousel-default":"https:\/\/www.ufsm.br\/app\/uploads\/sites\/370\/2026\/09\/capa-simmel-2026-1-272x182.jpg","sow-carousel-default-width":272,"sow-carousel-default-height":182}},"endereco_url":"iii-simmel-rc-rs-simposio-de-apicultura-e-meliponicultura-da-regiao-central-do-rio-grande-do-sul","evento_categoria":"T\u00c9CNICO-CIENT\u00cdFICOS","evento_descricao":"<p class=\"isSelectedEnd\"><strong>Quem vive a apicultura e a meliponicultura sabe: conhecimento tamb\u00e9m se constr\u00f3i no encontro.<\/strong><\/p>\n<p class=\"isSelectedEnd\">\u00c9 por isso que, nos dias <strong>6 e 7 de novembro<\/strong>, queremos reunir no <strong>CCR\/UFSM<\/strong> quem pesquisa, ensina, produz, trabalha, aprende ou simplesmente se interessa pelo universo das abelhas.<\/p>\n<p class=\"isSelectedEnd\">O <strong>III SimMel RC RS<\/strong> ser\u00e1 um espa\u00e7o para trocar experi\u00eancias, aproximar diferentes saberes e conversar sobre os caminhos da apicultura e da meliponicultura na regi\u00e3o central do Rio Grande do Sul.<\/p>\n<p class=\"isSelectedEnd\">Inova\u00e7\u00e3o, manejo, cadeia produtiva e mercado estar\u00e3o entre os assuntos que v\u00e3o movimentar esses dois dias de aprendizado e conex\u00e3o.<\/p>\n<p class=\"isSelectedEnd\">Se esse universo tamb\u00e9m faz parte da sua trajet\u00f3ria ou desperta a sua curiosidade, esse encontro \u00e9 para voc\u00ea.<\/p>\n<p class=\"isSelectedEnd\"><strong>Nos encontramos em novembro, no III SimMel RC RS.<\/strong><\/p>\n","evento_programacao":"<p>Em breve ser\u00e1 divulgada a programa\u00e7\u00e3o completa.<\/p>\n","evento_inscricao":"<p>Em breve informa\u00e7\u00f5es de inscri\u00e7\u00f5es aqui.<\/p>\n","evento_local":"Audit\u00f3rio Fl\u00e1vio Miguel Schneider","evento_contato":"<p><strong>simmel.rcrs@gmail.com<\/strong><\/p>\n"},"_links":{"self":[{"href":"https:\/\/www.ufsm.br\/unidades-universitarias\/ccr\/wp-json\/wp\/v2\/eventos\/13691","targetHints":{"allow":["GET"]}}],"collection":[{"href":"https:\/\/www.ufsm.br\/unidades-universitarias\/ccr\/wp-json\/wp\/v2\/eventos"}],"about":[{"href":"https:\/\/www.ufsm.br\/unidades-universitarias\/ccr\/wp-json\/wp\/v2\/types\/eventos"}],"wp:featuredmedia":[{"embeddable":true,"href":"https:\/\/www.ufsm.br\/unidades-universitarias\/ccr\/wp-json\/wp\/v2\/media\/13693"}],"wp:attachment":[{"href":"https:\/\/www.ufsm.br\/unidades-universitarias\/ccr\/wp-json\/wp\/v2\/media?parent=13691"}],"wp:term":[{"taxonomy":"post_tag","embeddable":true,"href":"https:\/\/www.ufsm.br\/unidades-universitarias\/ccr\/wp-json\/wp\/v2\/tags?post=13691"}],"curies":[{"name":"wp","href":"https:\/\/api.w.org\/{rel}","templated":true}]}}

III SimMel RC RS – SIMPÓSIO DE APICULTURA E MELIPONICULTURA DA REGIÃO CENTRAL DO RIO GRANDE DO SUL

TÉCNICO-CIENTÍFICOS

<p class="isSelectedEnd"><strong>Quem vive a apicultura e a meliponicultura sabe: conhecimento também se constrói no encontro.</strong></p>
<p class="isSelectedEnd">É por isso que, nos dias <strong>6 e 7 de novembro</strong>, queremos reunir no <strong>CCR/UFSM</strong> quem pesquisa, ensina, produz, trabalha, aprende ou simplesmente se interessa pelo universo das abelhas.</p>
<p class="isSelectedEnd">O <strong>III SimMel RC RS</strong> será um espaço para trocar experiências, aproximar diferentes saberes e conversar sobre os caminhos da apicultura e da meliponicultura na região central do Rio Grande do Sul.</p>
<p class="isSelectedEnd">Inovação, manejo, cadeia produtiva e mercado estarão entre os assuntos que vão movimentar esses dois dias de aprendizado e conexão.</p>
<p class="isSelectedEnd">Se esse universo também faz parte da sua trajetória ou desperta a sua curiosidade, esse encontro é para você.</p>
<p class="isSelectedEnd"><strong>Nos encontramos em novembro, no III SimMel RC RS.</strong></p>

<p>Em breve será divulgada a programação completa.</p>

<p>Em breve informações de inscrições aqui.</p>

Auditório Flávio Miguel Schneider
