{"id":13714,"date":"2026-09-04T15:04:49","date_gmt":"2026-09-04T18:04:49","guid":{"rendered":"https:\/\/www.ufsm.br\/unidades-universitarias\/ccr\/?post_type=eventos&#038;p=13714"},"modified":"2026-09-04T15:07:13","modified_gmt":"2026-09-04T18:07:13","slug":"2-encontro-de-agroecologia-e-a-1a-mostra-de-comida-de-verdade","status":"publish","type":"eventos","link":"https:\/\/www.ufsm.br\/unidades-universitarias\/ccr\/eventos\/2-encontro-de-agroecologia-e-a-1a-mostra-de-comida-de-verdade","parent":0,"template":"","tags":[],"class_list":["post-13714","eventos","type-eventos","status-publish","has-post-thumbnail","hentry"],"acf":{"evento_nome":"2\u00b0 Encontro de Agroecologia e a 1\u00aa Mostra de Comida de Verdade","evento_inicio":"16\/09\/2026 09:00","evento_termino":"16\/09\/2026 17:00","evento_banner":{"ID":13715,"id":13715,"title":"capa set 2026 nep terra","filename":"capa-set-2026-nep-terra.jpg","filesize":109661,"url":"https:\/\/www.ufsm.br\/app\/uploads\/sites\/370\/2026\/09\/capa-set-2026-nep-terra.jpg","link":"https:\/\/www.ufsm.br\/unidades-universitarias\/ccr\/eventos\/2-encontro-de-agroecologia-e-a-1a-mostra-de-comida-de-verdade\/capa-set-2026-nep-terra","alt":"","author":"260","description":"","caption":"","name":"capa-set-2026-nep-terra","status":"inherit","uploaded_to":13714,"date":"2026-09-04 18:01:27","modified":"2026-09-04 18:01:27","menu_order":0,"mime_type":"image\/jpeg","type":"image","subtype":"jpeg","icon":"https:\/\/www.ufsm.br\/unidades-universitarias\/ccr\/wp-includes\/images\/media\/default.png","width":1920,"height":640,"sizes":{"thumbnail":"https:\/\/www.ufsm.br\/app\/uploads\/sites\/370\/2026\/09\/capa-set-2026-nep-terra-150x150.jpg","thumbnail-width":150,"thumbnail-height":150,"medium":"https:\/\/www.ufsm.br\/app\/uploads\/sites\/370\/2026\/09\/capa-set-2026-nep-terra-300x100.jpg","medium-width":300,"medium-height":100,"medium_large":"https:\/\/www.ufsm.br\/app\/uploads\/sites\/370\/2026\/09\/capa-set-2026-nep-terra-768x256.jpg","medium_large-width":768,"medium_large-height":256,"large":"https:\/\/www.ufsm.br\/app\/uploads\/sites\/370\/2026\/09\/capa-set-2026-nep-terra-1024x341.jpg","large-width":1024,"large-height":341,"1536x1536":"https:\/\/www.ufsm.br\/app\/uploads\/sites\/370\/2026\/09\/capa-set-2026-nep-terra-1536x512.jpg","1536x1536-width":1536,"1536x1536-height":512,"2048x2048":"https:\/\/www.ufsm.br\/app\/uploads\/sites\/370\/2026\/09\/capa-set-2026-nep-terra.jpg","2048x2048-width":1920,"2048x2048-height":640,"sow-carousel-default":"https:\/\/www.ufsm.br\/app\/uploads\/sites\/370\/2026\/09\/capa-set-2026-nep-terra-272x182.jpg","sow-carousel-default-width":272,"sow-carousel-default-height":182}},"endereco_url":"2-encontro-de-agroecologia-e-a-1a-mostra-de-comida-de-verdade","evento_categoria":"T\u00c9CNICO-CIENT\u00cdFICOS","evento_descricao":"<p>No dia 16 de setembro, ser\u00e1 realizado o <a href=\"https:\/\/www.instagram.com\/p\/Dcv7vY0EQmN\/?img_index=1\"><strong>2\u00b0 Encontro de Agroecologia e a 1\u00aa Mostra de Comida de Verdade<\/strong><\/a> em conjunto com a Feira de Org\u00e2nicos Ana Primavesi e Produtos da Reforma Agr\u00e1ria.<\/p>\n<p>O evento \u00e9 organizado pelo <a href=\"https:\/\/www.instagram.com\/nep_terra\/\"><strong>NEP TERRA<\/strong><\/a> e parceiros, e tem como objetivo promover um espa\u00e7o de di\u00e1logos sobre o tema da alimenta\u00e7\u00e3o saud\u00e1vel e os caminhos poss\u00edveis a partir da reforma agr\u00e1ria.<\/p>\n","evento_programacao":"<p class=\"PDq2pG_selectionAnchorContainer\" data-start=\"42\" data-end=\"101\"><strong data-start=\"42\" data-end=\"65\">PROGRAMA\u00c7\u00c3O \u2014 16\/09<\/strong><br data-start=\"65\" data-end=\"68\" \/><strong data-start=\"68\" data-end=\"78\">Local:<\/strong> Audit\u00f3rio do Pr\u00e9dio 17<\/p>\n<p data-start=\"103\" data-end=\"132\"><strong data-start=\"103\" data-end=\"122\">Feira e Mostra:<\/strong> 9h \u00e0s 17h<\/p>\n<p data-start=\"134\" data-end=\"168\"><strong data-start=\"134\" data-end=\"140\">9h<\/strong> \u2014 Abertura e credenciamento<\/p>\n<p data-start=\"170\" data-end=\"252\"><strong data-start=\"170\" data-end=\"193\">10h \u00e0s 12h \u2014 MESA 1<\/strong><br data-start=\"193\" data-end=\"196\" \/><strong data-start=\"196\" data-end=\"227\">Certifica\u00e7\u00e3o Participativa:<\/strong> Processos e Experi\u00eancias<\/p>\n<p data-start=\"254\" data-end=\"295\"><strong data-start=\"254\" data-end=\"268\">12h \u00e0s 13h<\/strong> \u2014 Piquenique Agroecol\u00f3gico<\/p>\n<p data-start=\"297\" data-end=\"435\"><strong data-start=\"297\" data-end=\"320\">14h \u00e0s 16h \u2014 MESA 2<\/strong><br data-start=\"320\" data-end=\"323\" \/><strong data-start=\"323\" data-end=\"345\">Comida de Verdade:<\/strong> Alimenta\u00e7\u00e3o, nutri\u00e7\u00e3o e a populariza\u00e7\u00e3o de alimentos saud\u00e1veis atrav\u00e9s da reforma agr\u00e1ria<\/p>\n<p data-start=\"437\" data-end=\"459\" data-is-last-node=\"\" data-is-only-node=\"\"><strong data-start=\"437\" data-end=\"444\">17h<\/strong> \u2014 Encerramento<\/p>\n","evento_inscricao":"<p>Inscri\u00e7\u00f5es gratuitas durante o check-in do evento.<\/p>\n","evento_local":"Audit\u00f3rio do Pr\u00e9dio 17","evento_contato":"<p><strong>alisson.zarnott@ufsm.br<\/strong><\/p>\n"},"_links":{"self":[{"href":"https:\/\/www.ufsm.br\/unidades-universitarias\/ccr\/wp-json\/wp\/v2\/eventos\/13714","targetHints":{"allow":["GET"]}}],"collection":[{"href":"https:\/\/www.ufsm.br\/unidades-universitarias\/ccr\/wp-json\/wp\/v2\/eventos"}],"about":[{"href":"https:\/\/www.ufsm.br\/unidades-universitarias\/ccr\/wp-json\/wp\/v2\/types\/eventos"}],"wp:featuredmedia":[{"embeddable":true,"href":"https:\/\/www.ufsm.br\/unidades-universitarias\/ccr\/wp-json\/wp\/v2\/media\/13715"}],"wp:attachment":[{"href":"https:\/\/www.ufsm.br\/unidades-universitarias\/ccr\/wp-json\/wp\/v2\/media?parent=13714"}],"wp:term":[{"taxonomy":"post_tag","embeddable":true,"href":"https:\/\/www.ufsm.br\/unidades-universitarias\/ccr\/wp-json\/wp\/v2\/tags?post=13714"}],"curies":[{"name":"wp","href":"https:\/\/api.w.org\/{rel}","templated":true}]}}

2° Encontro de Agroecologia e a 1ª Mostra de Comida de Verdade

TÉCNICO-CIENTÍFICOS

<p>No dia 16 de setembro, será realizado o <a href="https://www.instagram.com/p/Dcv7vY0EQmN/?img_index=1"><strong>2° Encontro de Agroecologia e a 1ª Mostra de Comida de Verdade</strong></a> em conjunto com a Feira de Orgânicos Ana Primavesi e Produtos da Reforma Agrária.</p>
<p>O evento é organizado pelo <a href="https://www.instagram.com/nep_terra/"><strong>NEP TERRA</strong></a> e parceiros, e tem como objetivo promover um espaço de diálogos sobre o tema da alimentação saudável e os caminhos possíveis a partir da reforma agrária.</p>

<p class="PDq2pG_selectionAnchorContainer" data-start="42" data-end="101"><strong data-start="42" data-end="65">PROGRAMAÇÃO — 16/09</strong><br data-start="65" data-end="68" /><strong data-start="68" data-end="78">Local:</strong> Auditório do Prédio 17</p>
<p data-start="103" data-end="132"><strong data-start="103" data-end="122">Feira e Mostra:</strong> 9h às 17h</p>
<p data-start="134" data-end="168"><strong data-start="134" data-end="140">9h</strong> — Abertura e credenciamento</p>
<p data-start="170" data-end="252"><strong data-start="170" data-end="193">10h às 12h — MESA 1</strong><br data-start="193" data-end="196" /><strong data-start="196" data-end="227">Certificação Participativa:</strong> Processos e Experiências</p>
<p data-start="254" data-end="295"><strong data-start="254" data-end="268">12h às 13h</strong> — Piquenique Agroecológico</p>
<p data-start="297" data-end="435"><strong data-start="297" data-end="320">14h às 16h — MESA 2</strong><br data-start="320" data-end="323" /><strong data-start="323" data-end="345">Comida de Verdade:</strong> Alimentação, nutrição e a popularização de alimentos saudáveis através da reforma agrária</p>
<p data-start="437" data-end="459" data-is-last-node="" data-is-only-node=""><strong data-start="437" data-end="444">17h</strong> — Encerramento</p>

<p>Inscrições gratuitas durante o check-in do evento.</p>

Auditório do Prédio 17
