{"id":13718,"date":"2026-09-04T15:33:31","date_gmt":"2026-09-04T18:33:31","guid":{"rendered":"https:\/\/www.ufsm.br\/unidades-universitarias\/ccr\/?post_type=eventos&#038;p=13718"},"modified":"2026-09-04T15:36:01","modified_gmt":"2026-09-04T18:36:01","slug":"seminario-da-semente-a-restauracao-no-corredor-ecologico-da-quarta-colonia","status":"publish","type":"eventos","link":"https:\/\/www.ufsm.br\/unidades-universitarias\/ccr\/eventos\/seminario-da-semente-a-restauracao-no-corredor-ecologico-da-quarta-colonia","parent":0,"template":"","tags":[],"class_list":["post-13718","eventos","type-eventos","status-publish","has-post-thumbnail","hentry"],"acf":{"evento_nome":"Semin\u00e1rio - Da Semente \u00e0 Restaura\u00e7\u00e3o no Corredor Ecol\u00f3gico da Quarta Col\u00f4nia","evento_inicio":"25\/09\/2026 08:30","evento_termino":"25\/09\/2026 17:00","evento_banner":{"ID":13719,"id":13719,"title":"capa neprade set 2026","filename":"capa-neprade-set-2026.jpg","filesize":115961,"url":"https:\/\/www.ufsm.br\/app\/uploads\/sites\/370\/2026\/09\/capa-neprade-set-2026.jpg","link":"https:\/\/www.ufsm.br\/unidades-universitarias\/ccr\/eventos\/seminario-da-semente-a-restauracao-no-corredor-ecologico-da-quarta-colonia\/capa-neprade-set-2026","alt":"","author":"260","description":"","caption":"","name":"capa-neprade-set-2026","status":"inherit","uploaded_to":13718,"date":"2026-09-04 18:24:48","modified":"2026-09-04 18:24:48","menu_order":0,"mime_type":"image\/jpeg","type":"image","subtype":"jpeg","icon":"https:\/\/www.ufsm.br\/unidades-universitarias\/ccr\/wp-includes\/images\/media\/default.png","width":1920,"height":571,"sizes":{"thumbnail":"https:\/\/www.ufsm.br\/app\/uploads\/sites\/370\/2026\/09\/capa-neprade-set-2026-150x150.jpg","thumbnail-width":150,"thumbnail-height":150,"medium":"https:\/\/www.ufsm.br\/app\/uploads\/sites\/370\/2026\/09\/capa-neprade-set-2026-300x89.jpg","medium-width":300,"medium-height":89,"medium_large":"https:\/\/www.ufsm.br\/app\/uploads\/sites\/370\/2026\/09\/capa-neprade-set-2026-768x228.jpg","medium_large-width":768,"medium_large-height":228,"large":"https:\/\/www.ufsm.br\/app\/uploads\/sites\/370\/2026\/09\/capa-neprade-set-2026-1024x305.jpg","large-width":1024,"large-height":305,"1536x1536":"https:\/\/www.ufsm.br\/app\/uploads\/sites\/370\/2026\/09\/capa-neprade-set-2026-1536x457.jpg","1536x1536-width":1536,"1536x1536-height":457,"2048x2048":"https:\/\/www.ufsm.br\/app\/uploads\/sites\/370\/2026\/09\/capa-neprade-set-2026.jpg","2048x2048-width":1920,"2048x2048-height":571,"sow-carousel-default":"https:\/\/www.ufsm.br\/app\/uploads\/sites\/370\/2026\/09\/capa-neprade-set-2026-272x182.jpg","sow-carousel-default-width":272,"sow-carousel-default-height":182}},"endereco_url":"seminario-da-semente-a-restauracao-no-corredor-ecologico-da-quarta-colonia","evento_categoria":"T\u00c9CNICO-CIENT\u00cdFICOS","evento_descricao":"<p>O <a href=\"https:\/\/www.instagram.com\/neprade.ufsm\/\"><strong>NEPRADE da UFSM<\/strong><\/a> &#8211; N\u00facleo de Estudos e Pesquisas em Recupera\u00e7\u00e3o de \u00c1reas Degradadas &#8211; convida toda a comunidade do territ\u00f3rio da Quarta Col\u00f4nia: moradores, produtores rurais, estudantes, professores, pesquisadores, profissionais, gestores p\u00fablicos e demais interessados para participar deste importante momento de troca de conhecimentos e experi\u00eancias sobre sementes, produ\u00e7\u00e3o de mudas, restaura\u00e7\u00e3o ecol\u00f3gica e conserva\u00e7\u00e3o.<\/p>\n<p>O semin\u00e1rio reunir\u00e1 pesquisadores, profissionais e produtores que atuam em diferentes etapas da restaura\u00e7\u00e3o ecol\u00f3gica, promovendo debates e reflex\u00f5es sobre estrat\u00e9gias para a conserva\u00e7\u00e3o e recupera\u00e7\u00e3o dos ecossistemas.<\/p>\n<p>Participe! Vamos juntos discutir caminhos que conectam a semente \u00e0 restaura\u00e7\u00e3o e contribuem para a conserva\u00e7\u00e3o da biodiversidade.<\/p>\n","evento_programacao":"<ul>\n<li><b>08:30 \u00e0s 09:00<\/b>\u00a0\u2013<b> Credenciamento\u00a0<\/b><\/li>\n<li><b>09:15<\/b>\u00a0\u2013 <b>Abertura<\/b><\/li>\n<li><b>09:30 <\/b>\u2013 <b>Palestra de abertura:<\/b> Contexto do Corredor e Restaura\u00e7\u00e3o \u2013 Conserva\u00e7\u00e3o pelo uso, manuten\u00e7\u00e3o das popula\u00e7\u00f5es de flora\/fauna, necessidades de restaura\u00e7\u00e3o<\/li>\n<li><b>10:00<\/b>\u00a0\u2013 <b>Palestra 1:<\/b> Sementes nativas \u2013 Sele\u00e7\u00e3o de matrizes, coleta, beneficiamento e armazenamento<\/li>\n<li><b>10:30<\/b>\u00a0\u2013 Debate e perguntas<\/li>\n<li><b>10:50<\/b>\u00a0\u2013 <b>Palestra 2:<\/b> Da semente \u00e0 muda \u2013 Produ\u00e7\u00e3o, manejo e destina\u00e7\u00e3o de mudas para restaura\u00e7\u00e3o ecol\u00f3gica<\/li>\n<li><b>11:20<\/b>\u00a0\u2013 Debate e perguntas<\/li>\n<li><b>11:40<\/b>\u00a0\u2013 <b>Intervalo para Almo\u00e7o<\/b><\/li>\n<li><b>13:30 <\/b>\u2013 <b>Palestra 3:<\/b> Certifica\u00e7\u00e3o da coleta de sementes e modalidade de viveiros artesanais para produ\u00e7\u00e3o de mudas<\/li>\n<li><b>14:00 <\/b>\u00a0\u2013 Debate e perguntas<\/li>\n<li><b>14:20<\/b>\u00a0\u2013 <b>Palestra 4:<\/b> T\u00e9cnicas de restaura\u00e7\u00e3o ecol\u00f3gica no Corredor Ecol\u00f3gico da Quarta Col\u00f4nia<\/li>\n<li><b>14:50 <\/b>\u00a0\u2013 Debate e perguntas<\/li>\n<li><b>15:10 <\/b>\u00a0\u2013 <b>Coffee-break<\/b><\/li>\n<li><b>15:30\u00a0<\/b>\u2013 <b>Palestra 5:<\/b> Certifica\u00e7\u00e3o florestal e usos permitidos dos recursos florestais<\/li>\n<li><b>16:00<\/b>\u00a0\u2013<b> Palestra de encerramento:<\/b> Oportunidades e perspectivas para a restaura\u00e7\u00e3o ecol\u00f3gica<\/li>\n<li><b>16:30 <\/b>\u00a0\u2013 Debate e perguntas<\/li>\n<li><b>17:00 <\/b>\u2013 <b>Encerramento<\/b><\/li>\n<\/ul>\n","evento_inscricao":"<p><a href=\"https:\/\/docs.google.com\/forms\/d\/e\/1FAIpQLSdKcVEqptrWqufTpT3b5xjPqJHRdBf8afMEyqwKw_vEgYGoMQ\/viewform\"><strong>Para se inscrever clique aqui.<\/strong><\/a><\/p>\n","evento_local":"Audit\u00f3rio do NESAF - Pr\u00e9dio 44F","evento_contato":"<p><strong>neprade@gmail.com <\/strong><\/p>\n"},"_links":{"self":[{"href":"https:\/\/www.ufsm.br\/unidades-universitarias\/ccr\/wp-json\/wp\/v2\/eventos\/13718","targetHints":{"allow":["GET"]}}],"collection":[{"href":"https:\/\/www.ufsm.br\/unidades-universitarias\/ccr\/wp-json\/wp\/v2\/eventos"}],"about":[{"href":"https:\/\/www.ufsm.br\/unidades-universitarias\/ccr\/wp-json\/wp\/v2\/types\/eventos"}],"wp:featuredmedia":[{"embeddable":true,"href":"https:\/\/www.ufsm.br\/unidades-universitarias\/ccr\/wp-json\/wp\/v2\/media\/13719"}],"wp:attachment":[{"href":"https:\/\/www.ufsm.br\/unidades-universitarias\/ccr\/wp-json\/wp\/v2\/media?parent=13718"}],"wp:term":[{"taxonomy":"post_tag","embeddable":true,"href":"https:\/\/www.ufsm.br\/unidades-universitarias\/ccr\/wp-json\/wp\/v2\/tags?post=13718"}],"curies":[{"name":"wp","href":"https:\/\/api.w.org\/{rel}","templated":true}]}}

Seminário - Da Semente à Restauração no Corredor Ecológico da Quarta Colônia

TÉCNICO-CIENTÍFICOS

<p>O <a href="https://www.instagram.com/neprade.ufsm/"><strong>NEPRADE da UFSM</strong></a> &#8211; Núcleo de Estudos e Pesquisas em Recuperação de Áreas Degradadas &#8211; convida toda a comunidade do território da Quarta Colônia: moradores, produtores rurais, estudantes, professores, pesquisadores, profissionais, gestores públicos e demais interessados para participar deste importante momento de troca de conhecimentos e experiências sobre sementes, produção de mudas, restauração ecológica e conservação.</p>
<p>O seminário reunirá pesquisadores, profissionais e produtores que atuam em diferentes etapas da restauração ecológica, promovendo debates e reflexões sobre estratégias para a conservação e recuperação dos ecossistemas.</p>
<p>Participe! Vamos juntos discutir caminhos que conectam a semente à restauração e contribuem para a conservação da biodiversidade.</p>

<ul>
<li><b>08:30 às 09:00</b> –<b> Credenciamento </b></li>
<li><b>09:15</b> – <b>Abertura</b></li>
<li><b>09:30 </b>– <b>Palestra de abertura:</b> Contexto do Corredor e Restauração – Conservação pelo uso, manutenção das populações de flora/fauna, necessidades de restauração</li>
<li><b>10:00</b> – <b>Palestra 1:</b> Sementes nativas – Seleção de matrizes, coleta, beneficiamento e armazenamento</li>
<li><b>10:30</b> – Debate e perguntas</li>
<li><b>10:50</b> – <b>Palestra 2:</b> Da semente à muda – Produção, manejo e destinação de mudas para restauração ecológica</li>
<li><b>11:20</b> – Debate e perguntas</li>
<li><b>11:40</b> – <b>Intervalo para Almoço</b></li>
<li><b>13:30 </b>– <b>Palestra 3:</b> Certificação da coleta de sementes e modalidade de viveiros artesanais para produção de mudas</li>
<li><b>14:00 </b> – Debate e perguntas</li>
<li><b>14:20</b> – <b>Palestra 4:</b> Técnicas de restauração ecológica no Corredor Ecológico da Quarta Colônia</li>
<li><b>14:50 </b> – Debate e perguntas</li>
<li><b>15:10 </b> – <b>Coffee-break</b></li>
<li><b>15:30 </b>– <b>Palestra 5:</b> Certificação florestal e usos permitidos dos recursos florestais</li>
<li><b>16:00</b> –<b> Palestra de encerramento:</b> Oportunidades e perspectivas para a restauração ecológica</li>
<li><b>16:30 </b> – Debate e perguntas</li>
<li><b>17:00 </b>– <b>Encerramento</b></li>
</ul>

Auditório do NESAF - Prédio 44F
