{"id":13727,"date":"2026-09-04T16:46:54","date_gmt":"2026-09-04T19:46:54","guid":{"rendered":"https:\/\/www.ufsm.br\/unidades-universitarias\/ccr\/?post_type=eventos&#038;p=13727"},"modified":"2026-09-04T16:49:41","modified_gmt":"2026-09-04T19:49:41","slug":"v-ciclo-de-palestras-lacivet-neurologia-veterinaria","status":"publish","type":"eventos","link":"https:\/\/www.ufsm.br\/unidades-universitarias\/ccr\/eventos\/v-ciclo-de-palestras-lacivet-neurologia-veterinaria","parent":0,"template":"","tags":[],"class_list":["post-13727","eventos","type-eventos","status-publish","has-post-thumbnail","hentry"],"acf":{"evento_nome":"V Ciclo de Palestras LACIVET - NEUROLOGIA VETERIN\u00c1RIA","evento_inicio":"26\/09\/2026 08:00","evento_termino":"26\/09\/2026 18:00","evento_banner":{"ID":13728,"id":13728,"title":"capa lacivet set 2026","filename":"capa-lacivet-set-2026.jpg","filesize":59885,"url":"https:\/\/www.ufsm.br\/app\/uploads\/sites\/370\/2026\/09\/capa-lacivet-set-2026.jpg","link":"https:\/\/www.ufsm.br\/unidades-universitarias\/ccr\/eventos\/v-ciclo-de-palestras-lacivet-neurologia-veterinaria\/capa-lacivet-set-2026","alt":"","author":"260","description":"","caption":"","name":"capa-lacivet-set-2026","status":"inherit","uploaded_to":13727,"date":"2026-09-04 19:45:07","modified":"2026-09-04 19:45:07","menu_order":0,"mime_type":"image\/jpeg","type":"image","subtype":"jpeg","icon":"https:\/\/www.ufsm.br\/unidades-universitarias\/ccr\/wp-includes\/images\/media\/default.png","width":1920,"height":571,"sizes":{"thumbnail":"https:\/\/www.ufsm.br\/app\/uploads\/sites\/370\/2026\/09\/capa-lacivet-set-2026-150x150.jpg","thumbnail-width":150,"thumbnail-height":150,"medium":"https:\/\/www.ufsm.br\/app\/uploads\/sites\/370\/2026\/09\/capa-lacivet-set-2026-300x89.jpg","medium-width":300,"medium-height":89,"medium_large":"https:\/\/www.ufsm.br\/app\/uploads\/sites\/370\/2026\/09\/capa-lacivet-set-2026-768x228.jpg","medium_large-width":768,"medium_large-height":228,"large":"https:\/\/www.ufsm.br\/app\/uploads\/sites\/370\/2026\/09\/capa-lacivet-set-2026-1024x305.jpg","large-width":1024,"large-height":305,"1536x1536":"https:\/\/www.ufsm.br\/app\/uploads\/sites\/370\/2026\/09\/capa-lacivet-set-2026-1536x457.jpg","1536x1536-width":1536,"1536x1536-height":457,"2048x2048":"https:\/\/www.ufsm.br\/app\/uploads\/sites\/370\/2026\/09\/capa-lacivet-set-2026.jpg","2048x2048-width":1920,"2048x2048-height":571,"sow-carousel-default":"https:\/\/www.ufsm.br\/app\/uploads\/sites\/370\/2026\/09\/capa-lacivet-set-2026-272x182.jpg","sow-carousel-default-width":272,"sow-carousel-default-height":182}},"endereco_url":"v-ciclo-de-palestras-lacivet-neurologia-veterinaria","evento_categoria":"T\u00c9CNICO-CIENT\u00cdFICOS","evento_descricao":"<div>O V Ciclo de Palestras da Liga Acad\u00eamica de Cirurgia Veterin\u00e1ria ocorrer\u00e1 no <b>dia 26 de setembro de 2026, s\u00e1bado<\/b>, das <b>8h \u00e0s 18h<\/b>, no Audit\u00f3rio do Col\u00e9gio Polit\u00e9cnico da UFSM (Pr\u00e9dio 70 &#8211; Bloco B). Com intervalo para o almo\u00e7o e direito a coffee break em ambos os turnos.<\/div>\n<div><\/div>\n<div>Contaremos com palestrantes renomados que falar\u00e3o sobre <strong>diagn\u00f3stico, tratamento e progn\u00f3stico das principais afec\u00e7\u00f5es do sistema nervoso na Medicina Veterin\u00e1ria<\/strong>.<\/div>\n<div><\/div>\n<div>Ser\u00e3o gerados certificados para todos que tiverem presen\u00e7a m\u00ednima de 75%, de acordo com as regras da UFSM.<\/div>\n<div><\/div>\n","evento_programacao":"<p><a href=\"https:\/\/www.instagram.com\/lacivet_ufsm\/\"><strong>Confira no Instagram do LACIVET, clicando aqui.<\/strong><\/a><\/p>\n","evento_inscricao":null,"evento_local":"Audit\u00f3rio do Col\u00e9gio Polit\u00e9cnico","evento_contato":"<p><strong>lacivet@ufsm.br <\/strong><\/p>\n"},"_links":{"self":[{"href":"https:\/\/www.ufsm.br\/unidades-universitarias\/ccr\/wp-json\/wp\/v2\/eventos\/13727","targetHints":{"allow":["GET"]}}],"collection":[{"href":"https:\/\/www.ufsm.br\/unidades-universitarias\/ccr\/wp-json\/wp\/v2\/eventos"}],"about":[{"href":"https:\/\/www.ufsm.br\/unidades-universitarias\/ccr\/wp-json\/wp\/v2\/types\/eventos"}],"wp:featuredmedia":[{"embeddable":true,"href":"https:\/\/www.ufsm.br\/unidades-universitarias\/ccr\/wp-json\/wp\/v2\/media\/13728"}],"wp:attachment":[{"href":"https:\/\/www.ufsm.br\/unidades-universitarias\/ccr\/wp-json\/wp\/v2\/media?parent=13727"}],"wp:term":[{"taxonomy":"post_tag","embeddable":true,"href":"https:\/\/www.ufsm.br\/unidades-universitarias\/ccr\/wp-json\/wp\/v2\/tags?post=13727"}],"curies":[{"name":"wp","href":"https:\/\/api.w.org\/{rel}","templated":true}]}}

V Ciclo de Palestras LACIVET - NEUROLOGIA VETERINÁRIA

TÉCNICO-CIENTÍFICOS

<div>O V Ciclo de Palestras da Liga Acadêmica de Cirurgia Veterinária ocorrerá no <b>dia 26 de setembro de 2026, sábado</b>, das <b>8h às 18h</b>, no Auditório do Colégio Politécnico da UFSM (Prédio 70 &#8211; Bloco B). Com intervalo para o almoço e direito a coffee break em ambos os turnos.</div>
<div></div>
<div>Contaremos com palestrantes renomados que falarão sobre <strong>diagnóstico, tratamento e prognóstico das principais afecções do sistema nervoso na Medicina Veterinária</strong>.</div>
<div></div>
<div>Serão gerados certificados para todos que tiverem presença mínima de 75%, de acordo com as regras da UFSM.</div>
<div></div>

Auditório do Colégio Politécnico
