{"id":850,"date":"2018-06-25T14:31:12","date_gmt":"2018-06-25T17:31:12","guid":{"rendered":"https:\/\/www.ufsm.br\/unidades-universitarias\/ccr\/?page_id=850"},"modified":"2023-05-11T13:38:12","modified_gmt":"2023-05-11T16:38:12","slug":"historico","status":"publish","type":"page","link":"https:\/\/www.ufsm.br\/unidades-universitarias\/ccr\/historico","title":{"rendered":"Sobre o CCR"},"content":{"rendered":"<p>O Centro de Ci\u00eancias Rurais (CCR) foi criado em 31 de agosto de 1970 e sua miss\u00e3o \u00e9 ser reconhecido pela sociedade como um Centro de excel\u00eancia em ensino, pesquisa e extens\u00e3o, nacional e internacionalmente. Busca incentivar a produ\u00e7\u00e3o de novos saberes, formando profissionais com conhecimentos t\u00e9cnicos e cient\u00edficos comprometidos com os problemas socioambientais.<\/p>\n<p>Hoje, o Centro conta com 163 servidores T\u00e9cnico-Administrativos em Educa\u00e7\u00e3o, 202 Docentes e mais de dois mil e quinhentos Discentes distribu\u00eddos nos Cursos de Gradua\u00e7\u00e3o, P\u00f3s-Gradua\u00e7\u00e3o e variados setores.<\/p>\n<p>O CCR oferece os seguintes Cursos:<\/p>\n<ul style=\"list-style-type: square\">\n<li>1 Curso de Licenciatura: Educa\u00e7\u00e3o do Campo \u2013 EaD;<\/li>\n<li>4 Cursos de Gradua\u00e7\u00e3o: Agronomia, Engenharia Florestal, Medicina Veterin\u00e1ria e Zootecnia;<\/li>\n<li>2 Cursos de Gradua\u00e7\u00e3o Tecnol\u00f3gicos: Tecnologia em Agroneg\u00f3cio e Tecnologia em Alimentos;<\/li>\n<li>2 Cursos de Especializa\u00e7\u00e3o: Agroecologia, Educa\u00e7\u00e3o do Campo e Inova\u00e7\u00f5es Sociais (EaD) e Resid\u00eancia em \u00c1rea Profissional da Sa\u00fade \u2013 Medicina Veterin\u00e1ria;<\/li>\n<li>8 Cursos de Mestrado: Agronomia \u2013 Produ\u00e7\u00e3o Vegetal, Ci\u00eancia do Solo, Ci\u00eancia e Tecnologia dos Alimentos, Engenharia Agr\u00edcola, Engenharia Florestal, Extens\u00e3o Rural, Medicina Veterin\u00e1ria e Zootecnia \u2013 Produ\u00e7\u00e3o Animal;<\/li>\n<li>8 Cursos de Doutorado: Agronomia, Ci\u00eancia do Solo, Ci\u00eancia e Tecnologia dos Alimentos, Engenharia Agr\u00edcola, Engenharia Florestal, Extens\u00e3o Rural, Medicina Veterin\u00e1ria e Zootecnia.<\/li>\n<\/ul>\n","protected":false},"excerpt":{"rendered":"<p>O Centro de Ci\u00eancias Rurais (CCR) foi criado em 31 de agosto de 1970 e sua miss\u00e3o \u00e9 ser reconhecido pela sociedade como um Centro de excel\u00eancia em ensino, pesquisa e extens\u00e3o, nacional e internacionalmente. Busca incentivar a produ\u00e7\u00e3o de novos saberes, formando profissionais com conhecimentos t\u00e9cnicos e cient\u00edficos comprometidos com os problemas socioambientais. Hoje, [&hellip;]<\/p>\n","protected":false},"author":46,"featured_media":0,"parent":0,"menu_order":0,"comment_status":"closed","ping_status":"closed","template":"","meta":{"footnotes":""},"categories":[],"tags":[],"class_list":["post-850","page","type-page","status-publish","hentry"],"acf":[],"_links":{"self":[{"href":"https:\/\/www.ufsm.br\/unidades-universitarias\/ccr\/wp-json\/wp\/v2\/pages\/850","targetHints":{"allow":["GET"]}}],"collection":[{"href":"https:\/\/www.ufsm.br\/unidades-universitarias\/ccr\/wp-json\/wp\/v2\/pages"}],"about":[{"href":"https:\/\/www.ufsm.br\/unidades-universitarias\/ccr\/wp-json\/wp\/v2\/types\/page"}],"author":[{"embeddable":true,"href":"https:\/\/www.ufsm.br\/unidades-universitarias\/ccr\/wp-json\/wp\/v2\/users\/46"}],"replies":[{"embeddable":true,"href":"https:\/\/www.ufsm.br\/unidades-universitarias\/ccr\/wp-json\/wp\/v2\/comments?post=850"}],"version-history":[{"count":0,"href":"https:\/\/www.ufsm.br\/unidades-universitarias\/ccr\/wp-json\/wp\/v2\/pages\/850\/revisions"}],"wp:attachment":[{"href":"https:\/\/www.ufsm.br\/unidades-universitarias\/ccr\/wp-json\/wp\/v2\/media?parent=850"}],"wp:term":[{"taxonomy":"category","embeddable":true,"href":"https:\/\/www.ufsm.br\/unidades-universitarias\/ccr\/wp-json\/wp\/v2\/categories?post=850"},{"taxonomy":"post_tag","embeddable":true,"href":"https:\/\/www.ufsm.br\/unidades-universitarias\/ccr\/wp-json\/wp\/v2\/tags?post=850"}],"curies":[{"name":"wp","href":"https:\/\/api.w.org\/{rel}","templated":true}]}}