{"id":9023,"date":"2023-10-02T14:19:19","date_gmt":"2023-10-02T17:19:19","guid":{"rendered":"https:\/\/www.ufsm.br\/unidades-universitarias\/ccr\/?page_id=9023"},"modified":"2024-12-17T15:44:52","modified_gmt":"2024-12-17T18:44:52","slug":"colegiado-do-departamento-de-defesa-fitossanitaria","status":"publish","type":"page","link":"https:\/\/www.ufsm.br\/unidades-universitarias\/ccr\/colegiado-do-departamento-de-defesa-fitossanitaria","title":{"rendered":"Colegiado do Departamento de Defesa Fitossanit\u00e1ria"},"content":{"rendered":"\t\t<div data-elementor-type=\"wp-page\" data-elementor-id=\"9023\" class=\"elementor elementor-9023\">\n\t\t\t\t\t\t<section class=\"elementor-section elementor-top-section elementor-element elementor-element-3fbbcc8d elementor-section-boxed elementor-section-height-default elementor-section-height-default\" data-id=\"3fbbcc8d\" data-element_type=\"section\">\n\t\t\t\t\t\t<div class=\"elementor-container elementor-column-gap-default\">\n\t\t\t\t\t<div class=\"elementor-column elementor-col-100 elementor-top-column elementor-element elementor-element-16e59b21\" data-id=\"16e59b21\" data-element_type=\"column\">\n\t\t\t<div class=\"elementor-widget-wrap elementor-element-populated\">\n\t\t\t\t\t\t<div class=\"elementor-element elementor-element-6a19814f elementor-widget elementor-widget-text-editor\" data-id=\"6a19814f\" data-element_type=\"widget\" data-widget_type=\"text-editor.default\">\n\t\t\t\t<div class=\"elementor-widget-container\">\n\t\t\t\t\t\t\t<!-- wp:tadv\/classic-paragraph \/-->\n<p>\u00a0<\/p>\n<!-- wp:tadv\/classic-paragraph \/--><!-- wp:tadv\/classic-paragraph -->\n<table dir=\"ltr\" style=\"width: 42.7104%;height: 422px\" border=\"1\" cellspacing=\"0\" cellpadding=\"0\"><colgroup> <col width=\"228\" \/> <col width=\"100\" \/> <col width=\"100\" \/><\/colgroup>\n<tbody>\n<tr style=\"height: 23px\">\n<td style=\"width: 93.8506%;text-align: center;height: 23px\" colspan=\"2\" data-sheets-value=\"{&quot;1&quot;:2,&quot;2&quot;:&quot;Colegiado Departamental&quot;}\"><strong>Colegiado Departamental<\/strong><\/td>\n<\/tr>\n<tr style=\"height: 23px\">\n<td style=\"width: 62.2989%;height: 23px\" data-sheets-value=\"{&quot;1&quot;:2,&quot;2&quot;:&quot;Nome&quot;}\"><strong>Nome<\/strong><\/td>\n<td style=\"width: 31.5517%;height: 23px\" data-sheets-value=\"{&quot;1&quot;:2,&quot;2&quot;:&quot;Gest\u00e3o&quot;}\"><strong>Gest\u00e3o\/Cargo<\/strong><\/td>\n<\/tr>\n<tr style=\"height: 24px\">\n<td style=\"width: 62.2989%;height: 24px\" data-sheets-value=\"{&quot;1&quot;:2,&quot;2&quot;:&quot;Andr\u00e9 da Rosa Ulguim&quot;}\">Andr\u00e9 da Rosa Ulguim<\/td>\n<td style=\"width: 31.5517%;height: 24px\" data-sheets-value=\"{&quot;1&quot;:2,&quot;2&quot;:&quot;Chefe&quot;}\">DFS &#8211; Chefe\/Docente<\/td>\n<\/tr>\n<tr style=\"height: 23px\">\n<td style=\"width: 62.2989%;height: 23px\" data-sheets-value=\"{&quot;1&quot;:2,&quot;2&quot;:&quot;Adriano Arru\u00e9 Mello &quot;}\">Oderlei Bernardi<\/td>\n<td style=\"width: 31.5517%;height: 23px\" data-sheets-value=\"{&quot;1&quot;:2,&quot;2&quot;:&quot;Gest\u00e3o&quot;}\">DFS &#8211; Subchefe\/Docente<\/td>\n<\/tr>\n<tr style=\"height: 23px\">\n<td style=\"width: 62.2989%;height: 23px\" data-sheets-value=\"{&quot;1&quot;:2,&quot;2&quot;:&quot;Adriano Arru\u00e9 Mello &quot;}\">Adriano Arru\u00e9 Mello<\/td>\n<td style=\"width: 31.5517%;height: 23px\" data-sheets-value=\"{&quot;1&quot;:2,&quot;2&quot;:&quot;Chefe&quot;}\">Docente<\/td>\n<\/tr>\n<tr>\n<td style=\"width: 62.2989%\">Camila Peligrinotti Tarouco<\/td>\n<td style=\"width: 31.5517%\">Docente<\/td>\n<\/tr>\n<tr style=\"height: 23px\">\n<td style=\"width: 62.2989%;height: 23px\" data-sheets-value=\"{&quot;1&quot;:2,&quot;2&quot;:&quot;Jansen Rodrigo Pereira dos Santos&quot;}\">Jansen Rodrigo Pereira dos Santos<\/td>\n<td style=\"width: 31.5517%;height: 23px\">Docente<\/td>\n<\/tr>\n<tr style=\"height: 23px\">\n<td style=\"width: 62.2989%;height: 23px\" data-sheets-value=\"{&quot;1&quot;:2,&quot;2&quot;:&quot;Jerson Vanderlei Car\u00fas Guedes&quot;}\">Jerson Vanderlei Car\u00fas Guedes<\/td>\n<td style=\"width: 31.5517%;height: 23px\">Docente<\/td>\n<\/tr>\n<tr style=\"height: 23px\">\n<td style=\"width: 62.2989%;height: 23px\" data-sheets-value=\"{&quot;1&quot;:2,&quot;2&quot;:&quot;Jonas Andr\u00e9 Arnemann&quot;}\">Jonas Andr\u00e9 Arnemann<\/td>\n<td style=\"width: 31.5517%;height: 23px\">Docente<\/td>\n<\/tr>\n<tr style=\"height: 23px\">\n<td style=\"width: 62.2989%;height: 23px\" data-sheets-value=\"{&quot;1&quot;:2,&quot;2&quot;:&quot;Jos\u00e9 Domingos Jacques Le\u00e3o&quot;}\">Jos\u00e9 Domingos Jacques Le\u00e3o<\/td>\n<td style=\"width: 31.5517%;height: 23px\">Docente<\/td>\n<\/tr>\n<tr style=\"height: 23px\">\n<td style=\"width: 62.2989%;height: 23px\" data-sheets-value=\"{&quot;1&quot;:2,&quot;2&quot;:&quot;J\u00falio Carlos Pereira da Silva&quot;}\">J\u00falio Carlos Pereira da Silva<\/td>\n<td style=\"width: 31.5517%;height: 23px\">Docente<\/td>\n<\/tr>\n<tr style=\"height: 23px\">\n<td style=\"width: 62.2989%;height: 23px\" data-sheets-value=\"{&quot;1&quot;:2,&quot;2&quot;:&quot;Marlove F\u00e1tima Bri\u00e3o Muniz&quot;}\">Marlove F\u00e1tima Bri\u00e3o Muniz<\/td>\n<td style=\"width: 31.5517%;height: 23px\">Docente<\/td>\n<\/tr>\n<tr>\n<td style=\"width: 62.2989%\">Fernando Saccol Gnocato<\/td>\n<td style=\"width: 31.5517%\">TAE<\/td>\n<\/tr>\n<tr style=\"height: 24px\">\n<td style=\"width: 62.2989%;height: 24px\">\n<div class=\"qhML4e\" role=\"heading\">Gabriel Donato<\/div>\n<\/td>\n<td style=\"width: 31.5517%;height: 24px\">TAE<\/td>\n<\/tr>\n<tr>\n<td style=\"width: 62.2989%\">\n<div class=\"qhML4e\" role=\"heading\">\n<div class=\"qhML4e\" role=\"heading\">Alexsandra Cezimbra Quevedo<\/div>\n<\/div>\n<\/td>\n<td style=\"width: 31.5517%\">Discente<\/td>\n<\/tr>\n<tr>\n<td style=\"width: 62.2989%\">\n<div class=\"qhML4e\" role=\"heading\">\n<div class=\"qhML4e\" role=\"heading\">Daniela Neves Godoy<\/div>\n<\/div>\n<\/td>\n<td style=\"width: 31.5517%\">Discente<\/td>\n<\/tr>\n<\/tbody>\n<\/table>\n<p>\u00a0<\/p>\n<!-- \/wp:tadv\/classic-paragraph -->\t\t\t\t\t\t<\/div>\n\t\t\t\t<\/div>\n\t\t\t\t\t<\/div>\n\t\t<\/div>\n\t\t\t\t\t<\/div>\n\t\t<\/section>\n\t\t\t\t<\/div>\n\t\t","protected":false},"excerpt":{"rendered":"<p>\u00a0 Colegiado Departamental Nome Gest\u00e3o\/Cargo Andr\u00e9 da Rosa Ulguim DFS &#8211; Chefe\/Docente Oderlei Bernardi DFS &#8211; Subchefe\/Docente Adriano Arru\u00e9 Mello Docente Camila Peligrinotti Tarouco Docente Jansen Rodrigo Pereira dos Santos Docente Jerson Vanderlei Car\u00fas Guedes Docente Jonas Andr\u00e9 Arnemann Docente Jos\u00e9 Domingos Jacques Le\u00e3o Docente J\u00falio Carlos Pereira da Silva Docente Marlove F\u00e1tima Bri\u00e3o Muniz [&hellip;]<\/p>\n","protected":false},"author":4391,"featured_media":0,"parent":0,"menu_order":0,"comment_status":"closed","ping_status":"closed","template":"","meta":{"footnotes":""},"categories":[],"tags":[],"class_list":["post-9023","page","type-page","status-publish","hentry"],"acf":[],"_links":{"self":[{"href":"https:\/\/www.ufsm.br\/unidades-universitarias\/ccr\/wp-json\/wp\/v2\/pages\/9023","targetHints":{"allow":["GET"]}}],"collection":[{"href":"https:\/\/www.ufsm.br\/unidades-universitarias\/ccr\/wp-json\/wp\/v2\/pages"}],"about":[{"href":"https:\/\/www.ufsm.br\/unidades-universitarias\/ccr\/wp-json\/wp\/v2\/types\/page"}],"author":[{"embeddable":true,"href":"https:\/\/www.ufsm.br\/unidades-universitarias\/ccr\/wp-json\/wp\/v2\/users\/4391"}],"replies":[{"embeddable":true,"href":"https:\/\/www.ufsm.br\/unidades-universitarias\/ccr\/wp-json\/wp\/v2\/comments?post=9023"}],"version-history":[{"count":0,"href":"https:\/\/www.ufsm.br\/unidades-universitarias\/ccr\/wp-json\/wp\/v2\/pages\/9023\/revisions"}],"wp:attachment":[{"href":"https:\/\/www.ufsm.br\/unidades-universitarias\/ccr\/wp-json\/wp\/v2\/media?parent=9023"}],"wp:term":[{"taxonomy":"category","embeddable":true,"href":"https:\/\/www.ufsm.br\/unidades-universitarias\/ccr\/wp-json\/wp\/v2\/categories?post=9023"},{"taxonomy":"post_tag","embeddable":true,"href":"https:\/\/www.ufsm.br\/unidades-universitarias\/ccr\/wp-json\/wp\/v2\/tags?post=9023"}],"curies":[{"name":"wp","href":"https:\/\/api.w.org\/{rel}","templated":true}]}}