{"id":9026,"date":"2023-10-02T14:21:26","date_gmt":"2023-10-02T17:21:26","guid":{"rendered":"https:\/\/www.ufsm.br\/unidades-universitarias\/ccr\/?page_id=9026"},"modified":"2025-12-19T07:46:01","modified_gmt":"2025-12-19T10:46:01","slug":"colegiado-do-departamento-de-tecnologia-e-ciencias-dos-alimentos","status":"publish","type":"page","link":"https:\/\/www.ufsm.br\/unidades-universitarias\/ccr\/colegiado-do-departamento-de-tecnologia-e-ciencias-dos-alimentos","title":{"rendered":"Colegiado do Departamento de Tecnologia e Ci\u00eancias dos Alimentos"},"content":{"rendered":"\t\t<div data-elementor-type=\"wp-page\" data-elementor-id=\"9026\" class=\"elementor elementor-9026\">\n\t\t\t\t\t\t<section class=\"elementor-section elementor-top-section elementor-element elementor-element-578e082a elementor-section-boxed elementor-section-height-default elementor-section-height-default\" data-id=\"578e082a\" data-element_type=\"section\">\n\t\t\t\t\t\t<div class=\"elementor-container elementor-column-gap-default\">\n\t\t\t\t\t<div class=\"elementor-column elementor-col-100 elementor-top-column elementor-element elementor-element-17e6f23f\" data-id=\"17e6f23f\" data-element_type=\"column\">\n\t\t\t<div class=\"elementor-widget-wrap elementor-element-populated\">\n\t\t\t\t\t\t<div class=\"elementor-element elementor-element-1234f225 elementor-widget elementor-widget-text-editor\" data-id=\"1234f225\" data-element_type=\"widget\" data-widget_type=\"text-editor.default\">\n\t\t\t\t<div class=\"elementor-widget-container\">\n\t\t\t\t\t\t\t<!-- wp:tadv\/classic-paragraph -->\n<table dir=\"ltr\" style=\"width: 74.041%;height: 628px\" border=\"1\" cellspacing=\"0\" cellpadding=\"0\"><colgroup> <col width=\"346\" \/> <col width=\"304\" \/> <col width=\"100\" \/><\/colgroup>\n<tbody>\n<tr style=\"height: 28px\">\n<td style=\"text-align: center;width: 109.082%;height: 28px\" colspan=\"3\" data-sheets-value=\"{&quot;1&quot;:2,&quot;2&quot;:&quot;Composi\u00e7\u00e3o do Colegiado DTCA&quot;}\"><span style=\"font-size: 14pt\"><strong>Composi\u00e7\u00e3o do Colegiado<\/strong><\/span><\/td>\n<\/tr>\n<tr style=\"height: 24px\">\n<td style=\"width: 45.1702%;text-align: center;height: 24px\" data-sheets-value=\"{&quot;1&quot;:2,&quot;2&quot;:&quot;Membros Titulares&quot;}\"><strong>Membros Titulares<\/strong><\/td>\n<td style=\"width: 42.8483%;text-align: center;height: 24px\" data-sheets-value=\"{&quot;1&quot;:2,&quot;2&quot;:&quot;Membros Suplentes&quot;}\"><strong>Membros Suplentes<\/strong><\/td>\n<td style=\"width: 21.0634%;text-align: center;height: 24px\" data-sheets-value=\"{&quot;1&quot;:2,&quot;2&quot;:&quot;Gest\u00e3o&quot;}\"><strong>Gest\u00e3o<\/strong><\/td>\n<\/tr>\n<tr style=\"height: 24px\">\n<td style=\"width: 45.1702%;height: 24px\" data-sheets-value=\"{&quot;1&quot;:2,&quot;2&quot;:&quot;Cl\u00e1udia Kaehler Sautter \u2013 1938925&quot;}\">Cl\u00e1udia Kaehler Sautter \u2013 1938925<\/td>\n<td style=\"width: 42.8483%;height: 24px\">\u00a0<\/td>\n<td style=\"width: 21.0634%;height: 24px\" data-sheets-value=\"{&quot;1&quot;:2,&quot;2&quot;:&quot;DTCA&quot;}\">Presidente<\/td>\n<\/tr>\n<tr style=\"height: 24px\">\n<td style=\"width: 45.1702%;height: 24px\" data-sheets-value=\"{&quot;1&quot;:2,&quot;2&quot;:&quot;Rafael Porto Ineu \u2013 1120022&quot;}\">Aline Sobreira Bezerra &#8211; 1936263<\/td>\n<td style=\"width: 42.8483%;height: 24px\" data-sheets-value=\"{&quot;1&quot;:2,&quot;2&quot;:&quot;Aline Sobreira Bezerra \u2013 1936263&quot;}\">\u00a0<\/td>\n<td style=\"width: 21.0634%;height: 24px\" data-sheets-value=\"{&quot;1&quot;:2,&quot;2&quot;:&quot;DTCA&quot;}\">\u00a0<\/td>\n<\/tr>\n<tr style=\"height: 24px\">\n<td style=\"width: 45.1702%;height: 24px\" data-sheets-value=\"{&quot;1&quot;:2,&quot;2&quot;:&quot;Fl\u00e1via Michelon Dalla Nora \u2013 1424567&quot;}\">Grazielle Castagna Cezimbra Weis \u2013 1147947<\/td>\n<td style=\"width: 42.8483%;height: 24px\" data-sheets-value=\"{&quot;1&quot;:2,&quot;2&quot;:&quot;Roger Wagner \u2013 1724504&quot;}\">Ana Betine Beutinger Bender \u2013\u00a0 3209723<\/td>\n<td style=\"width: 21.0634%;height: 24px\" data-sheets-value=\"{&quot;1&quot;:2,&quot;2&quot;:&quot;CSTA&quot;}\">\u00a0<\/td>\n<\/tr>\n<tr style=\"height: 24px\">\n<td style=\"width: 45.1702%;height: 24px\" data-sheets-value=\"{&quot;1&quot;:2,&quot;2&quot;:&quot;Paulo Cezar Bastianello Campagnol \u2013 1799532&quot;}\">Paulo Cezar Basanello Campagnol \u2013 1799532<\/td>\n<td style=\"width: 42.8483%;height: 24px\" data-sheets-value=\"{&quot;1&quot;:2,&quot;2&quot;:&quot;Roger Wagner \u2013 1724504&quot;}\">Roger Wagner &#8211; 1724504<\/td>\n<td style=\"width: 21.0634%;height: 24px\" data-sheets-value=\"{&quot;1&quot;:2,&quot;2&quot;:&quot;PPGCTA&quot;}\">\u00a0<\/td>\n<\/tr>\n<tr style=\"height: 24px\">\n<td style=\"width: 45.1702%;height: 24px\" data-sheets-value=\"{&quot;1&quot;:2,&quot;2&quot;:&quot;Ana Flavia Furian \u2013 2575539&quot;}\">Patricia Medianeira Grigoleo Londero \u2013\u00a0 2664207<\/td>\n<td style=\"width: 42.8483%;height: 24px\" data-sheets-value=\"{&quot;1&quot;:2,&quot;2&quot;:&quot;Marina Venturini Copetti \u2013 1716521&quot;}\">Gilberti Helena Hubscher Lopes \u2013\u00a0 1239602<\/td>\n<td style=\"width: 21.0634%;height: 24px\">\u00a0<\/td>\n<\/tr>\n<tr style=\"height: 24px\">\n<td style=\"width: 45.1702%;height: 24px\" data-sheets-value=\"{&quot;1&quot;:2,&quot;2&quot;:&quot;Cristiano Ragagnin de Menezes \u2013 1725093&quot;}\">Ana Flavia Furian \u2013\u00a0 2575539<\/td>\n<td style=\"width: 42.8483%;height: 24px\" data-sheets-value=\"{&quot;1&quot;:2,&quot;2&quot;:&quot;Leila Queiroz Zepka \u2013 1735936&quot;}\">Marina Venturini Cope \u2013\u00a0 1716521<\/td>\n<td style=\"width: 21.0634%;height: 24px\">\u00a0<\/td>\n<\/tr>\n<tr style=\"height: 24px\">\n<td style=\"width: 45.1702%;height: 24px\" data-sheets-value=\"{&quot;1&quot;:2,&quot;2&quot;:&quot;Jos\u00e9 Laerte Nornberg \u2013 379604&quot;}\">Cristiano Ragagnin de Menezes \u2013 1725093<\/td>\n<td style=\"width: 42.8483%;height: 24px\" data-sheets-value=\"{&quot;1&quot;:2,&quot;2&quot;:&quot;Eduardo Jacob Lopes \u2013 1655518&quot;}\">Leila Queiroz Zepka \u2013\u00a0 1735936<\/td>\n<td style=\"width: 21.0634%;height: 24px\">\u00a0<\/td>\n<\/tr>\n<tr style=\"height: 24px\">\n<td style=\"width: 45.1702%;height: 24px\" data-sheets-value=\"{&quot;1&quot;:2,&quot;2&quot;:&quot;Juliano Smanioto Barin \u2013 1724500&quot;}\">Jos\u00e9 Laerte Nornberg \u2013\u00a0 379604<\/td>\n<td style=\"width: 42.8483%;height: 24px\" data-sheets-value=\"{&quot;1&quot;:2,&quot;2&quot;:&quot;Alexandre Jos\u00e9 Cichoski \u2013 1728660&quot;}\">Eduardo Jacob Lopes \u2013\u00a0 1655518<\/td>\n<td style=\"width: 21.0634%;height: 24px\">\u00a0<\/td>\n<\/tr>\n<tr style=\"height: 24px\">\n<td style=\"width: 45.1702%;height: 24px\" data-sheets-value=\"{&quot;1&quot;:2,&quot;2&quot;:&quot;Mari Silvia Rodrigues de Oliveira \u2013 2222673&quot;}\">Juliano Smanioto Barin \u2013\u00a0 1724500<\/td>\n<td style=\"width: 42.8483%;height: 24px\" data-sheets-value=\"{&quot;1&quot;:2,&quot;2&quot;:&quot;Marta Weber do Canto \u2013 387061&quot;}\">Alexandre Jos\u00e9 Cichoski \u2013 1728660<\/td>\n<td style=\"width: 21.0634%;height: 24px\">\u00a0<\/td>\n<\/tr>\n<tr style=\"height: 24px\">\n<td style=\"width: 45.1702%;height: 24px\" data-sheets-value=\"{&quot;1&quot;:2,&quot;2&quot;:&quot;Milene Teixeira Barcia \u2013 1083014&quot;}\">Luana Haselein Maurer \u2013\u00a0 1008681<\/td>\n<td style=\"width: 42.8483%;height: 24px\" data-sheets-value=\"{&quot;1&quot;:2,&quot;2&quot;:&quot;Cristiano Augusto Ballus \u2013 2269508&quot;}\">\n<p>Fl\u00e1via Michelon Dalla Nora &#8211; 1424567<\/p>\n<\/td>\n<td style=\"width: 21.0634%;height: 24px\">\u00a0<\/td>\n<\/tr>\n<tr style=\"height: 24px\">\n<td style=\"width: 45.1702%;height: 24px\" data-sheets-value=\"{&quot;1&quot;:2,&quot;2&quot;:&quot;Neila Silvia Pereira dos Santos Richards \u2013 1474866&quot;}\">Mari Silvia Rodrigues de Oliveira \u2013\u00a0 2222673<\/td>\n<td style=\"width: 42.8483%;height: 24px\" data-sheets-value=\"{&quot;1&quot;:2,&quot;2&quot;:&quot;Claudia Severo da Rosa \u2013 2092434&quot;}\">Marta Weber do Canto \u2013\u00a0 387061<\/td>\n<td style=\"width: 21.0634%;height: 24px\">\u00a0<\/td>\n<\/tr>\n<tr style=\"height: 24px\">\n<td style=\"width: 45.1702%;height: 24px\" data-sheets-value=\"{&quot;1&quot;:2,&quot;2&quot;:&quot;Patr\u00edcia Medianeira Grigoletto Londero \u2013 2664207&quot;}\">Milene Teixeira Barcia \u2013\u00a0 1083014<\/td>\n<td style=\"width: 42.8483%;height: 24px\" data-sheets-value=\"{&quot;1&quot;:2,&quot;2&quot;:&quot;Gilberti Helena Hubscher Lopes \u2013 1239602&quot;}\">Tatiana Emanuelli \u2013\u00a0 2087904<\/td>\n<td style=\"width: 21.0634%;height: 24px\">\u00a0<\/td>\n<\/tr>\n<tr style=\"height: 24px\">\n<td style=\"width: 45.1702%;height: 24px\" data-sheets-value=\"{&quot;1&quot;:2,&quot;2&quot;:&quot;Renius de Oliveira Mello \u2013 1543860&quot;}\">Neila Silvia Pereira dos Santos Richards \u2013\u00a0 1474866<\/td>\n<td style=\"width: 42.8483%;height: 24px\" data-sheets-value=\"{&quot;1&quot;:2,&quot;2&quot;:&quot;Tatiana Emanuelli \u2013 2087904&quot;}\">Ellen Cristina Perin \u2013\u00a0 1412115<\/td>\n<td style=\"width: 21.0634%;height: 24px\">\u00a0<\/td>\n<\/tr>\n<tr style=\"height: 48px\">\n<td style=\"width: 45.1702%;height: 48px\">Renius de Oliveira Mello \u2013\u00a0 1543860<\/td>\n<td style=\"width: 42.8483%;height: 48px\">Cristiano Augusto Ballus \u2013\u00a0 2269508<\/td>\n<td style=\"width: 21.0634%;height: 48px\">\u00a0<\/td>\n<\/tr>\n<tr style=\"height: 72px\">\n<td style=\"width: 45.1702%;height: 72px\">Rafael Porto Ineu &#8211; 1120022<\/td>\n<td style=\"width: 42.8483%;height: 72px\">Marianna Pozzatti Martins de Siqueira \u2013\u00a0 2216853<\/td>\n<td style=\"width: 21.0634%;height: 72px\">\u00a0<\/td>\n<\/tr>\n<tr>\n<td style=\"width: 45.1702%\">\u00a0<\/td>\n<td style=\"width: 42.8483%\">Gustavo Petri Guerra \u2013\u00a0 1989404<\/td>\n<td style=\"width: 21.0634%\">\u00a0<\/td>\n<\/tr>\n<tr style=\"height: 24px\">\n<td style=\"width: 45.1702%;height: 24px\" data-sheets-value=\"{&quot;1&quot;:2,&quot;2&quot;:&quot;Alex Ketzer \u2013 3000802&quot;}\">TAE Andr\u00e9 Collasiol \u2013\u00a0 1753083<\/td>\n<td style=\"width: 42.8483%;height: 72px\">TAE Mag\u00e9 Bernardi Amaral da Rosa \u2013\u00a0 378665<\/td>\n<td style=\"width: 21.0634%;height: 24px\">\u00a0<\/td>\n<\/tr>\n<tr style=\"height: 24px\">\n<td style=\"width: 45.1702%;height: 24px\" data-sheets-value=\"{&quot;1&quot;:2,&quot;2&quot;:&quot;Mag\u00e9 Bernardi Amaral da Rosa \u2013 378665&quot;}\">TAE Marialene Manfio \u2013\u00a0 379533<\/td>\n<td style=\"width: 42.8483%;height: 24px\" data-sheets-value=\"{&quot;1&quot;:2,&quot;2&quot;:&quot;Marialene Manfio \u2013 379533&quot;}\">TAE Paola Cavalheiro Pereira &#8211;\u00a0 3410568<\/td>\n<td style=\"width: 21.0634%;height: 24px\">\u00a0<\/td>\n<\/tr>\n<tr style=\"height: 24px\">\n<td style=\"width: 45.1702%;height: 24px\" data-sheets-value=\"{&quot;1&quot;:2,&quot;2&quot;:&quot;Moises Alves Dias \u2013 379427&quot;}\">TAE Mariele Borkowski Rodrigues \u2013\u00a0 3358903<\/td>\n<td style=\"width: 42.8483%;height: 24px\" data-sheets-value=\"{&quot;1&quot;:2,&quot;2&quot;:&quot;Rosa Elaine Talhaferro Camargo - 1213478&quot;}\">TAE Jossi\u00ea Zampere Donadel \u2013\u00a0 2269738<\/td>\n<td style=\"width: 21.0634%;height: 24px\">\u00a0<\/td>\n<\/tr>\n<tr style=\"height: 24px\">\n<td style=\"width: 45.1702%;height: 24px\" data-sheets-value=\"{&quot;1&quot;:2,&quot;2&quot;:&quot;Pedro Silveira Quintana \u2013 1396866&quot;}\">TAE Carlos Rubini Junior \u2013 1478567<\/td>\n<td style=\"width: 42.8483%;height: 24px\" data-sheets-value=\"{&quot;1&quot;:2,&quot;2&quot;:&quot;Carlos Rubini Junior \u2013 1478567&quot;}\">TAE Moises Alves Dias \u2013 379427<\/td>\n<td style=\"width: 21.0634%;height: 24px\">\u00a0<\/td>\n<\/tr>\n<tr style=\"height: 24px\">\n<td style=\"width: 45.1702%;height: 24px\" data-sheets-value=\"{&quot;1&quot;:2,&quot;2&quot;:&quot;Ricardo de Lima dos Santos \u2013 2389430&quot;}\">TAE Pedro Silveira Quintana \u2013 1396866<\/td>\n<td style=\"width: 42.8483%;height: 24px\" data-sheets-value=\"{&quot;1&quot;:2,&quot;2&quot;:&quot;Sheila Adriane Fontoura de Freitas \u2013 2389821&quot;}\">TAE Sheila Adriane Fontoura de Freitas \u2013\u00a0 2389821<\/td>\n<td style=\"width: 21.0634%;height: 24px\">\u00a0<\/td>\n<\/tr>\n<tr style=\"height: 24px\">\n<td style=\"width: 45.1702%;height: 24px\" data-sheets-value=\"{&quot;1&quot;:2,&quot;2&quot;:&quot;Jossi\u00ea Zamperetti Donadel \u2013 2269738&quot;}\">TAE Ricardo de Lima dos Santos \u2013 2389430<\/td>\n<td style=\"width: 42.8483%;height: 24px\" data-sheets-value=\"{&quot;1&quot;:2,&quot;2&quot;:&quot;Liana In\u00eas Guidolin \u2013 986224&quot;}\">TAE Liana In\u00eas Guidolin \u2013 986224<\/td>\n<td style=\"width: 21.0634%;height: 24px\">\u00a0<\/td>\n<\/tr>\n<tr>\n<td style=\"width: 45.1702%\">Acad. Geovani dos Reis Oliveira \u2013 Matr\u00edcula 202121143<\/td>\n<td style=\"width: 42.8483%\">Acad. Tharsilo Camilo de Moraes Nogueira \u2013 Matr\u00edcula 2023520711<\/td>\n<td style=\"width: 21.0634%\">\u00a0<\/td>\n<\/tr>\n<\/tbody>\n<\/table>\n<p>\u00a0<\/p>\n<!-- \/wp:tadv\/classic-paragraph -->\t\t\t\t\t\t<\/div>\n\t\t\t\t<\/div>\n\t\t\t\t\t<\/div>\n\t\t<\/div>\n\t\t\t\t\t<\/div>\n\t\t<\/section>\n\t\t\t\t<\/div>\n\t\t","protected":false},"excerpt":{"rendered":"<p>Composi\u00e7\u00e3o do Colegiado Membros Titulares Membros Suplentes Gest\u00e3o Cl\u00e1udia Kaehler Sautter \u2013 1938925 \u00a0 Presidente Aline Sobreira Bezerra &#8211; 1936263 \u00a0 \u00a0 Grazielle Castagna Cezimbra Weis \u2013 1147947 Ana Betine Beutinger Bender \u2013\u00a0 3209723 \u00a0 Paulo Cezar Basanello Campagnol \u2013 1799532 Roger Wagner &#8211; 1724504 \u00a0 Patricia Medianeira Grigoleo Londero \u2013\u00a0 2664207 Gilberti Helena Hubscher [&hellip;]<\/p>\n","protected":false},"author":4391,"featured_media":0,"parent":0,"menu_order":0,"comment_status":"closed","ping_status":"closed","template":"","meta":{"footnotes":""},"categories":[],"tags":[],"class_list":["post-9026","page","type-page","status-publish","hentry"],"acf":[],"_links":{"self":[{"href":"https:\/\/www.ufsm.br\/unidades-universitarias\/ccr\/wp-json\/wp\/v2\/pages\/9026","targetHints":{"allow":["GET"]}}],"collection":[{"href":"https:\/\/www.ufsm.br\/unidades-universitarias\/ccr\/wp-json\/wp\/v2\/pages"}],"about":[{"href":"https:\/\/www.ufsm.br\/unidades-universitarias\/ccr\/wp-json\/wp\/v2\/types\/page"}],"author":[{"embeddable":true,"href":"https:\/\/www.ufsm.br\/unidades-universitarias\/ccr\/wp-json\/wp\/v2\/users\/4391"}],"replies":[{"embeddable":true,"href":"https:\/\/www.ufsm.br\/unidades-universitarias\/ccr\/wp-json\/wp\/v2\/comments?post=9026"}],"version-history":[{"count":0,"href":"https:\/\/www.ufsm.br\/unidades-universitarias\/ccr\/wp-json\/wp\/v2\/pages\/9026\/revisions"}],"wp:attachment":[{"href":"https:\/\/www.ufsm.br\/unidades-universitarias\/ccr\/wp-json\/wp\/v2\/media?parent=9026"}],"wp:term":[{"taxonomy":"category","embeddable":true,"href":"https:\/\/www.ufsm.br\/unidades-universitarias\/ccr\/wp-json\/wp\/v2\/categories?post=9026"},{"taxonomy":"post_tag","embeddable":true,"href":"https:\/\/www.ufsm.br\/unidades-universitarias\/ccr\/wp-json\/wp\/v2\/tags?post=9026"}],"curies":[{"name":"wp","href":"https:\/\/api.w.org\/{rel}","templated":true}]}}