{"id":3234,"date":"2020-11-04T17:46:23","date_gmt":"2020-11-04T20:46:23","guid":{"rendered":"https:\/\/www.ufsm.br\/unidades-universitarias\/ccs\/?page_id=3234"},"modified":"2020-11-19T17:15:49","modified_gmt":"2020-11-19T20:15:49","slug":"historico","status":"publish","type":"page","link":"https:\/\/www.ufsm.br\/unidades-universitarias\/ccs\/coreme\/historico","title":{"rendered":"Hist\u00f3rico"},"content":{"rendered":"\n<p class=\"caption\">A Universidade Federal de Santa Maria (UFSM) \u00e9 uma Institui\u00e7\u00e3o Federal de Ensino Superior constitu\u00edda como Autarquia Especial vinculada ao Minist\u00e9rio da Educa\u00e7\u00e3o.<\/p>\n<p class=\"caption\">A atual estrutura determinada pelo Estatuto da Universidade, aprovado pela Portaria Ministerial n. 801, de 27 de abril de 2001, e publicado no Di\u00e1rio Oficial da Uni\u00e3o em 30 de abril do mesmo ano, estabelece a constitui\u00e7\u00e3o de oito Unidades Universit\u00e1rias e oito Pr\u00f3-Reitorias. A Resid\u00eancia M\u00e9dica da UFSM \u00e9 coordenada pela Comiss\u00e3o de Resid\u00eancia M\u00e9dica \u2013 COREME, que est\u00e1 vinculada a uma Unidade Universit\u00e1ria, o Centro de Ci\u00eancias da Sa\u00fade e integrada a Pr\u00f3-Reitoria de P\u00f3s-Gradua\u00e7\u00e3o e Pesquisa.<\/p>\n<p class=\"caption\">A Resid\u00eancia M\u00e9dica (RM) tal como \u00e9 conceituada at\u00e9 hoje, foi implantada nos Estados Unidos por Halsted, Osler e Kelly ao inaugurar-se em Baltimore, em 1889, o hospital da Universidade Johns Hopkins. No Brasil, a RM teve in\u00edcio em 1945\/1946, no Hospital de Cl\u00ednicas da Universidade de S\u00e3o Paulo e, em 1947\/1948, no Hospital dos Servidores do Estado, no Rio de Janeiro.<\/p>\n<p class=\"caption\">Em 1964 a RM foi normatizada pela Associa\u00e7\u00e3o Brasileira de Educa\u00e7\u00e3o M\u00e9dica (ABEM), definida como uma forma de ensino p\u00f3s-graduado, pela qual o m\u00e9dico rec\u00e9m-formado, no cumprimento de um programa espec\u00edfico deveria aperfei\u00e7oar-se no exerc\u00edcio da profiss\u00e3o, em servi\u00e7os hospitalares, universit\u00e1rios ou n\u00e3o, sob a orienta\u00e7\u00e3o de professores ou de outros m\u00e9dicos de reconhecida compet\u00eancia, de experi\u00eancia amadurecida e de elevado conceito do ponto de vista \u00e9tico.\u00a0<\/p>\n<p class=\"caption\">A Regulamenta\u00e7\u00e3o da RM, com normas uniformes e credenciamento para todo o territ\u00f3rio nacional, passou a ser desenvolvida pela Comiss\u00e3o Nacional de Resid\u00eancia M\u00e9dica, criada em 1977.<\/p>\n<p class=\"caption\">A UFSM iniciou em 1968 o seu curso de Especializa\u00e7\u00e3o \u2013 Resid\u00eancia M\u00e9dica com o Programa de Anestesiologia, cujo treinamento teve sua pr\u00e1tica no Hospital de Caridade Dr. Astrogildo de Azevedo.\u00a0<\/p>\n<p class=\"caption\">A funda\u00e7\u00e3o do Hospital Universit\u00e1rio de Santa Maria (HUSM) ocorreu em 1970, se constituindo em centro de ensino e pesquisa no \u00e2mbito das ci\u00eancias da sa\u00fade. Possibilitou em 1972 a abertura dos Programas de Obstetr\u00edcia e Ginecologia, Pediatria e Gastroenterologia, seguidos por Psiquiatria em 1978, Radiologia em 1981, e Cl\u00ednica M\u00e9dica e Cirurgia Geral em 1983.\u00a0<\/p>\n<p class=\"caption\">Procurando constantemente aprimorar a forma\u00e7\u00e3o m\u00e9dica especializada, de acordo com os avan\u00e7os da medicina e necessidades da sociedade, a Universidade Federal de Santa Maria oferece atualmente 44 Programas (especialidades, \u00e1reas de atua\u00e7\u00e3o e anos opcionais) diferentes para 278 M\u00e9dicos Residentes, fazendo do HUSM o seu campo de treinamento de todos os Programas.<\/p>\n","protected":false},"excerpt":{"rendered":"<p>A Universidade Federal de Santa Maria (UFSM) \u00e9 uma Institui\u00e7\u00e3o Federal de Ensino Superior constitu\u00edda como Autarquia Especial vinculada ao Minist\u00e9rio da Educa\u00e7\u00e3o. A atual estrutura determinada pelo Estatuto da Universidade, aprovado pela Portaria Ministerial n. 801, de 27 de abril de 2001, e publicado no Di\u00e1rio Oficial da Uni\u00e3o em 30 de abril do [&hellip;]<\/p>\n","protected":false},"author":3605,"featured_media":0,"parent":3222,"menu_order":0,"comment_status":"closed","ping_status":"closed","template":"","meta":{"footnotes":""},"categories":[173],"tags":[174],"class_list":["post-3234","page","type-page","status-publish","hentry","category-coreme","tag-coreme"],"acf":[],"_links":{"self":[{"href":"https:\/\/www.ufsm.br\/unidades-universitarias\/ccs\/wp-json\/wp\/v2\/pages\/3234","targetHints":{"allow":["GET"]}}],"collection":[{"href":"https:\/\/www.ufsm.br\/unidades-universitarias\/ccs\/wp-json\/wp\/v2\/pages"}],"about":[{"href":"https:\/\/www.ufsm.br\/unidades-universitarias\/ccs\/wp-json\/wp\/v2\/types\/page"}],"author":[{"embeddable":true,"href":"https:\/\/www.ufsm.br\/unidades-universitarias\/ccs\/wp-json\/wp\/v2\/users\/3605"}],"replies":[{"embeddable":true,"href":"https:\/\/www.ufsm.br\/unidades-universitarias\/ccs\/wp-json\/wp\/v2\/comments?post=3234"}],"version-history":[{"count":0,"href":"https:\/\/www.ufsm.br\/unidades-universitarias\/ccs\/wp-json\/wp\/v2\/pages\/3234\/revisions"}],"up":[{"embeddable":true,"href":"https:\/\/www.ufsm.br\/unidades-universitarias\/ccs\/wp-json\/wp\/v2\/pages\/3222"}],"wp:attachment":[{"href":"https:\/\/www.ufsm.br\/unidades-universitarias\/ccs\/wp-json\/wp\/v2\/media?parent=3234"}],"wp:term":[{"taxonomy":"category","embeddable":true,"href":"https:\/\/www.ufsm.br\/unidades-universitarias\/ccs\/wp-json\/wp\/v2\/categories?post=3234"},{"taxonomy":"post_tag","embeddable":true,"href":"https:\/\/www.ufsm.br\/unidades-universitarias\/ccs\/wp-json\/wp\/v2\/tags?post=3234"}],"curies":[{"name":"wp","href":"https:\/\/api.w.org\/{rel}","templated":true}]}}