{"id":5412,"date":"2022-06-27T08:11:14","date_gmt":"2022-06-27T11:11:14","guid":{"rendered":"https:\/\/www.ufsm.br\/unidades-universitarias\/ccs\/?page_id=5412"},"modified":"2026-08-26T13:27:01","modified_gmt":"2026-08-26T16:27:01","slug":"pauta-da-reuniao-do-conselho-do-centro-de-ciencias-da-saude","status":"publish","type":"page","link":"https:\/\/www.ufsm.br\/unidades-universitarias\/ccs\/pauta-da-reuniao-do-conselho-do-centro-de-ciencias-da-saude","title":{"rendered":"Pauta da reuni\u00e3o do Conselho do Centro de Ci\u00eancias da Sa\u00fade"},"content":{"rendered":"\t\t<div data-elementor-type=\"wp-page\" data-elementor-id=\"5412\" class=\"elementor elementor-5412\">\n\t\t\t\t\t\t<section class=\"elementor-section elementor-top-section elementor-element elementor-element-2ce0fd9e elementor-section-boxed elementor-section-height-default elementor-section-height-default\" data-id=\"2ce0fd9e\" data-element_type=\"section\">\n\t\t\t\t\t\t<div class=\"elementor-container elementor-column-gap-default\">\n\t\t\t\t\t<div class=\"elementor-column elementor-col-100 elementor-top-column elementor-element elementor-element-5d0deb7b\" data-id=\"5d0deb7b\" data-element_type=\"column\">\n\t\t\t<div class=\"elementor-widget-wrap elementor-element-populated\">\n\t\t\t\t\t\t<div class=\"elementor-element elementor-element-3859d778 elementor-widget elementor-widget-text-editor\" data-id=\"3859d778\" data-element_type=\"widget\" data-widget_type=\"text-editor.default\">\n\t\t\t\t<div class=\"elementor-widget-container\">\n\t\t\t\t\t\t\t<p style=\"text-align: center\"><strong>Convoca\u00e7\u00e3o<\/strong><\/p>\n<ol>\n<li style=\"list-style-type: none\">\n<ol>\n<li style=\"list-style-type: none\">\n<ol>\n<li>\n<p>A Diretora do Centro de Ci\u00eancias da Sa\u00fade, Profa. Dra. Maria Denise Schimith, na condi\u00e7\u00e3o de Presidente do Conselho do Centro, convoca V. Sa. para a 496\u00aa reuni\u00e3o deste Conselho, a realizar-se no dia<strong> 26<\/strong><strong> de agosto <\/strong>do ano de dois mil e vinte e seis, \u00e0s <strong>14h.<\/strong>, na Sala de Reuni\u00f5es do CCS (sala 1352), com a seguinte pauta:<\/p>\n<ol>\n<li>Homologa\u00e7\u00e3o da&nbsp;<a href=\"https:\/\/portal.ufsm.br\/documentos\/publico\/documento.html?idDocumento=15908293\"><u>495<\/u><\/a>;<\/li>\n<li>Homologa\u00e7\u00e3o de parecer da CLN proc. <a href=\"https:\/\/portal.ufsm.br\/documentos\/publico\/processo\/documento.html?idDocumento=15813679\"><u>23081.061684\/2026-14<\/u><\/a> &#8211; Ingresso programa especial como presta\u00e7\u00e3o de servi\u00e7o volunt\u00e1rio modalidade Docente de outra IE.;<\/li>\n<li>Homologa\u00e7\u00e3o de parecer da CLN proc.<a href=\"https:\/\/portal.ufsm.br\/documentos\/publico\/processo\/documento.html?idDocumento=15870334\"><u>23081.083837\/2026-76<\/u><\/a> &#8211;&nbsp;Presta\u00e7\u00e3o de servi\u00e7o volunt\u00e1rio&nbsp; bolsista rec\u00e9m doutor;<\/li>\n<li>Homologa\u00e7\u00e3o Ad Referendum Processo de quebra de pr\u00e9-requisitos de gradua\u00e7\u00e3o n. <a href=\"https:\/\/portal.ufsm.br\/documentos\/publico\/processo\/documento.html?idDocumento=15884895\"><u>23081.092405\/2026-56<\/u><\/a>;<\/li>\n<li>Representatividade CMS;<\/li>\n<li>III Confer\u00eancia Democr\u00e1tica do CCS;<\/li>\n<li>PDI 2028-2035;<\/li>\n<li>Assuntos Gerais.<\/li>\n<\/ol>\n<\/li>\n<\/ol>\n<\/li>\n<\/ol>\n<\/li>\n<\/ol>\t\t\t\t\t\t<\/div>\n\t\t\t\t<\/div>\n\t\t\t\t\t<\/div>\n\t\t<\/div>\n\t\t\t\t\t<\/div>\n\t\t<\/section>\n\t\t\t\t<\/div>\n\t\t","protected":false},"excerpt":{"rendered":"<p>Convoca\u00e7\u00e3o A Diretora do Centro de Ci\u00eancias da Sa\u00fade, Profa. Dra. Maria Denise Schimith, na condi\u00e7\u00e3o de Presidente do Conselho do Centro, convoca V. Sa. para a 496\u00aa reuni\u00e3o deste Conselho, a realizar-se no dia 26 de agosto do ano de dois mil e vinte e seis, \u00e0s 14h., na Sala de Reuni\u00f5es do CCS [&hellip;]<\/p>\n","protected":false},"author":446,"featured_media":0,"parent":0,"menu_order":0,"comment_status":"closed","ping_status":"closed","template":"","meta":{"footnotes":""},"categories":[],"tags":[],"class_list":["post-5412","page","type-page","status-publish","hentry"],"acf":[],"_links":{"self":[{"href":"https:\/\/www.ufsm.br\/unidades-universitarias\/ccs\/wp-json\/wp\/v2\/pages\/5412","targetHints":{"allow":["GET"]}}],"collection":[{"href":"https:\/\/www.ufsm.br\/unidades-universitarias\/ccs\/wp-json\/wp\/v2\/pages"}],"about":[{"href":"https:\/\/www.ufsm.br\/unidades-universitarias\/ccs\/wp-json\/wp\/v2\/types\/page"}],"author":[{"embeddable":true,"href":"https:\/\/www.ufsm.br\/unidades-universitarias\/ccs\/wp-json\/wp\/v2\/users\/446"}],"replies":[{"embeddable":true,"href":"https:\/\/www.ufsm.br\/unidades-universitarias\/ccs\/wp-json\/wp\/v2\/comments?post=5412"}],"version-history":[{"count":0,"href":"https:\/\/www.ufsm.br\/unidades-universitarias\/ccs\/wp-json\/wp\/v2\/pages\/5412\/revisions"}],"wp:attachment":[{"href":"https:\/\/www.ufsm.br\/unidades-universitarias\/ccs\/wp-json\/wp\/v2\/media?parent=5412"}],"wp:term":[{"taxonomy":"category","embeddable":true,"href":"https:\/\/www.ufsm.br\/unidades-universitarias\/ccs\/wp-json\/wp\/v2\/categories?post=5412"},{"taxonomy":"post_tag","embeddable":true,"href":"https:\/\/www.ufsm.br\/unidades-universitarias\/ccs\/wp-json\/wp\/v2\/tags?post=5412"}],"curies":[{"name":"wp","href":"https:\/\/api.w.org\/{rel}","templated":true}]}}

Pauta da reunião do Conselho do Centro de Ciências da Saúde

<div data-elementor-type="wp-page" data-elementor-id="5412" class="elementor elementor-5412">
						<section class="elementor-section elementor-top-section elementor-element elementor-element-2ce0fd9e elementor-section-boxed elementor-section-height-default elementor-section-height-default" data-id="2ce0fd9e" data-element_type="section">
						<div class="elementor-container elementor-column-gap-default">
					<div class="elementor-column elementor-col-100 elementor-top-column elementor-element elementor-element-5d0deb7b" data-id="5d0deb7b" data-element_type="column">
			<div class="elementor-widget-wrap elementor-element-populated">
						<div class="elementor-element elementor-element-3859d778 elementor-widget elementor-widget-text-editor" data-id="3859d778" data-element_type="widget" data-widget_type="text-editor.default">
				<div class="elementor-widget-container">
							<p style="text-align: center"><strong>Convocação</strong></p>
<ol>
<li style="list-style-type: none">
<ol>
<li style="list-style-type: none">
<ol>
<li>
<p>A Diretora do Centro de Ciências da Saúde, Profa. Dra. Maria Denise Schimith, na condição de Presidente do Conselho do Centro, convoca V. Sa. para a 496ª reunião deste Conselho, a realizar-se no dia<strong> 26</strong><strong> de agosto </strong>do ano de dois mil e vinte e seis, às <strong>14h.</strong>, na Sala de Reuniões do CCS (sala 1352), com a seguinte pauta:</p>
<ol>
<li>Homologação da&nbsp;<a href="https://portal.ufsm.br/documentos/publico/documento.html?idDocumento=15908293"><u>495</u></a>;</li>
<li>Homologação de parecer da CLN proc. <a href="https://portal.ufsm.br/documentos/publico/processo/documento.html?idDocumento=15813679"><u>23081.061684/2026-14</u></a> &#8211; Ingresso programa especial como prestação de serviço voluntário modalidade Docente de outra IE.;</li>
<li>Homologação de parecer da CLN proc.<a href="https://portal.ufsm.br/documentos/publico/processo/documento.html?idDocumento=15870334"><u>23081.083837/2026-76</u></a> &#8211;&nbsp;Prestação de serviço voluntário&nbsp; bolsista recém doutor;</li>
<li>Homologação Ad Referendum Processo de quebra de pré-requisitos de graduação n. <a href="https://portal.ufsm.br/documentos/publico/processo/documento.html?idDocumento=15884895"><u>23081.092405/2026-56</u></a>;</li>
<li>Representatividade CMS;</li>
<li>III Conferência Democrática do CCS;</li>
<li>PDI 2028-2035;</li>
<li>Assuntos Gerais.</li>
</ol>
</li>
</ol>
</li>
</ol>
</li>
</ol>						</div>
				</div>
					</div>
		</div>
					</div>
		</section>
				</div>

<p>Convocação A Diretora do Centro de Ciências da Saúde, Profa. Dra. Maria Denise Schimith, na condição de Presidente do Conselho do Centro, convoca V. Sa. para a 496ª reunião deste Conselho, a realizar-se no dia 26 de agosto do ano de dois mil e vinte e seis, às 14h., na Sala de Reuniões do CCS [&hellip;]</p>
