{"id":5418,"date":"2022-06-27T11:15:55","date_gmt":"2022-06-27T14:15:55","guid":{"rendered":"https:\/\/www.ufsm.br\/unidades-universitarias\/ccs\/?page_id=5418"},"modified":"2022-06-27T12:00:34","modified_gmt":"2022-06-27T15:00:34","slug":"atas-comissao-de-legislacao-e-normas-do-ccs","status":"publish","type":"page","link":"https:\/\/www.ufsm.br\/unidades-universitarias\/ccs\/atas-comissao-de-legislacao-e-normas-do-ccs","title":{"rendered":"Atas Comiss\u00e3o de Legisla\u00e7\u00e3o e Normas do CCS"},"content":{"rendered":"\t\t<div data-elementor-type=\"wp-page\" data-elementor-id=\"5418\" class=\"elementor elementor-5418\">\n\t\t\t\t\t\t<section class=\"elementor-section elementor-top-section elementor-element elementor-element-47415ff elementor-section-boxed elementor-section-height-default elementor-section-height-default\" data-id=\"47415ff\" data-element_type=\"section\">\n\t\t\t\t\t\t<div class=\"elementor-container elementor-column-gap-default\">\n\t\t\t\t\t<div class=\"elementor-column elementor-col-100 elementor-top-column elementor-element elementor-element-6b99019\" data-id=\"6b99019\" data-element_type=\"column\">\n\t\t\t<div class=\"elementor-widget-wrap elementor-element-populated\">\n\t\t\t\t\t\t<div class=\"elementor-element elementor-element-3967a62 elementor-widget elementor-widget-text-editor\" data-id=\"3967a62\" data-element_type=\"widget\" data-widget_type=\"text-editor.default\">\n\t\t\t\t<div class=\"elementor-widget-container\">\n\t\t\t\t\t\t\t<table style=\"border-collapse: collapse;width: 100%;height: 504px\"><tbody><tr style=\"height: 24px\"><td style=\"width: 33.3333%;text-align: center;height: 24px\"><strong>N\u00ba<\/strong><\/td><td style=\"width: 33.3333%;text-align: center;height: 24px\"><strong>Data<\/strong><\/td><td style=\"width: 33.3333%;text-align: center;height: 24px\"><strong>Link da Ata<\/strong><\/td><\/tr><tr style=\"height: 48px\"><td style=\"width: 33.3333%;text-align: center;height: 48px\">4<\/td><td style=\"width: 33.3333%;text-align: center;height: 48px\">10\/06\/2022<\/td><td style=\"width: 33.3333%;text-align: center;height: 48px\"><a href=\"https:\/\/portal.ufsm.br\/documentos\/publico\/documento.html?id=14227797\">Ata 004_CLN_10_06_2022<\/a><\/td><\/tr><tr style=\"height: 48px\"><td style=\"width: 33.3333%;text-align: center;height: 48px\">3<\/td><td style=\"width: 33.3333%;text-align: center;height: 48px\">28\/04\/2022<\/td><td style=\"width: 33.3333%;text-align: center;height: 48px\"><a href=\"https:\/\/portal.ufsm.br\/documentos\/publico\/documento.html?id=14227815\">Ata 003_CLN_28_04_2022<\/a><\/td><\/tr><tr style=\"height: 24px\"><td style=\"width: 33.3333%;text-align: center;height: 24px\">2<\/td><td style=\"width: 33.3333%;text-align: center;height: 24px\">20\/04\/2022<\/td><td style=\"width: 33.3333%;text-align: center;height: 24px\"><a href=\"https:\/\/portal.ufsm.br\/documentos\/publico\/documento.html?id=14227834\">Ata 002_CLN_20_04_2022<\/a><\/td><\/tr><tr style=\"height: 24px\"><td style=\"width: 33.3333%;text-align: center;height: 24px\">1<\/td><td style=\"width: 33.3333%;text-align: center;height: 24px\">18\/02\/2022<\/td><td style=\"width: 33.3333%;text-align: center;height: 24px\"><a href=\"https:\/\/portal.ufsm.br\/documentos\/publico\/documento.html?id=14227846\">Ata 001_CLN_18_02_2022<\/a><\/td><\/tr><tr style=\"height: 24px\"><td style=\"width: 33.3333%;text-align: center;height: 24px\">\u00a0<\/td><td style=\"width: 33.3333%;text-align: center;height: 24px\">\u00a0<\/td><td style=\"width: 33.3333%;text-align: center;height: 24px\">\u00a0<\/td><\/tr><tr style=\"height: 48px\"><td style=\"width: 33.3333%;text-align: center;height: 48px\">7<\/td><td style=\"width: 33.3333%;text-align: center;height: 48px\">1\/12\/2021<\/td><td style=\"width: 33.3333%;text-align: center;height: 48px\"><a href=\"https:\/\/portal.ufsm.br\/documentos\/publico\/documento.html?id=14227865\">Ata 007_CLN_01_12_2021<\/a><\/td><\/tr><tr style=\"height: 24px\"><td style=\"width: 33.3333%;text-align: center;height: 24px\">6<\/td><td style=\"width: 33.3333%;text-align: center;height: 24px\">09\/11\/2021<\/td><td style=\"width: 33.3333%;text-align: center;height: 24px\"><a href=\"https:\/\/portal.ufsm.br\/documentos\/publico\/documento.html?id=14227762\">Ata 006_CLN_09_11_2021<\/a><\/td><\/tr><tr style=\"height: 48px\"><td style=\"width: 33.3333%;text-align: center;height: 48px\">5<\/td><td style=\"width: 33.3333%;text-align: center;height: 48px\">03\/09\/2021<\/td><td style=\"width: 33.3333%;text-align: center;height: 48px\"><a href=\"https:\/\/portal.ufsm.br\/documentos\/publico\/documento.html?id=14227739\">Ata 005_CLN_03_09_2021<\/a><\/td><\/tr><tr style=\"height: 48px\"><td style=\"width: 33.3333%;text-align: center;height: 48px\">4<\/td><td style=\"width: 33.3333%;text-align: center;height: 48px\">25\/06\/2021<\/td><td style=\"width: 33.3333%;text-align: center;height: 48px\"><a href=\"https:\/\/portal.ufsm.br\/documentos\/publico\/documento.html?id=14227720\">Ata 004_CLN_25_06_2021<\/a><\/td><\/tr><tr style=\"height: 48px\"><td style=\"width: 33.3333%;text-align: center;height: 48px\">3<\/td><td style=\"width: 33.3333%;text-align: center;height: 48px\">\u00a0<\/td><td style=\"width: 33.3333%;text-align: center;height: 48px\">\u00a0<\/td><\/tr><tr style=\"height: 24px\"><td style=\"width: 33.3333%;text-align: center;height: 24px\">\u00a0<\/td><td style=\"width: 33.3333%;text-align: center;height: 24px\">\u00a0<\/td><td style=\"width: 33.3333%;text-align: center;height: 24px\">\u00a0<\/td><\/tr><tr style=\"height: 24px\"><td style=\"width: 33.3333%;text-align: center;height: 24px\">\u00a0<\/td><td style=\"width: 33.3333%;text-align: center;height: 24px\">\u00a0<\/td><td style=\"width: 33.3333%;text-align: center;height: 24px\">\u00a0<\/td><\/tr><tr style=\"height: 24px\"><td style=\"width: 33.3333%;text-align: center;height: 24px\">\u00a0<\/td><td style=\"width: 33.3333%;text-align: center;height: 24px\">\u00a0<\/td><td style=\"width: 33.3333%;text-align: center;height: 24px\">\u00a0<\/td><\/tr><tr style=\"height: 24px\"><td style=\"width: 33.3333%;text-align: center;height: 24px\">\u00a0<\/td><td style=\"width: 33.3333%;text-align: center;height: 24px\">\u00a0<\/td><td style=\"width: 33.3333%;text-align: center;height: 24px\">\u00a0<\/td><\/tr><\/tbody><\/table>\t\t\t\t\t\t<\/div>\n\t\t\t\t<\/div>\n\t\t\t\t\t<\/div>\n\t\t<\/div>\n\t\t\t\t\t<\/div>\n\t\t<\/section>\n\t\t\t\t<\/div>\n\t\t","protected":false},"excerpt":{"rendered":"<p>N\u00ba Data Link da Ata 4 10\/06\/2022 Ata 004_CLN_10_06_2022 3 28\/04\/2022 Ata 003_CLN_28_04_2022 2 20\/04\/2022 Ata 002_CLN_20_04_2022 1 18\/02\/2022 Ata 001_CLN_18_02_2022 \u00a0 \u00a0 \u00a0 7 1\/12\/2021 Ata 007_CLN_01_12_2021 6 09\/11\/2021 Ata 006_CLN_09_11_2021 5 03\/09\/2021 Ata 005_CLN_03_09_2021 4 25\/06\/2021 Ata 004_CLN_25_06_2021 3 \u00a0 \u00a0 \u00a0 \u00a0 \u00a0 \u00a0 \u00a0 \u00a0 \u00a0 \u00a0 \u00a0 \u00a0 \u00a0 \u00a0<\/p>\n","protected":false},"author":2697,"featured_media":0,"parent":0,"menu_order":0,"comment_status":"closed","ping_status":"closed","template":"","meta":{"footnotes":""},"categories":[],"tags":[],"class_list":["post-5418","page","type-page","status-publish","hentry"],"acf":[],"_links":{"self":[{"href":"https:\/\/www.ufsm.br\/unidades-universitarias\/ccs\/wp-json\/wp\/v2\/pages\/5418","targetHints":{"allow":["GET"]}}],"collection":[{"href":"https:\/\/www.ufsm.br\/unidades-universitarias\/ccs\/wp-json\/wp\/v2\/pages"}],"about":[{"href":"https:\/\/www.ufsm.br\/unidades-universitarias\/ccs\/wp-json\/wp\/v2\/types\/page"}],"author":[{"embeddable":true,"href":"https:\/\/www.ufsm.br\/unidades-universitarias\/ccs\/wp-json\/wp\/v2\/users\/2697"}],"replies":[{"embeddable":true,"href":"https:\/\/www.ufsm.br\/unidades-universitarias\/ccs\/wp-json\/wp\/v2\/comments?post=5418"}],"version-history":[{"count":0,"href":"https:\/\/www.ufsm.br\/unidades-universitarias\/ccs\/wp-json\/wp\/v2\/pages\/5418\/revisions"}],"wp:attachment":[{"href":"https:\/\/www.ufsm.br\/unidades-universitarias\/ccs\/wp-json\/wp\/v2\/media?parent=5418"}],"wp:term":[{"taxonomy":"category","embeddable":true,"href":"https:\/\/www.ufsm.br\/unidades-universitarias\/ccs\/wp-json\/wp\/v2\/categories?post=5418"},{"taxonomy":"post_tag","embeddable":true,"href":"https:\/\/www.ufsm.br\/unidades-universitarias\/ccs\/wp-json\/wp\/v2\/tags?post=5418"}],"curies":[{"name":"wp","href":"https:\/\/api.w.org\/{rel}","templated":true}]}}