{"id":5599,"date":"2022-09-29T16:32:07","date_gmt":"2022-09-29T19:32:07","guid":{"rendered":"https:\/\/www.ufsm.br\/unidades-universitarias\/ccs\/?page_id=5599"},"modified":"2022-09-29T16:47:51","modified_gmt":"2022-09-29T19:47:51","slug":"tutorial-de-agendamento","status":"publish","type":"page","link":"https:\/\/www.ufsm.br\/unidades-universitarias\/ccs\/tutorial-de-agendamento","title":{"rendered":"Tutorial de agendamento"},"content":{"rendered":"\n<div>Para efetuar o agendamento das salas do CCS, \u00e9 necess\u00e1rio acessar o link (<a href=\"https:\/\/portal.ufsm.br\/agendamento\/usuario\/espaco\/localizarEspaco.html\" target=\"_blank\" rel=\"noopener\" data-saferedirecturl=\"https:\/\/www.google.com\/url?q=https:\/\/portal.ufsm.br\/agendamento\/usuario\/espaco\/localizarEspaco.html&amp;source=gmail&amp;ust=1664560636287000&amp;usg=AOvVaw1s1tVej5cnECAfl1-b-PGE\">https:\/\/portal.ufsm.br\/agendamento\/usuario\/espaco\/localizarEspaco.html<\/a>) estando logado ao portal da UFSM.<\/div>\n<div>\u00a0<\/div>\n<div>&#8211; Na p\u00e1gina inicial, clicar em <strong>Agendar<\/strong><\/div>\n<div><img fetchpriority=\"high\" decoding=\"async\" class=\"alignnone wp-image-5600 size-large\" src=\"https:\/\/www.ufsm.br\/app\/uploads\/sites\/371\/2022\/09\/Agendamento-1-1024x546.jpg\" alt=\"\" width=\"1024\" height=\"546\" srcset=\"https:\/\/www.ufsm.br\/app\/uploads\/sites\/371\/2022\/09\/Agendamento-1-1024x546.jpg 1024w, https:\/\/www.ufsm.br\/app\/uploads\/sites\/371\/2022\/09\/Agendamento-1-300x160.jpg 300w, https:\/\/www.ufsm.br\/app\/uploads\/sites\/371\/2022\/09\/Agendamento-1-768x410.jpg 768w, https:\/\/www.ufsm.br\/app\/uploads\/sites\/371\/2022\/09\/Agendamento-1.jpg 1531w\" sizes=\"(max-width: 1024px) 100vw, 1024px\" \/><\/div>\n<div>&#8211; Selecionar um dos pr\u00e9dios do CCS (CCS ou\u00a0 CCS &#8211; 26E)<\/div>\n<div><img decoding=\"async\" class=\"alignnone wp-image-5601 size-large\" src=\"https:\/\/www.ufsm.br\/app\/uploads\/sites\/371\/2022\/09\/Agendamento-2-1024x564.jpg\" alt=\"\" width=\"1024\" height=\"564\" srcset=\"https:\/\/www.ufsm.br\/app\/uploads\/sites\/371\/2022\/09\/Agendamento-2-1024x564.jpg 1024w, https:\/\/www.ufsm.br\/app\/uploads\/sites\/371\/2022\/09\/Agendamento-2-300x165.jpg 300w, https:\/\/www.ufsm.br\/app\/uploads\/sites\/371\/2022\/09\/Agendamento-2-768x423.jpg 768w, https:\/\/www.ufsm.br\/app\/uploads\/sites\/371\/2022\/09\/Agendamento-2-1536x846.jpg 1536w, https:\/\/www.ufsm.br\/app\/uploads\/sites\/371\/2022\/09\/Agendamento-2.jpg 1541w\" sizes=\"(max-width: 1024px) 100vw, 1024px\" \/><\/div>\n<div>\u00a0<\/div>\n<div>&#8211; Selecionar a sala a ser agendada (clicar na pasta &#8211; n\u00ba 1 na figura abaixo)<\/div>\n<div>OBS: \u00e9 poss\u00edvel verificar os equipamentos que a sala possui (n\u00ba 2 na figura abaixo) e tamb\u00e9m visualizar uma foto do espa\u00e7o (n\u00ba 3 da figura abaixo)<\/div>\n<div><img decoding=\"async\" class=\"alignnone wp-image-5602 size-large\" src=\"https:\/\/www.ufsm.br\/app\/uploads\/sites\/371\/2022\/09\/Agendamento-3-1024x563.png\" alt=\"\" width=\"1024\" height=\"563\" srcset=\"https:\/\/www.ufsm.br\/app\/uploads\/sites\/371\/2022\/09\/Agendamento-3-1024x563.png 1024w, https:\/\/www.ufsm.br\/app\/uploads\/sites\/371\/2022\/09\/Agendamento-3-300x165.png 300w, https:\/\/www.ufsm.br\/app\/uploads\/sites\/371\/2022\/09\/Agendamento-3-768x422.png 768w, https:\/\/www.ufsm.br\/app\/uploads\/sites\/371\/2022\/09\/Agendamento-3-1536x845.png 1536w, https:\/\/www.ufsm.br\/app\/uploads\/sites\/371\/2022\/09\/Agendamento-3.png 1627w\" sizes=\"(max-width: 1024px) 100vw, 1024px\" \/><\/div>\n<div>\u00a0<\/div>\n<div>&#8211; Verificar os dias no calend\u00e1rio que aparece. Os que est\u00e3o em amarelo possuem um agendamento j\u00e1 marcado (observa\u00e7\u00e3o na figura abaixo), constando na imagem como parcialmente dispon\u00edvel. Os dias em verde est\u00e3o completamente dispon\u00edveis e n\u00e3o foi realizado ainda nenhum agendamento.<\/div>\n<div>\u00a0<\/div>\n<div>&#8211; Clicar na pasta para marcar o hor\u00e1rio (observa\u00e7\u00e3o na figura abaixo em intervalos dispon\u00edveis)<\/div>\n<div><img loading=\"lazy\" decoding=\"async\" class=\"alignnone wp-image-5603 size-large\" src=\"https:\/\/www.ufsm.br\/app\/uploads\/sites\/371\/2022\/09\/Agendamento-4-1024x592.png\" alt=\"\" width=\"1024\" height=\"592\" srcset=\"https:\/\/www.ufsm.br\/app\/uploads\/sites\/371\/2022\/09\/Agendamento-4-1024x592.png 1024w, https:\/\/www.ufsm.br\/app\/uploads\/sites\/371\/2022\/09\/Agendamento-4-300x173.png 300w, https:\/\/www.ufsm.br\/app\/uploads\/sites\/371\/2022\/09\/Agendamento-4-768x444.png 768w, https:\/\/www.ufsm.br\/app\/uploads\/sites\/371\/2022\/09\/Agendamento-4-1536x888.png 1536w, https:\/\/www.ufsm.br\/app\/uploads\/sites\/371\/2022\/09\/Agendamento-4.png 1624w\" sizes=\"(max-width: 1024px) 100vw, 1024px\" \/><\/div>\n<div>&#8211; Observar as informa\u00e7\u00f5es sobre o espa\u00e7o a ser reservado (N\u00ba 1 da figura abaixo)<\/div>\n<div>&#8211; Verificar os hor\u00e1rio que j\u00e1 h\u00e1 reserva no espa\u00e7o (N\u00ba 2 da figura abaixo)<\/div>\n<div>&#8211; Ap\u00f3s selecionar o hor\u00e1rio de in\u00edcio e t\u00e9rmino do evento, pode ser marcado a op\u00e7\u00e3o para repetir em outros dias da semana (N\u00ba 3 da figura abaixo). Ao selecionar esta op\u00e7\u00e3o, ser\u00e1 permitido marcar a caixa dos dias da semana que ocorrem o evento no hor\u00e1rio solicitado.<\/div>\n<div><em>OBS: Solicitamos que seja feito UM agendamento para cada evento, evitando uma marca\u00e7\u00e3o de v\u00e1rios hor\u00e1rios com uma \u00fanica informa\u00e7\u00e3o (por exemplo, uma marca\u00e7\u00e3o de aulas para o curso curso X, come\u00e7ando as 08:00 e terminando as 19:00), pois dessa forma dificulta um eventual cancelamento.<\/em><\/div>\n<div><img loading=\"lazy\" decoding=\"async\" class=\"alignnone wp-image-5604 size-large\" src=\"https:\/\/www.ufsm.br\/app\/uploads\/sites\/371\/2022\/09\/Agendamento-5-1024x573.png\" alt=\"\" width=\"1024\" height=\"573\" srcset=\"https:\/\/www.ufsm.br\/app\/uploads\/sites\/371\/2022\/09\/Agendamento-5-1024x573.png 1024w, https:\/\/www.ufsm.br\/app\/uploads\/sites\/371\/2022\/09\/Agendamento-5-300x168.png 300w, https:\/\/www.ufsm.br\/app\/uploads\/sites\/371\/2022\/09\/Agendamento-5-768x430.png 768w, https:\/\/www.ufsm.br\/app\/uploads\/sites\/371\/2022\/09\/Agendamento-5-1536x859.png 1536w, https:\/\/www.ufsm.br\/app\/uploads\/sites\/371\/2022\/09\/Agendamento-5.png 1639w\" sizes=\"(max-width: 1024px) 100vw, 1024px\" \/><\/div>\n<div>\u00a0<\/div>\n<div>&#8211; Ap\u00f3s a escolha do hor\u00e1rio, deve ser finalizado a escolha para que sejam inseridas algumas informa\u00e7\u00f5es b\u00e1sicas<\/div>\n<div><img loading=\"lazy\" decoding=\"async\" class=\"alignnone wp-image-5605 size-large\" src=\"https:\/\/www.ufsm.br\/app\/uploads\/sites\/371\/2022\/09\/Agendamento-6-1024x585.png\" alt=\"\" width=\"1024\" height=\"585\" srcset=\"https:\/\/www.ufsm.br\/app\/uploads\/sites\/371\/2022\/09\/Agendamento-6-1024x585.png 1024w, https:\/\/www.ufsm.br\/app\/uploads\/sites\/371\/2022\/09\/Agendamento-6-300x171.png 300w, https:\/\/www.ufsm.br\/app\/uploads\/sites\/371\/2022\/09\/Agendamento-6-768x439.png 768w, https:\/\/www.ufsm.br\/app\/uploads\/sites\/371\/2022\/09\/Agendamento-6-1536x877.png 1536w, https:\/\/www.ufsm.br\/app\/uploads\/sites\/371\/2022\/09\/Agendamento-6.png 1646w\" sizes=\"(max-width: 1024px) 100vw, 1024px\" \/><\/div>\n<div>&#8211; Informar a descri\u00e7\u00e3o da atividade (ex: aula, reuni\u00e3o, etc) (N\u00ba 1 da figura abaixo)<\/div>\n<div>&#8211; Informar o v\u00ednculo (N\u00ba 2 da figura abaixo)<\/div>\n<div>&#8211; Informar o telefone para contato (N\u00ba 3 da figura abaixo)<\/div>\n<div>&#8211; Incluir na programa\u00e7\u00e3o do evento as informa\u00e7\u00f5es b\u00e1sicas para controle do N\u00facleo de Infraestrutura (finalidade da reserva e an\u00e1lise de prioridade). No caso de aulas, solicitamos que sejam inclu\u00eddos a disciplina ministrada, o docente respons\u00e1vel, o curso da disciplina e a vincula\u00e7\u00e3o do docente (departamento)<\/div>\n<div>&#8211; Informar o quantitativo de alunos (N\u00ba 5 da figura abaixo)<\/div>\n<div><img loading=\"lazy\" decoding=\"async\" class=\"alignnone wp-image-5606 size-large\" src=\"https:\/\/www.ufsm.br\/app\/uploads\/sites\/371\/2022\/09\/Agendamento-7-1024x595.png\" alt=\"\" width=\"1024\" height=\"595\" srcset=\"https:\/\/www.ufsm.br\/app\/uploads\/sites\/371\/2022\/09\/Agendamento-7-1024x595.png 1024w, https:\/\/www.ufsm.br\/app\/uploads\/sites\/371\/2022\/09\/Agendamento-7-300x174.png 300w, https:\/\/www.ufsm.br\/app\/uploads\/sites\/371\/2022\/09\/Agendamento-7-768x446.png 768w, https:\/\/www.ufsm.br\/app\/uploads\/sites\/371\/2022\/09\/Agendamento-7-1536x893.png 1536w, https:\/\/www.ufsm.br\/app\/uploads\/sites\/371\/2022\/09\/Agendamento-7.png 1617w\" sizes=\"(max-width: 1024px) 100vw, 1024px\" \/><\/div>\n<div>\u00a0<\/div>\n<div>\u00a0<\/div>\n<div>&#8211; Ap\u00f3s estes procedimentos, \u00e9 poss\u00edvel tramitar a solicita\u00e7\u00e3o de agendamento, que ser\u00e1 analisada pelo N\u00facleo de Infraestrutura do CCS.<\/div>\n<div>\u00a0<\/div>\n<div>\u00a0<\/div>\n<div><strong>Informamos que as salas dispon\u00edveis para agendamento s\u00e3o as seguintes:<\/strong><\/div>\n<div>&#8211; Audit\u00f3rio (pr\u00e9dio 26B) &#8211; CCS<\/div>\n<div>&#8211; Sala 1003 (pr\u00e9dio 26B) &#8211; CCS<\/div>\n<div>&#8211; Sala 1441 (pr\u00e9dio 26A) &#8211; CCS<\/div>\n<div>&#8211; Sala 1444 (pr\u00e9dio 26A) &#8211; CCS<\/div>\n<div>&#8211; Sala de reuni\u00f5es (pr\u00e9dio 26A) &#8211; CCS<\/div>\n<div>&#8211; Sala 226 (pr\u00e9dio 26E) &#8211; CCS 26E<\/div>\n<div>&#8211; Sala 227 (pr\u00e9dio 26E) &#8211; CCS 26E<\/div>\n<div>&#8211; Sala 228 (pr\u00e9dio 26E) &#8211; CCS 26E<\/div>\n<div>\u00a0<\/div>\n<div>Para realiza\u00e7\u00e3o do agendamento das salas do CCS, informamos que somente discentes e servidores podem realizar este procedimento.<\/div>\n<div>\u00a0<\/div>\n<div><span style=\"color: #ff0000\"><em><strong>Solicitamos que quando o evento\/aula for cancelado, seja feito o cancelamento tamb\u00e9m no portal para libera\u00e7\u00e3o da sala para outros interessados.<\/strong><\/em><\/span><\/div>\n<div>\u00a0<\/div>\n<div>\u00a0<\/div>\n<div>\u00a0<\/div>\n","protected":false},"excerpt":{"rendered":"<p>Para efetuar o agendamento das salas do CCS, \u00e9 necess\u00e1rio acessar o link (https:\/\/portal.ufsm.br\/agendamento\/usuario\/espaco\/localizarEspaco.html) estando logado ao portal da UFSM. \u00a0 &#8211; Na p\u00e1gina inicial, clicar em Agendar &#8211; Selecionar um dos pr\u00e9dios do CCS (CCS ou\u00a0 CCS &#8211; 26E) \u00a0 &#8211; Selecionar a sala a ser agendada (clicar na pasta &#8211; n\u00ba 1 na [&hellip;]<\/p>\n","protected":false},"author":446,"featured_media":0,"parent":0,"menu_order":0,"comment_status":"closed","ping_status":"closed","template":"","meta":{"footnotes":""},"categories":[],"tags":[],"class_list":["post-5599","page","type-page","status-publish","hentry"],"acf":[],"_links":{"self":[{"href":"https:\/\/www.ufsm.br\/unidades-universitarias\/ccs\/wp-json\/wp\/v2\/pages\/5599","targetHints":{"allow":["GET"]}}],"collection":[{"href":"https:\/\/www.ufsm.br\/unidades-universitarias\/ccs\/wp-json\/wp\/v2\/pages"}],"about":[{"href":"https:\/\/www.ufsm.br\/unidades-universitarias\/ccs\/wp-json\/wp\/v2\/types\/page"}],"author":[{"embeddable":true,"href":"https:\/\/www.ufsm.br\/unidades-universitarias\/ccs\/wp-json\/wp\/v2\/users\/446"}],"replies":[{"embeddable":true,"href":"https:\/\/www.ufsm.br\/unidades-universitarias\/ccs\/wp-json\/wp\/v2\/comments?post=5599"}],"version-history":[{"count":0,"href":"https:\/\/www.ufsm.br\/unidades-universitarias\/ccs\/wp-json\/wp\/v2\/pages\/5599\/revisions"}],"wp:attachment":[{"href":"https:\/\/www.ufsm.br\/unidades-universitarias\/ccs\/wp-json\/wp\/v2\/media?parent=5599"}],"wp:term":[{"taxonomy":"category","embeddable":true,"href":"https:\/\/www.ufsm.br\/unidades-universitarias\/ccs\/wp-json\/wp\/v2\/categories?post=5599"},{"taxonomy":"post_tag","embeddable":true,"href":"https:\/\/www.ufsm.br\/unidades-universitarias\/ccs\/wp-json\/wp\/v2\/tags?post=5599"}],"curies":[{"name":"wp","href":"https:\/\/api.w.org\/{rel}","templated":true}]}}