{"id":6019,"date":"2023-03-15T15:53:30","date_gmt":"2023-03-15T18:53:30","guid":{"rendered":"https:\/\/www.ufsm.br\/unidades-universitarias\/ccs\/?page_id=6019"},"modified":"2023-03-15T16:19:26","modified_gmt":"2023-03-15T19:19:26","slug":"pre-conferencias-democraticas-do-ccs","status":"publish","type":"page","link":"https:\/\/www.ufsm.br\/unidades-universitarias\/ccs\/pre-conferencias-democraticas-do-ccs","title":{"rendered":"Pr\u00e9-Confer\u00eancias Democr\u00e1ticas do CCS"},"content":{"rendered":"\n<p>No segundo semestre de 2022 foram realizadas onze pr\u00e9-confer\u00eancias no CCS com o objetivo identificar problemas, necessidades e formular propostas. Os departamentos, setores administrativos, de apoio, os cursos de gradua\u00e7\u00e3o e de p\u00f3s-gradua\u00e7\u00e3o reuniram 258 docentes, t\u00e9cnicos administrativos e estudantes. Este processo resultou nas proposi\u00e7\u00f5es que est\u00e3o nos relat\u00f3rios.<\/p>\n<p>Acesse, abaixo, os <strong>Relat\u00f3rios das Pr\u00e9-confer\u00eancias<\/strong> e conhe\u00e7a as contribui\u00e7\u00f5es da comunidade acad\u00eamica para a Gest\u00e3o 2022\/2026 do CCS.<\/p>\n<p><strong><a href=\"https:\/\/www.ufsm.br\/app\/uploads\/sites\/371\/2023\/03\/Desenvolvimento-local-regional-e-nacional-Documento-Final.pdf\">Desenvolvimento local, regional e nacional<\/a><\/strong><\/p>\n<p><strong><a href=\"https:\/\/www.ufsm.br\/app\/uploads\/sites\/371\/2023\/03\/Educacao-Inovadora-e-transformadora-com-excelencia-documento-final.pdf\">Educac\u0327a\u0303o Inovadora e transformadora com excele\u0302ncia<\/a><\/strong><\/p>\n<p><strong><a href=\"https:\/\/www.ufsm.br\/app\/uploads\/sites\/371\/2023\/03\/Gestao-Ambientaldocumento-final.pdf\">Gesta\u0303o Ambiental<\/a><\/strong><\/p>\n<p><strong><a href=\"https:\/\/www.ufsm.br\/app\/uploads\/sites\/371\/2023\/03\/Inclusao-Social-documento-final.pdf\">Inclusa\u0303o Social<\/a><\/strong><\/p>\n<p><strong><a href=\"https:\/\/www.ufsm.br\/app\/uploads\/sites\/371\/2023\/03\/Inovacao-geracao-de-conhecimento-e-transferencia-de-tecnologia-documento-final.pdf\">Inovac\u0327a\u0303o, gerac\u0327a\u0303o de conhecimento e transfere\u0302ncia de tecnologia<\/a><\/strong><\/p>\n<p><strong><a href=\"https:\/\/www.ufsm.br\/app\/uploads\/sites\/371\/2023\/03\/Internacionalizacao-Documento-final.pdf\">Internacionalizac\u0327a\u0303o<\/a><\/strong><\/p>\n<p><strong><a href=\"https:\/\/www.ufsm.br\/app\/uploads\/sites\/371\/2023\/03\/Modernizacao-e-desenvolvimento-institucional-documento-final.pdf\">Modernizac\u0327a\u0303o e desenvolvimento institucional<\/a><\/strong><\/p>\n<p><strong><a href=\"https:\/\/www.ufsm.br\/app\/uploads\/sites\/371\/2023\/03\/Recursos-Fisicos-e-Tecnologicos-documento-final.pdf\">Recursos Fi\u0301sicos e Tecnolo\u0301gicos<\/a><\/strong><\/p>\n<p>\u00a0<\/p>\n","protected":false},"excerpt":{"rendered":"<p>No segundo semestre de 2022 foram realizadas onze pr\u00e9-confer\u00eancias no CCS com o objetivo identificar problemas, necessidades e formular propostas. Os departamentos, setores administrativos, de apoio, os cursos de gradua\u00e7\u00e3o e de p\u00f3s-gradua\u00e7\u00e3o reuniram 258 docentes, t\u00e9cnicos administrativos e estudantes. Este processo resultou nas proposi\u00e7\u00f5es que est\u00e3o nos relat\u00f3rios. Acesse, abaixo, os Relat\u00f3rios das Pr\u00e9-confer\u00eancias [&hellip;]<\/p>\n","protected":false},"author":295,"featured_media":0,"parent":0,"menu_order":0,"comment_status":"closed","ping_status":"closed","template":"","meta":{"footnotes":""},"categories":[],"tags":[],"class_list":["post-6019","page","type-page","status-publish","hentry"],"acf":[],"_links":{"self":[{"href":"https:\/\/www.ufsm.br\/unidades-universitarias\/ccs\/wp-json\/wp\/v2\/pages\/6019","targetHints":{"allow":["GET"]}}],"collection":[{"href":"https:\/\/www.ufsm.br\/unidades-universitarias\/ccs\/wp-json\/wp\/v2\/pages"}],"about":[{"href":"https:\/\/www.ufsm.br\/unidades-universitarias\/ccs\/wp-json\/wp\/v2\/types\/page"}],"author":[{"embeddable":true,"href":"https:\/\/www.ufsm.br\/unidades-universitarias\/ccs\/wp-json\/wp\/v2\/users\/295"}],"replies":[{"embeddable":true,"href":"https:\/\/www.ufsm.br\/unidades-universitarias\/ccs\/wp-json\/wp\/v2\/comments?post=6019"}],"version-history":[{"count":0,"href":"https:\/\/www.ufsm.br\/unidades-universitarias\/ccs\/wp-json\/wp\/v2\/pages\/6019\/revisions"}],"wp:attachment":[{"href":"https:\/\/www.ufsm.br\/unidades-universitarias\/ccs\/wp-json\/wp\/v2\/media?parent=6019"}],"wp:term":[{"taxonomy":"category","embeddable":true,"href":"https:\/\/www.ufsm.br\/unidades-universitarias\/ccs\/wp-json\/wp\/v2\/categories?post=6019"},{"taxonomy":"post_tag","embeddable":true,"href":"https:\/\/www.ufsm.br\/unidades-universitarias\/ccs\/wp-json\/wp\/v2\/tags?post=6019"}],"curies":[{"name":"wp","href":"https:\/\/api.w.org\/{rel}","templated":true}]}}