{"id":6404,"date":"2023-08-18T10:55:01","date_gmt":"2023-08-18T13:55:01","guid":{"rendered":"https:\/\/www.ufsm.br\/unidades-universitarias\/ccs\/?page_id=6404"},"modified":"2026-04-06T08:16:19","modified_gmt":"2026-04-06T11:16:19","slug":"secretaria","status":"publish","type":"page","link":"https:\/\/www.ufsm.br\/unidades-universitarias\/ccs\/secretaria","title":{"rendered":"Secretaria Administrativa"},"content":{"rendered":"\t\t<div data-elementor-type=\"wp-page\" data-elementor-id=\"6404\" class=\"elementor elementor-6404\">\n\t\t\t\t\t\t<section class=\"elementor-section elementor-top-section elementor-element elementor-element-18f20cb elementor-section-boxed elementor-section-height-default elementor-section-height-default\" data-id=\"18f20cb\" data-element_type=\"section\">\n\t\t\t\t\t\t<div class=\"elementor-container elementor-column-gap-default\">\n\t\t\t\t\t<div class=\"elementor-column elementor-col-50 elementor-top-column elementor-element elementor-element-f0cc2ac\" data-id=\"f0cc2ac\" data-element_type=\"column\">\n\t\t\t<div class=\"elementor-widget-wrap elementor-element-populated\">\n\t\t\t\t\t\t<div class=\"elementor-element elementor-element-794c535 elementor-widget elementor-widget-text-editor\" data-id=\"794c535\" data-element_type=\"widget\" data-widget_type=\"text-editor.default\">\n\t\t\t\t<div class=\"elementor-widget-container\">\n\t\t\t\t\t\t\t<p style=\"color: #000000;font-size: 16px\">A Secretaria de Apoio Administrativo \u00e9 um \u00f3rg\u00e3o com compet\u00eancia de prestar assessoria administrativa ao Diretor e ao Vice-Diretor e executar as atribui\u00e7\u00f5es t\u00e9cnico-administrativas de apoio aos Cursos, Departamentos e \u00d3rg\u00e3os Suplementares.<\/p>\n<p style=\"color: #000000;font-size: 16px\">A fun\u00e7\u00e3o do Secret\u00e1rio Administrativo ser\u00e1 exercida por um t\u00e9cnico-administrativo em educa\u00e7\u00e3o designado pelo Reitor por indica\u00e7\u00e3o do Diretor(a). Em seus impedimentos ou afastamentos, o Chefe de Secretaria ser\u00e1 substitu\u00eddo por servidor t\u00e9cnico-administrativo em educa\u00e7\u00e3o, lotado na Secretaria de Unidade de Ensino, indicado pelo Diretor de Unidade de Ensino e designado por portaria do Reitor.<\/p>\t\t\t\t\t\t<\/div>\n\t\t\t\t<\/div>\n\t\t\t\t\t<\/div>\n\t\t<\/div>\n\t\t\t\t<div class=\"elementor-column elementor-col-25 elementor-top-column elementor-element elementor-element-2e21631\" data-id=\"2e21631\" data-element_type=\"column\">\n\t\t\t<div class=\"elementor-widget-wrap elementor-element-populated\">\n\t\t\t\t\t\t<div class=\"elementor-element elementor-element-f8cef06 elementor-widget elementor-widget-image\" data-id=\"f8cef06\" data-element_type=\"widget\" data-widget_type=\"image.default\">\n\t\t\t\t<div class=\"elementor-widget-container\">\n\t\t\t\t\t\t\t\t\t\t\t\t\t<img fetchpriority=\"high\" decoding=\"async\" width=\"300\" height=\"300\" src=\"https:\/\/www.ufsm.br\/app\/uploads\/sites\/371\/2023\/08\/1-8-300x300.jpg\" class=\"attachment-medium size-medium wp-image-6444\" alt=\"\" srcset=\"https:\/\/www.ufsm.br\/app\/uploads\/sites\/371\/2023\/08\/1-8-300x300.jpg 300w, https:\/\/www.ufsm.br\/app\/uploads\/sites\/371\/2023\/08\/1-8-1024x1024.jpg 1024w, https:\/\/www.ufsm.br\/app\/uploads\/sites\/371\/2023\/08\/1-8-150x150.jpg 150w, https:\/\/www.ufsm.br\/app\/uploads\/sites\/371\/2023\/08\/1-8-768x768.jpg 768w, https:\/\/www.ufsm.br\/app\/uploads\/sites\/371\/2023\/08\/1-8.jpg 1080w\" sizes=\"(max-width: 300px) 100vw, 300px\" \/>\t\t\t\t\t\t\t\t\t\t\t\t\t<\/div>\n\t\t\t\t<\/div>\n\t\t\t\t\t<\/div>\n\t\t<\/div>\n\t\t\t\t<div class=\"elementor-column elementor-col-25 elementor-top-column elementor-element elementor-element-456694e\" data-id=\"456694e\" data-element_type=\"column\">\n\t\t\t<div class=\"elementor-widget-wrap elementor-element-populated\">\n\t\t\t\t\t\t<div class=\"elementor-element elementor-element-b7ed118 elementor-widget__width-initial elementor-widget elementor-widget-video\" data-id=\"b7ed118\" data-element_type=\"widget\" data-settings=\"{&quot;youtube_url&quot;:&quot;https:\\\/\\\/youtu.be\\\/YD1cIxfkUkY&quot;,&quot;video_type&quot;:&quot;youtube&quot;,&quot;controls&quot;:&quot;yes&quot;}\" data-widget_type=\"video.default\">\n\t\t\t\t<div class=\"elementor-widget-container\">\n\t\t\t\t\t<div class=\"elementor-wrapper elementor-open-inline\">\n\t\t\t<div class=\"elementor-video\"><\/div>\t\t<\/div>\n\t\t\t\t<\/div>\n\t\t\t\t<\/div>\n\t\t\t\t\t<\/div>\n\t\t<\/div>\n\t\t\t\t\t<\/div>\n\t\t<\/section>\n\t\t\t\t<section class=\"elementor-section elementor-top-section elementor-element elementor-element-62ee2cf elementor-section-boxed elementor-section-height-default elementor-section-height-default\" data-id=\"62ee2cf\" data-element_type=\"section\">\n\t\t\t\t\t\t<div class=\"elementor-container elementor-column-gap-default\">\n\t\t\t\t\t<div class=\"elementor-column elementor-col-100 elementor-top-column elementor-element elementor-element-3b25721\" data-id=\"3b25721\" data-element_type=\"column\">\n\t\t\t<div class=\"elementor-widget-wrap elementor-element-populated\">\n\t\t\t\t\t\t<div class=\"elementor-element elementor-element-fc8da9c elementor-widget-divider--view-line elementor-widget elementor-widget-divider\" data-id=\"fc8da9c\" data-element_type=\"widget\" data-widget_type=\"divider.default\">\n\t\t\t\t<div class=\"elementor-widget-container\">\n\t\t\t\t\t<div class=\"elementor-divider\">\n\t\t\t<span class=\"elementor-divider-separator\">\n\t\t\t\t\t\t<\/span>\n\t\t<\/div>\n\t\t\t\t<\/div>\n\t\t\t\t<\/div>\n\t\t\t\t\t<\/div>\n\t\t<\/div>\n\t\t\t\t\t<\/div>\n\t\t<\/section>\n\t\t\t\t<section class=\"elementor-section elementor-top-section elementor-element elementor-element-36f8e11 elementor-section-boxed elementor-section-height-default elementor-section-height-default\" data-id=\"36f8e11\" data-element_type=\"section\">\n\t\t\t\t\t\t<div class=\"elementor-container elementor-column-gap-default\">\n\t\t\t\t\t<div class=\"elementor-column elementor-col-100 elementor-top-column elementor-element elementor-element-f1eba17\" data-id=\"f1eba17\" data-element_type=\"column\">\n\t\t\t<div class=\"elementor-widget-wrap elementor-element-populated\">\n\t\t\t\t\t\t<div class=\"elementor-element elementor-element-7fe7292 elementor-widget elementor-widget-heading\" data-id=\"7fe7292\" data-element_type=\"widget\" data-widget_type=\"heading.default\">\n\t\t\t\t<div class=\"elementor-widget-container\">\n\t\t\t<h4 class=\"elementor-heading-title elementor-size-default\">Links \u00dateis<\/h4>\t\t<\/div>\n\t\t\t\t<\/div>\n\t\t\t\t\t<\/div>\n\t\t<\/div>\n\t\t\t\t\t<\/div>\n\t\t<\/section>\n\t\t\t\t<section class=\"elementor-section elementor-top-section elementor-element elementor-element-8e4f3c5 elementor-section-boxed elementor-section-height-default elementor-section-height-default\" data-id=\"8e4f3c5\" data-element_type=\"section\">\n\t\t\t\t\t\t<div class=\"elementor-container elementor-column-gap-default\">\n\t\t\t\t\t<div class=\"elementor-column elementor-col-20 elementor-top-column elementor-element elementor-element-001919a\" data-id=\"001919a\" data-element_type=\"column\">\n\t\t\t<div class=\"elementor-widget-wrap elementor-element-populated\">\n\t\t\t\t\t\t<div class=\"elementor-element elementor-element-80cd3c6 elementor-widget elementor-widget-image\" data-id=\"80cd3c6\" data-element_type=\"widget\" data-widget_type=\"image.default\">\n\t\t\t\t<div class=\"elementor-widget-container\">\n\t\t\t\t\t\t\t\t\t\t\t\t\t\t<a href=\"https:\/\/www.ufsm.br\/unidades-universitarias\/ccs\/atas-do-conselho-de-centro\">\n\t\t\t\t\t\t\t<img decoding=\"async\" width=\"1024\" height=\"1024\" src=\"https:\/\/www.ufsm.br\/app\/uploads\/sites\/371\/2023\/08\/3-7-1024x1024.jpg\" class=\"attachment-large size-large wp-image-6446\" alt=\"\" srcset=\"https:\/\/www.ufsm.br\/app\/uploads\/sites\/371\/2023\/08\/3-7-1024x1024.jpg 1024w, https:\/\/www.ufsm.br\/app\/uploads\/sites\/371\/2023\/08\/3-7-300x300.jpg 300w, https:\/\/www.ufsm.br\/app\/uploads\/sites\/371\/2023\/08\/3-7-150x150.jpg 150w, https:\/\/www.ufsm.br\/app\/uploads\/sites\/371\/2023\/08\/3-7-768x768.jpg 768w, https:\/\/www.ufsm.br\/app\/uploads\/sites\/371\/2023\/08\/3-7.jpg 1080w\" sizes=\"(max-width: 1024px) 100vw, 1024px\" \/>\t\t\t\t\t\t\t\t<\/a>\n\t\t\t\t\t\t\t\t\t\t\t\t\t<\/div>\n\t\t\t\t<\/div>\n\t\t\t\t\t<\/div>\n\t\t<\/div>\n\t\t\t\t<div class=\"elementor-column elementor-col-20 elementor-top-column elementor-element elementor-element-8e29fc5\" data-id=\"8e29fc5\" data-element_type=\"column\">\n\t\t\t<div class=\"elementor-widget-wrap elementor-element-populated\">\n\t\t\t\t\t\t<div class=\"elementor-element elementor-element-7f854aa elementor-widget elementor-widget-image\" data-id=\"7f854aa\" data-element_type=\"widget\" data-widget_type=\"image.default\">\n\t\t\t\t<div class=\"elementor-widget-container\">\n\t\t\t\t\t\t\t\t\t\t\t\t\t\t<a href=\"https:\/\/www.ufsm.br\/unidades-universitarias\/ccs\/pauta-da-reuniao-do-conselho-do-centro-de-ciencias-da-saude\">\n\t\t\t\t\t\t\t<img decoding=\"async\" width=\"1024\" height=\"1024\" src=\"https:\/\/www.ufsm.br\/app\/uploads\/sites\/371\/2023\/08\/5-6-1024x1024.jpg\" class=\"attachment-large size-large wp-image-6442\" alt=\"\" srcset=\"https:\/\/www.ufsm.br\/app\/uploads\/sites\/371\/2023\/08\/5-6-1024x1024.jpg 1024w, https:\/\/www.ufsm.br\/app\/uploads\/sites\/371\/2023\/08\/5-6-300x300.jpg 300w, https:\/\/www.ufsm.br\/app\/uploads\/sites\/371\/2023\/08\/5-6-150x150.jpg 150w, https:\/\/www.ufsm.br\/app\/uploads\/sites\/371\/2023\/08\/5-6-768x768.jpg 768w, https:\/\/www.ufsm.br\/app\/uploads\/sites\/371\/2023\/08\/5-6.jpg 1080w\" sizes=\"(max-width: 1024px) 100vw, 1024px\" \/>\t\t\t\t\t\t\t\t<\/a>\n\t\t\t\t\t\t\t\t\t\t\t\t\t<\/div>\n\t\t\t\t<\/div>\n\t\t\t\t\t<\/div>\n\t\t<\/div>\n\t\t\t\t<div class=\"elementor-column elementor-col-20 elementor-top-column elementor-element elementor-element-11efaf3\" data-id=\"11efaf3\" data-element_type=\"column\">\n\t\t\t<div class=\"elementor-widget-wrap elementor-element-populated\">\n\t\t\t\t\t\t<div class=\"elementor-element elementor-element-c22189f elementor-widget elementor-widget-image\" data-id=\"c22189f\" data-element_type=\"widget\" data-widget_type=\"image.default\">\n\t\t\t\t<div class=\"elementor-widget-container\">\n\t\t\t\t\t\t\t\t\t\t\t\t\t\t<a href=\"https:\/\/www.ufsm.br\/unidades-universitarias\/ccs\/portarias\">\n\t\t\t\t\t\t\t<img loading=\"lazy\" decoding=\"async\" width=\"1024\" height=\"1024\" src=\"https:\/\/www.ufsm.br\/app\/uploads\/sites\/371\/2023\/08\/Botoes-secretaria-2-1024x1024.jpg\" class=\"attachment-large size-large wp-image-6451\" alt=\"\" srcset=\"https:\/\/www.ufsm.br\/app\/uploads\/sites\/371\/2023\/08\/Botoes-secretaria-2-1024x1024.jpg 1024w, https:\/\/www.ufsm.br\/app\/uploads\/sites\/371\/2023\/08\/Botoes-secretaria-2-300x300.jpg 300w, https:\/\/www.ufsm.br\/app\/uploads\/sites\/371\/2023\/08\/Botoes-secretaria-2-150x150.jpg 150w, https:\/\/www.ufsm.br\/app\/uploads\/sites\/371\/2023\/08\/Botoes-secretaria-2-768x768.jpg 768w, https:\/\/www.ufsm.br\/app\/uploads\/sites\/371\/2023\/08\/Botoes-secretaria-2.jpg 1080w\" sizes=\"(max-width: 1024px) 100vw, 1024px\" \/>\t\t\t\t\t\t\t\t<\/a>\n\t\t\t\t\t\t\t\t\t\t\t\t\t<\/div>\n\t\t\t\t<\/div>\n\t\t\t\t\t<\/div>\n\t\t<\/div>\n\t\t\t\t<div class=\"elementor-column elementor-col-20 elementor-top-column elementor-element elementor-element-93dfb86\" data-id=\"93dfb86\" data-element_type=\"column\">\n\t\t\t<div class=\"elementor-widget-wrap elementor-element-populated\">\n\t\t\t\t\t\t<div class=\"elementor-element elementor-element-98bd6f3 elementor-widget elementor-widget-image\" data-id=\"98bd6f3\" data-element_type=\"widget\" data-widget_type=\"image.default\">\n\t\t\t\t<div class=\"elementor-widget-container\">\n\t\t\t\t\t\t\t\t\t\t\t\t\t\t<a href=\"https:\/\/portal.ufsm.br\/documentos\/mainMenu.html\">\n\t\t\t\t\t\t\t<img loading=\"lazy\" decoding=\"async\" width=\"1024\" height=\"1024\" src=\"https:\/\/www.ufsm.br\/app\/uploads\/sites\/371\/2023\/08\/Botoes-secretaria-1-1024x1024.jpg\" class=\"attachment-large size-large wp-image-6450\" alt=\"\" srcset=\"https:\/\/www.ufsm.br\/app\/uploads\/sites\/371\/2023\/08\/Botoes-secretaria-1-1024x1024.jpg 1024w, https:\/\/www.ufsm.br\/app\/uploads\/sites\/371\/2023\/08\/Botoes-secretaria-1-300x300.jpg 300w, https:\/\/www.ufsm.br\/app\/uploads\/sites\/371\/2023\/08\/Botoes-secretaria-1-150x150.jpg 150w, https:\/\/www.ufsm.br\/app\/uploads\/sites\/371\/2023\/08\/Botoes-secretaria-1-768x768.jpg 768w, https:\/\/www.ufsm.br\/app\/uploads\/sites\/371\/2023\/08\/Botoes-secretaria-1.jpg 1080w\" sizes=\"(max-width: 1024px) 100vw, 1024px\" \/>\t\t\t\t\t\t\t\t<\/a>\n\t\t\t\t\t\t\t\t\t\t\t\t\t<\/div>\n\t\t\t\t<\/div>\n\t\t\t\t\t<\/div>\n\t\t<\/div>\n\t\t\t\t<div class=\"elementor-column elementor-col-20 elementor-top-column elementor-element elementor-element-ab59d97\" data-id=\"ab59d97\" data-element_type=\"column\">\n\t\t\t<div class=\"elementor-widget-wrap elementor-element-populated\">\n\t\t\t\t\t\t<div class=\"elementor-element elementor-element-1382c87 elementor-widget elementor-widget-image\" data-id=\"1382c87\" data-element_type=\"widget\" data-widget_type=\"image.default\">\n\t\t\t\t<div class=\"elementor-widget-container\">\n\t\t\t\t\t\t\t\t\t\t\t\t\t\t<a href=\"https:\/\/www.ufsm.br\/pro-reitorias\/progep\">\n\t\t\t\t\t\t\t<img loading=\"lazy\" decoding=\"async\" width=\"1024\" height=\"1024\" src=\"https:\/\/www.ufsm.br\/app\/uploads\/sites\/371\/2023\/08\/6-5-1024x1024.jpg\" class=\"attachment-large size-large wp-image-6443\" alt=\"\" srcset=\"https:\/\/www.ufsm.br\/app\/uploads\/sites\/371\/2023\/08\/6-5-1024x1024.jpg 1024w, https:\/\/www.ufsm.br\/app\/uploads\/sites\/371\/2023\/08\/6-5-300x300.jpg 300w, https:\/\/www.ufsm.br\/app\/uploads\/sites\/371\/2023\/08\/6-5-150x150.jpg 150w, https:\/\/www.ufsm.br\/app\/uploads\/sites\/371\/2023\/08\/6-5-768x768.jpg 768w, https:\/\/www.ufsm.br\/app\/uploads\/sites\/371\/2023\/08\/6-5.jpg 1080w\" sizes=\"(max-width: 1024px) 100vw, 1024px\" \/>\t\t\t\t\t\t\t\t<\/a>\n\t\t\t\t\t\t\t\t\t\t\t\t\t<\/div>\n\t\t\t\t<\/div>\n\t\t\t\t\t<\/div>\n\t\t<\/div>\n\t\t\t\t\t<\/div>\n\t\t<\/section>\n\t\t\t\t<section class=\"elementor-section elementor-top-section elementor-element elementor-element-664383d elementor-section-boxed elementor-section-height-default elementor-section-height-default\" data-id=\"664383d\" data-element_type=\"section\">\n\t\t\t\t\t\t<div class=\"elementor-container elementor-column-gap-default\">\n\t\t\t\t\t<div class=\"elementor-column elementor-col-100 elementor-top-column elementor-element elementor-element-eb2136f\" data-id=\"eb2136f\" data-element_type=\"column\">\n\t\t\t<div class=\"elementor-widget-wrap elementor-element-populated\">\n\t\t\t\t\t\t<div class=\"elementor-element elementor-element-581dd70 elementor-widget-divider--view-line elementor-widget elementor-widget-divider\" data-id=\"581dd70\" data-element_type=\"widget\" data-widget_type=\"divider.default\">\n\t\t\t\t<div class=\"elementor-widget-container\">\n\t\t\t\t\t<div class=\"elementor-divider\">\n\t\t\t<span class=\"elementor-divider-separator\">\n\t\t\t\t\t\t<\/span>\n\t\t<\/div>\n\t\t\t\t<\/div>\n\t\t\t\t<\/div>\n\t\t\t\t\t<\/div>\n\t\t<\/div>\n\t\t\t\t\t<\/div>\n\t\t<\/section>\n\t\t\t\t<section class=\"elementor-section elementor-top-section elementor-element elementor-element-c76441d elementor-section-boxed elementor-section-height-default elementor-section-height-default\" data-id=\"c76441d\" data-element_type=\"section\">\n\t\t\t\t\t\t<div class=\"elementor-container elementor-column-gap-default\">\n\t\t\t\t\t<div class=\"elementor-column elementor-col-25 elementor-top-column elementor-element elementor-element-19a382c\" data-id=\"19a382c\" data-element_type=\"column\">\n\t\t\t<div class=\"elementor-widget-wrap elementor-element-populated\">\n\t\t\t\t\t\t<div class=\"elementor-element elementor-element-6840f5a elementor-widget elementor-widget-heading\" data-id=\"6840f5a\" data-element_type=\"widget\" data-widget_type=\"heading.default\">\n\t\t\t\t<div class=\"elementor-widget-container\">\n\t\t\t<h4 class=\"elementor-heading-title elementor-size-default\">Secret\u00e1rio Administrativo<\/h4>\t\t<\/div>\n\t\t\t\t<\/div>\n\t\t\t\t\t<\/div>\n\t\t<\/div>\n\t\t\t\t<div class=\"elementor-column elementor-col-25 elementor-top-column elementor-element elementor-element-16cbf26\" data-id=\"16cbf26\" data-element_type=\"column\">\n\t\t\t<div class=\"elementor-widget-wrap\">\n\t\t\t\t\t\t\t<\/div>\n\t\t<\/div>\n\t\t\t\t<div class=\"elementor-column elementor-col-25 elementor-top-column elementor-element elementor-element-a6e3fda\" data-id=\"a6e3fda\" data-element_type=\"column\">\n\t\t\t<div class=\"elementor-widget-wrap\">\n\t\t\t\t\t\t\t<\/div>\n\t\t<\/div>\n\t\t\t\t<div class=\"elementor-column elementor-col-25 elementor-top-column elementor-element elementor-element-64311e6\" data-id=\"64311e6\" data-element_type=\"column\">\n\t\t\t<div class=\"elementor-widget-wrap elementor-element-populated\">\n\t\t\t\t\t\t<div class=\"elementor-element elementor-element-a5cf157 elementor-widget elementor-widget-heading\" data-id=\"a5cf157\" data-element_type=\"widget\" data-widget_type=\"heading.default\">\n\t\t\t\t<div class=\"elementor-widget-container\">\n\t\t\t<h4 class=\"elementor-heading-title elementor-size-default\">Contato<\/h4>\t\t<\/div>\n\t\t\t\t<\/div>\n\t\t\t\t\t<\/div>\n\t\t<\/div>\n\t\t\t\t\t<\/div>\n\t\t<\/section>\n\t\t\t\t<section class=\"elementor-section elementor-top-section elementor-element elementor-element-4b02273 elementor-section-boxed elementor-section-height-default elementor-section-height-default\" data-id=\"4b02273\" data-element_type=\"section\">\n\t\t\t\t\t\t<div class=\"elementor-container elementor-column-gap-default\">\n\t\t\t\t\t<div class=\"elementor-column elementor-col-25 elementor-top-column elementor-element elementor-element-6c0db5c\" data-id=\"6c0db5c\" data-element_type=\"column\">\n\t\t\t<div class=\"elementor-widget-wrap elementor-element-populated\">\n\t\t\t\t\t\t<div class=\"elementor-element elementor-element-dd23776 elementor-widget elementor-widget-image\" data-id=\"dd23776\" data-element_type=\"widget\" data-widget_type=\"image.default\">\n\t\t\t\t<div class=\"elementor-widget-container\">\n\t\t\t\t\t\t\t\t\t\t\t\t\t<img loading=\"lazy\" decoding=\"async\" width=\"724\" height=\"1024\" src=\"https:\/\/www.ufsm.br\/app\/uploads\/sites\/371\/2023\/08\/12-724x1024.jpg\" class=\"attachment-large size-large wp-image-6399\" alt=\"\" srcset=\"https:\/\/www.ufsm.br\/app\/uploads\/sites\/371\/2023\/08\/12-724x1024.jpg 724w, https:\/\/www.ufsm.br\/app\/uploads\/sites\/371\/2023\/08\/12-212x300.jpg 212w, https:\/\/www.ufsm.br\/app\/uploads\/sites\/371\/2023\/08\/12-768x1086.jpg 768w, https:\/\/www.ufsm.br\/app\/uploads\/sites\/371\/2023\/08\/12-1086x1536.jpg 1086w, https:\/\/www.ufsm.br\/app\/uploads\/sites\/371\/2023\/08\/12.jpg 1414w\" sizes=\"(max-width: 724px) 100vw, 724px\" \/>\t\t\t\t\t\t\t\t\t\t\t\t\t<\/div>\n\t\t\t\t<\/div>\n\t\t\t\t\t<\/div>\n\t\t<\/div>\n\t\t\t\t<div class=\"elementor-column elementor-col-25 elementor-top-column elementor-element elementor-element-aa8af20\" data-id=\"aa8af20\" data-element_type=\"column\">\n\t\t\t<div class=\"elementor-widget-wrap elementor-element-populated\">\n\t\t\t\t\t\t<div class=\"elementor-element elementor-element-53fdc07 elementor-widget elementor-widget-image\" data-id=\"53fdc07\" data-element_type=\"widget\" data-widget_type=\"image.default\">\n\t\t\t\t<div class=\"elementor-widget-container\">\n\t\t\t\t\t\t\t\t\t\t\t\t\t\t<a href=\"https:\/\/www.ufsm.br\/unidades-universitarias\/ccs\/competencias-do-secretario-administrativo-de-unidade-de-ensino\">\n\t\t\t\t\t\t\t<img loading=\"lazy\" decoding=\"async\" width=\"1024\" height=\"1024\" src=\"https:\/\/www.ufsm.br\/app\/uploads\/sites\/371\/2023\/08\/Botoes-secretaria-1024x1024.jpg\" class=\"attachment-large size-large wp-image-6449\" alt=\"\" srcset=\"https:\/\/www.ufsm.br\/app\/uploads\/sites\/371\/2023\/08\/Botoes-secretaria-1024x1024.jpg 1024w, https:\/\/www.ufsm.br\/app\/uploads\/sites\/371\/2023\/08\/Botoes-secretaria-300x300.jpg 300w, https:\/\/www.ufsm.br\/app\/uploads\/sites\/371\/2023\/08\/Botoes-secretaria-150x150.jpg 150w, https:\/\/www.ufsm.br\/app\/uploads\/sites\/371\/2023\/08\/Botoes-secretaria-768x768.jpg 768w, https:\/\/www.ufsm.br\/app\/uploads\/sites\/371\/2023\/08\/Botoes-secretaria.jpg 1080w\" sizes=\"(max-width: 1024px) 100vw, 1024px\" \/>\t\t\t\t\t\t\t\t<\/a>\n\t\t\t\t\t\t\t\t\t\t\t\t\t<\/div>\n\t\t\t\t<\/div>\n\t\t\t\t\t<\/div>\n\t\t<\/div>\n\t\t\t\t<div class=\"elementor-column elementor-col-25 elementor-top-column elementor-element elementor-element-492d512\" data-id=\"492d512\" data-element_type=\"column\">\n\t\t\t<div class=\"elementor-widget-wrap elementor-element-populated\">\n\t\t\t\t\t\t<div class=\"elementor-element elementor-element-bd41a78 elementor-widget elementor-widget-image\" data-id=\"bd41a78\" data-element_type=\"widget\" data-widget_type=\"image.default\">\n\t\t\t\t<div class=\"elementor-widget-container\">\n\t\t\t\t\t\t\t\t\t\t\t\t\t<img loading=\"lazy\" decoding=\"async\" width=\"1024\" height=\"1024\" src=\"https:\/\/www.ufsm.br\/app\/uploads\/sites\/371\/2023\/08\/2-8-1024x1024.jpg\" class=\"attachment-large size-large wp-image-6445\" alt=\"\" srcset=\"https:\/\/www.ufsm.br\/app\/uploads\/sites\/371\/2023\/08\/2-8-1024x1024.jpg 1024w, https:\/\/www.ufsm.br\/app\/uploads\/sites\/371\/2023\/08\/2-8-300x300.jpg 300w, https:\/\/www.ufsm.br\/app\/uploads\/sites\/371\/2023\/08\/2-8-150x150.jpg 150w, https:\/\/www.ufsm.br\/app\/uploads\/sites\/371\/2023\/08\/2-8-768x768.jpg 768w, https:\/\/www.ufsm.br\/app\/uploads\/sites\/371\/2023\/08\/2-8.jpg 1080w\" sizes=\"(max-width: 1024px) 100vw, 1024px\" \/>\t\t\t\t\t\t\t\t\t\t\t\t\t<\/div>\n\t\t\t\t<\/div>\n\t\t\t\t\t<\/div>\n\t\t<\/div>\n\t\t\t\t<div class=\"elementor-column elementor-col-25 elementor-top-column elementor-element elementor-element-5e16b08\" data-id=\"5e16b08\" data-element_type=\"column\">\n\t\t\t<div class=\"elementor-widget-wrap elementor-element-populated\">\n\t\t\t\t\t\t<div class=\"elementor-element elementor-element-326e44e elementor-widget elementor-widget-text-editor\" data-id=\"326e44e\" data-element_type=\"widget\" data-widget_type=\"text-editor.default\">\n\t\t\t\t<div class=\"elementor-widget-container\">\n\t\t\t\t\t\t\t<p><span style=\"font-family: georgia, palatino, serif;color: #000000;font-size: 1rem;font-weight: var( --e-global-typography-text-font-weight );text-align: var(--bs-body-text-align)\">Pr\u00e9dio 26A, Sala 1357<\/span><\/p><p><span style=\"font-family: georgia, palatino, serif;color: #000000;font-size: 1rem;font-weight: var( --e-global-typography-text-font-weight );text-align: var(--bs-body-text-align)\">Telefone: (55) 3178-0621 &#8211; Ramal 621<\/span><span style=\"font-family: georgia, palatino, serif;color: #000000;font-size: 1rem;font-weight: var( --e-global-typography-text-font-weight );text-align: var(--bs-body-text-align)\"><br \/><\/span><span style=\"color: #000000;font-size: 16px\">E-mail: ccs@ufsm.br<br \/><\/span><span style=\"color: #000000;font-size: 16px;font-weight: var( --e-global-typography-text-font-weight );text-align: var(--bs-body-text-align)\">WhatsApp:\u00a0<\/span><span style=\"font-family: georgia, palatino, serif;color: #000000;font-size: 1rem;font-weight: var( --e-global-typography-text-font-weight );text-align: var(--bs-body-text-align)\">5531780621<\/span><\/p>\t\t\t\t\t\t<\/div>\n\t\t\t\t<\/div>\n\t\t\t\t\t<\/div>\n\t\t<\/div>\n\t\t\t\t\t<\/div>\n\t\t<\/section>\n\t\t\t\t<\/div>\n\t\t","protected":false},"excerpt":{"rendered":"<p>A Secretaria de Apoio Administrativo \u00e9 um \u00f3rg\u00e3o com compet\u00eancia de prestar assessoria administrativa ao Diretor e ao Vice-Diretor e executar as atribui\u00e7\u00f5es t\u00e9cnico-administrativas de apoio aos Cursos, Departamentos e \u00d3rg\u00e3os Suplementares. A fun\u00e7\u00e3o do Secret\u00e1rio Administrativo ser\u00e1 exercida por um t\u00e9cnico-administrativo em educa\u00e7\u00e3o designado pelo Reitor por indica\u00e7\u00e3o do Diretor(a). Em seus impedimentos ou [&hellip;]<\/p>\n","protected":false},"author":295,"featured_media":0,"parent":0,"menu_order":0,"comment_status":"closed","ping_status":"closed","template":"","meta":{"footnotes":""},"categories":[],"tags":[],"class_list":["post-6404","page","type-page","status-publish","hentry"],"acf":[],"_links":{"self":[{"href":"https:\/\/www.ufsm.br\/unidades-universitarias\/ccs\/wp-json\/wp\/v2\/pages\/6404","targetHints":{"allow":["GET"]}}],"collection":[{"href":"https:\/\/www.ufsm.br\/unidades-universitarias\/ccs\/wp-json\/wp\/v2\/pages"}],"about":[{"href":"https:\/\/www.ufsm.br\/unidades-universitarias\/ccs\/wp-json\/wp\/v2\/types\/page"}],"author":[{"embeddable":true,"href":"https:\/\/www.ufsm.br\/unidades-universitarias\/ccs\/wp-json\/wp\/v2\/users\/295"}],"replies":[{"embeddable":true,"href":"https:\/\/www.ufsm.br\/unidades-universitarias\/ccs\/wp-json\/wp\/v2\/comments?post=6404"}],"version-history":[{"count":0,"href":"https:\/\/www.ufsm.br\/unidades-universitarias\/ccs\/wp-json\/wp\/v2\/pages\/6404\/revisions"}],"wp:attachment":[{"href":"https:\/\/www.ufsm.br\/unidades-universitarias\/ccs\/wp-json\/wp\/v2\/media?parent=6404"}],"wp:term":[{"taxonomy":"category","embeddable":true,"href":"https:\/\/www.ufsm.br\/unidades-universitarias\/ccs\/wp-json\/wp\/v2\/categories?post=6404"},{"taxonomy":"post_tag","embeddable":true,"href":"https:\/\/www.ufsm.br\/unidades-universitarias\/ccs\/wp-json\/wp\/v2\/tags?post=6404"}],"curies":[{"name":"wp","href":"https:\/\/api.w.org\/{rel}","templated":true}]}}