{"id":6794,"date":"2024-03-13T12:58:28","date_gmt":"2024-03-13T15:58:28","guid":{"rendered":"https:\/\/www.ufsm.br\/unidades-universitarias\/ccs\/?page_id=6794"},"modified":"2024-03-13T14:57:10","modified_gmt":"2024-03-13T17:57:10","slug":"programa-de-inovacao-aberta-centro-de-ciencias-da-saude-ccs-ufsm","status":"publish","type":"page","link":"https:\/\/www.ufsm.br\/unidades-universitarias\/ccs\/programa-de-inovacao-aberta-centro-de-ciencias-da-saude-ccs-ufsm","title":{"rendered":"Programa de Inova\u00e7\u00e3o Aberta Centro de Ci\u00eancias da Sa\u00fade &#8211; CCS\/UFSM"},"content":{"rendered":"\t\t<div data-elementor-type=\"wp-page\" data-elementor-id=\"6794\" class=\"elementor elementor-6794\">\n\t\t\t\t\t\t<section class=\"elementor-section elementor-top-section elementor-element elementor-element-e2e86bf elementor-section-boxed elementor-section-height-default elementor-section-height-default\" data-id=\"e2e86bf\" data-element_type=\"section\">\n\t\t\t\t\t\t<div class=\"elementor-container elementor-column-gap-default\">\n\t\t\t\t\t<div class=\"elementor-column elementor-col-50 elementor-top-column elementor-element elementor-element-6708e6f\" data-id=\"6708e6f\" data-element_type=\"column\">\n\t\t\t<div class=\"elementor-widget-wrap elementor-element-populated\">\n\t\t\t\t\t\t<div class=\"elementor-element elementor-element-5679fde elementor-widget elementor-widget-text-editor\" data-id=\"5679fde\" data-element_type=\"widget\" data-widget_type=\"text-editor.default\">\n\t\t\t\t<div class=\"elementor-widget-container\">\n\t\t\t\t\t\t\t<h1>Contextualiza\u00e7\u00e3o:<\/h1><p>A partir de projetos que envolvem Funda\u00e7\u00f5es de Apoio, as unidades de ensino recebem parte do or\u00e7amento dos mesmos. Neste sentido, o CCS recebeu um valor para investimentos em inova\u00e7\u00e3o, para o qual destinou parte para a sala de inova\u00e7\u00e3o ou sala multiuso, que est\u00e1 sendo criada no pr\u00e9dio 26A, 4\u00ba andar.<\/p><p>O restante foi destinado a uma parceria entre o CCS, a PROINOVA e EMERGE, com a inten\u00e7\u00e3o de qualificar os servidores do CCS e discentes a<\/p><p>Ao final de dezembro de 2023 foi criado o Comit\u00ea de Inova\u00e7\u00e3o do CCS, o qual est\u00e1 composto pela Dire\u00e7\u00e3o, pelos professores <span style=\"color: #000000;font-family: Arial;font-size: 11pt;text-align: justify;text-indent: 56.7pt;font-weight: var( --e-global-typography-text-font-weight )\">Andr\u00e9 Valle de Bairros,\u00a0<\/span><span style=\"color: #000000;font-family: Arial;font-size: 11pt;text-align: justify;text-indent: 56.7pt;font-weight: var( --e-global-typography-text-font-weight )\">Alexandre Vargas Schwarzbold,<\/span><span style=\"color: #000000;font-family: Arial;font-size: 11pt;text-align: justify;text-indent: 56.7pt;font-weight: var( --e-global-typography-text-font-weight )\">\u00a0N<\/span><span style=\"color: #000000;font-family: Arial;font-size: 11pt;text-align: justify;text-indent: 56.7pt;font-weight: var( --e-global-typography-text-font-weight )\">atalia Brucker<\/span><span style=\"color: #000000;font-family: Arial;font-size: 11pt;text-align: justify;text-indent: 56.7pt;font-weight: var( --e-global-typography-text-font-weight )\"> e pela TAE\u00a0<\/span><span style=\"color: #000000;font-family: Arial;font-size: 11pt;text-align: justify;text-indent: 56.7pt;font-weight: var( --e-global-typography-text-font-weight )\">Emily Vivian Valcarenghi<\/span><span style=\"color: #000000;font-family: Arial;font-size: 11pt;text-align: justify;text-indent: 56.7pt;font-weight: var( --e-global-typography-text-font-weight )\">.<\/span><\/p><p>Contato do Comit\u00ea: inova.ccs@ufsm.br<\/p>\t\t\t\t\t\t<\/div>\n\t\t\t\t<\/div>\n\t\t\t\t\t<\/div>\n\t\t<\/div>\n\t\t\t\t<div class=\"elementor-column elementor-col-50 elementor-top-column elementor-element elementor-element-04eb1e0\" data-id=\"04eb1e0\" data-element_type=\"column\">\n\t\t\t<div class=\"elementor-widget-wrap elementor-element-populated\">\n\t\t\t\t\t\t<div class=\"elementor-element elementor-element-66e33c9 elementor-widget elementor-widget-video\" data-id=\"66e33c9\" data-element_type=\"widget\" data-settings=\"{&quot;youtube_url&quot;:&quot;https:\\\/\\\/www.youtube.com\\\/watch?v=PTRT3Ijy-6U&amp;t=1s&quot;,&quot;video_type&quot;:&quot;youtube&quot;,&quot;controls&quot;:&quot;yes&quot;}\" data-widget_type=\"video.default\">\n\t\t\t\t<div class=\"elementor-widget-container\">\n\t\t\t\t\t<div class=\"elementor-wrapper elementor-open-inline\">\n\t\t\t<div class=\"elementor-video\"><\/div>\t\t<\/div>\n\t\t\t\t<\/div>\n\t\t\t\t<\/div>\n\t\t\t\t\t<\/div>\n\t\t<\/div>\n\t\t\t\t\t<\/div>\n\t\t<\/section>\n\t\t\t\t<section class=\"elementor-section elementor-top-section elementor-element elementor-element-a164d3e elementor-section-boxed elementor-section-height-default elementor-section-height-default\" data-id=\"a164d3e\" data-element_type=\"section\">\n\t\t\t\t\t\t<div class=\"elementor-container elementor-column-gap-default\">\n\t\t\t\t\t<div class=\"elementor-column elementor-col-100 elementor-top-column elementor-element elementor-element-9e6d6e9\" data-id=\"9e6d6e9\" data-element_type=\"column\">\n\t\t\t<div class=\"elementor-widget-wrap elementor-element-populated\">\n\t\t\t\t\t\t<div class=\"elementor-element elementor-element-67a5584 elementor-widget elementor-widget-text-editor\" data-id=\"67a5584\" data-element_type=\"widget\" data-widget_type=\"text-editor.default\">\n\t\t\t\t<div class=\"elementor-widget-container\">\n\t\t\t\t\t\t\t<h1>Objetivos:<\/h1><ul><li>Capacitar pesquisadores do CCS sobre rela\u00e7\u00e3o ci\u00eancia-mercado, mecanismos de transfer\u00eancia de tecnologia e modelagem de neg\u00f3cios de base cient\u00edfica;<\/li><li>Realizar um mapeamento de expertises do CCS em \u00e1reas com potencial de inova\u00e7\u00e3o;<\/li><li>Realizar uma prospec\u00e7\u00e3o de parcerias entre empresas e pesquisadores para o desenvolvimentos de pesquisas ou presta\u00e7\u00f5es de servi\u00e7os com vi\u00e9s inovador.<\/li><\/ul>\t\t\t\t\t\t<\/div>\n\t\t\t\t<\/div>\n\t\t\t\t\t<\/div>\n\t\t<\/div>\n\t\t\t\t\t<\/div>\n\t\t<\/section>\n\t\t\t\t<section class=\"elementor-section elementor-top-section elementor-element elementor-element-25ee9dc elementor-section-boxed elementor-section-height-default elementor-section-height-default\" data-id=\"25ee9dc\" data-element_type=\"section\">\n\t\t\t\t\t\t<div class=\"elementor-container elementor-column-gap-default\">\n\t\t\t\t\t<div class=\"elementor-column elementor-col-100 elementor-top-column elementor-element elementor-element-1b708c6\" data-id=\"1b708c6\" data-element_type=\"column\">\n\t\t\t<div class=\"elementor-widget-wrap elementor-element-populated\">\n\t\t\t\t\t\t<div class=\"elementor-element elementor-element-7461390 elementor-widget elementor-widget-text-editor\" data-id=\"7461390\" data-element_type=\"widget\" data-widget_type=\"text-editor.default\">\n\t\t\t\t<div class=\"elementor-widget-container\">\n\t\t\t\t\t\t\t<h1>Capacita\u00e7\u00f5es:<\/h1>\t\t\t\t\t\t<\/div>\n\t\t\t\t<\/div>\n\t\t\t\t\t<\/div>\n\t\t<\/div>\n\t\t\t\t\t<\/div>\n\t\t<\/section>\n\t\t\t\t<section class=\"elementor-section elementor-top-section elementor-element elementor-element-6603fb1 elementor-section-boxed elementor-section-height-default elementor-section-height-default\" data-id=\"6603fb1\" data-element_type=\"section\">\n\t\t\t\t\t\t<div class=\"elementor-container elementor-column-gap-default\">\n\t\t\t\t\t<div class=\"elementor-column elementor-col-50 elementor-top-column elementor-element elementor-element-8bbad13\" data-id=\"8bbad13\" data-element_type=\"column\">\n\t\t\t<div class=\"elementor-widget-wrap elementor-element-populated\">\n\t\t\t\t\t\t<div class=\"elementor-element elementor-element-fb53415 elementor-widget elementor-widget-image\" data-id=\"fb53415\" data-element_type=\"widget\" data-widget_type=\"image.default\">\n\t\t\t\t<div class=\"elementor-widget-container\">\n\t\t\t\t\t\t\t\t\t\t\t\t\t\t<a href=\"https:\/\/emergebrasil.in\/oportunidades\/treinamento-ufsm-inovacao-construcao-modelos-negocios\/\">\n\t\t\t\t\t\t\t<img fetchpriority=\"high\" decoding=\"async\" width=\"1024\" height=\"1024\" src=\"https:\/\/www.ufsm.br\/app\/uploads\/sites\/371\/2024\/03\/WhatsApp-Image-2024-03-13-at-14.02.42-1024x1024.jpeg\" class=\"attachment-large size-large wp-image-6805\" alt=\"\" srcset=\"https:\/\/www.ufsm.br\/app\/uploads\/sites\/371\/2024\/03\/WhatsApp-Image-2024-03-13-at-14.02.42-1024x1024.jpeg 1024w, https:\/\/www.ufsm.br\/app\/uploads\/sites\/371\/2024\/03\/WhatsApp-Image-2024-03-13-at-14.02.42-300x300.jpeg 300w, https:\/\/www.ufsm.br\/app\/uploads\/sites\/371\/2024\/03\/WhatsApp-Image-2024-03-13-at-14.02.42-150x150.jpeg 150w, https:\/\/www.ufsm.br\/app\/uploads\/sites\/371\/2024\/03\/WhatsApp-Image-2024-03-13-at-14.02.42-768x768.jpeg 768w, https:\/\/www.ufsm.br\/app\/uploads\/sites\/371\/2024\/03\/WhatsApp-Image-2024-03-13-at-14.02.42-1536x1536.jpeg 1536w, https:\/\/www.ufsm.br\/app\/uploads\/sites\/371\/2024\/03\/WhatsApp-Image-2024-03-13-at-14.02.42.jpeg 1600w\" sizes=\"(max-width: 1024px) 100vw, 1024px\" \/>\t\t\t\t\t\t\t\t<\/a>\n\t\t\t\t\t\t\t\t\t\t\t\t\t<\/div>\n\t\t\t\t<\/div>\n\t\t\t\t\t<\/div>\n\t\t<\/div>\n\t\t\t\t<div class=\"elementor-column elementor-col-50 elementor-top-column elementor-element elementor-element-c84d7e8\" data-id=\"c84d7e8\" data-element_type=\"column\">\n\t\t\t<div class=\"elementor-widget-wrap elementor-element-populated\">\n\t\t\t\t\t\t<div class=\"elementor-element elementor-element-fbbb3a9 elementor-widget elementor-widget-image\" data-id=\"fbbb3a9\" data-element_type=\"widget\" data-widget_type=\"image.default\">\n\t\t\t\t<div class=\"elementor-widget-container\">\n\t\t\t\t\t\t\t\t\t\t\t\t\t\t<a href=\"https:\/\/emergebrasil.in\/oportunidades\/treinamento-inovacao-aberta-ufsm-ccs\/\">\n\t\t\t\t\t\t\t<img decoding=\"async\" width=\"1024\" height=\"1024\" src=\"https:\/\/www.ufsm.br\/app\/uploads\/sites\/371\/2024\/03\/WhatsApp-Image-2024-02-20-at-14.36.40-1024x1024.jpeg\" class=\"attachment-large size-large wp-image-6802\" alt=\"\" srcset=\"https:\/\/www.ufsm.br\/app\/uploads\/sites\/371\/2024\/03\/WhatsApp-Image-2024-02-20-at-14.36.40-1024x1024.jpeg 1024w, https:\/\/www.ufsm.br\/app\/uploads\/sites\/371\/2024\/03\/WhatsApp-Image-2024-02-20-at-14.36.40-300x300.jpeg 300w, https:\/\/www.ufsm.br\/app\/uploads\/sites\/371\/2024\/03\/WhatsApp-Image-2024-02-20-at-14.36.40-150x150.jpeg 150w, https:\/\/www.ufsm.br\/app\/uploads\/sites\/371\/2024\/03\/WhatsApp-Image-2024-02-20-at-14.36.40-768x768.jpeg 768w, https:\/\/www.ufsm.br\/app\/uploads\/sites\/371\/2024\/03\/WhatsApp-Image-2024-02-20-at-14.36.40-1536x1536.jpeg 1536w, https:\/\/www.ufsm.br\/app\/uploads\/sites\/371\/2024\/03\/WhatsApp-Image-2024-02-20-at-14.36.40.jpeg 1600w\" sizes=\"(max-width: 1024px) 100vw, 1024px\" \/>\t\t\t\t\t\t\t\t<\/a>\n\t\t\t\t\t\t\t\t\t\t\t\t\t<\/div>\n\t\t\t\t<\/div>\n\t\t\t\t\t<\/div>\n\t\t<\/div>\n\t\t\t\t\t<\/div>\n\t\t<\/section>\n\t\t\t\t<section class=\"elementor-section elementor-top-section elementor-element elementor-element-d898e69 elementor-section-boxed elementor-section-height-default elementor-section-height-default\" data-id=\"d898e69\" data-element_type=\"section\">\n\t\t\t\t\t\t<div class=\"elementor-container elementor-column-gap-default\">\n\t\t\t\t\t<div class=\"elementor-column elementor-col-100 elementor-top-column elementor-element elementor-element-06350a9\" data-id=\"06350a9\" data-element_type=\"column\">\n\t\t\t<div class=\"elementor-widget-wrap elementor-element-populated\">\n\t\t\t\t\t\t<div class=\"elementor-element elementor-element-d279b31 elementor-widget elementor-widget-html\" data-id=\"d279b31\" data-element_type=\"widget\" data-widget_type=\"html.default\">\n\t\t\t\t<div class=\"elementor-widget-container\">\n\t\t\t<iframe src=\"https:\/\/docs.google.com\/forms\/d\/e\/1FAIpQLSc3OIxchOew5RqHaM_51Ai-agWR50Lo-x14DjQ7agLRMT7K-A\/viewform?embedded=true\" width=\"700\" height=\"520\" frameborder=\"0\">Carregando\u2026<\/iframe>\t\t<\/div>\n\t\t\t\t<\/div>\n\t\t\t\t\t<\/div>\n\t\t<\/div>\n\t\t\t\t\t<\/div>\n\t\t<\/section>\n\t\t\t\t<\/div>\n\t\t","protected":false},"excerpt":{"rendered":"<p>Contextualiza\u00e7\u00e3o: A partir de projetos que envolvem Funda\u00e7\u00f5es de Apoio, as unidades de ensino recebem parte do or\u00e7amento dos mesmos. Neste sentido, o CCS recebeu um valor para investimentos em inova\u00e7\u00e3o, para o qual destinou parte para a sala de inova\u00e7\u00e3o ou sala multiuso, que est\u00e1 sendo criada no pr\u00e9dio 26A, 4\u00ba andar. O restante [&hellip;]<\/p>\n","protected":false},"author":2697,"featured_media":0,"parent":0,"menu_order":0,"comment_status":"closed","ping_status":"closed","template":"","meta":{"footnotes":""},"categories":[1],"tags":[],"class_list":["post-6794","page","type-page","status-publish","hentry","category-noticias"],"acf":[],"_links":{"self":[{"href":"https:\/\/www.ufsm.br\/unidades-universitarias\/ccs\/wp-json\/wp\/v2\/pages\/6794","targetHints":{"allow":["GET"]}}],"collection":[{"href":"https:\/\/www.ufsm.br\/unidades-universitarias\/ccs\/wp-json\/wp\/v2\/pages"}],"about":[{"href":"https:\/\/www.ufsm.br\/unidades-universitarias\/ccs\/wp-json\/wp\/v2\/types\/page"}],"author":[{"embeddable":true,"href":"https:\/\/www.ufsm.br\/unidades-universitarias\/ccs\/wp-json\/wp\/v2\/users\/2697"}],"replies":[{"embeddable":true,"href":"https:\/\/www.ufsm.br\/unidades-universitarias\/ccs\/wp-json\/wp\/v2\/comments?post=6794"}],"version-history":[{"count":0,"href":"https:\/\/www.ufsm.br\/unidades-universitarias\/ccs\/wp-json\/wp\/v2\/pages\/6794\/revisions"}],"wp:attachment":[{"href":"https:\/\/www.ufsm.br\/unidades-universitarias\/ccs\/wp-json\/wp\/v2\/media?parent=6794"}],"wp:term":[{"taxonomy":"category","embeddable":true,"href":"https:\/\/www.ufsm.br\/unidades-universitarias\/ccs\/wp-json\/wp\/v2\/categories?post=6794"},{"taxonomy":"post_tag","embeddable":true,"href":"https:\/\/www.ufsm.br\/unidades-universitarias\/ccs\/wp-json\/wp\/v2\/tags?post=6794"}],"curies":[{"name":"wp","href":"https:\/\/api.w.org\/{rel}","templated":true}]}}