{"id":7099,"date":"2024-10-08T16:23:55","date_gmt":"2024-10-08T19:23:55","guid":{"rendered":"https:\/\/www.ufsm.br\/unidades-universitarias\/ccs\/?page_id=7099"},"modified":"2024-10-10T09:19:52","modified_gmt":"2024-10-10T12:19:52","slug":"portaria-normativa-ccs-ufsm-n-008-de-02-de-outubro-de-2024","status":"publish","type":"page","link":"https:\/\/www.ufsm.br\/unidades-universitarias\/ccs\/portaria-normativa-ccs-ufsm-n-008-de-02-de-outubro-de-2024","title":{"rendered":"PORTARIA NORMATIVA CCS\/UFSM N. 008, DE 02 DE OUTUBRO DE 2024"},"content":{"rendered":"\t\t<div data-elementor-type=\"wp-page\" data-elementor-id=\"7099\" class=\"elementor elementor-7099\">\n\t\t\t\t\t\t<section class=\"elementor-section elementor-top-section elementor-element elementor-element-e40aab2 elementor-section-boxed elementor-section-height-default elementor-section-height-default\" data-id=\"e40aab2\" data-element_type=\"section\">\n\t\t\t\t\t\t<div class=\"elementor-container elementor-column-gap-default\">\n\t\t\t\t\t<div class=\"elementor-column elementor-col-100 elementor-top-column elementor-element elementor-element-52112f4\" data-id=\"52112f4\" data-element_type=\"column\">\n\t\t\t<div class=\"elementor-widget-wrap elementor-element-populated\">\n\t\t\t\t\t\t<div class=\"elementor-element elementor-element-ab03026 elementor-widget elementor-widget-html\" data-id=\"ab03026\" data-element_type=\"widget\" data-widget_type=\"html.default\">\n\t\t\t\t<div class=\"elementor-widget-container\">\n\t\t\t<div align=\"center\"><img decoding=\"async\" src=\"https:\/\/www.ufsm.br\/pro-reitorias\/proplan\/wp-content\/uploads\/sites\/344\/2019\/09\/brasao-da-republica-do-brasil-logo.png\" alt=\"Bras\u00e3o Rep\u00fablica Federativa do Brasil\" width=\"6%\" height=\"6%\"><\/div>\n<h1><font color=\"blue\"><font size=\"5\"><div align=\"center\">MINIST\u00c9RIO DA EDUCA\u00c7\u00c3O<\/div><\/font><\/font><\/h1>\n<br>\n\n<b><font color=\"0000blue\"><div align=\"center\">UNIVERSIDADE FEDERAL DE SANTA MARIA<\/div><\/font><\/b>\n<b><font color=\"0000blue\"><div align=\"center\">CENTRO DE CI\u00caNCIAS DA SA\u00daDE<\/div><\/font><\/b>\n<br>\n\n<div align=\"center\"><p>PORTARIA NORMATIVA CCS\/UFSM N. 008, DE 02 DE OUTUBRO DE 2024.<\/div><\/font><\/b>\n<br>\n<p><div align=\"justify\"><font color=\"800000\"><ul><ul><ul><ul><ul><ul><ul><ul><ul><ul><ul><ul><ul><ul><ul><ul><ul><ul><ul><ul><ul><ul><ul> Define os crit\u00e9rios de dimensionamento dos departamentos did\u00e1ticos para fins de aloca\u00e7\u00e3o de vagas docentes, desocupadas e novas, do quadro permanente do Centro de Ci\u00eancias da Sa\u00fade (CCS) no \u00e2mbito da Universidade Federal de Santa Maria (UFSM)<\/font><\/ul><font color=\"000000\"><\/div>\n\n\n\n<br><div align=\"justify\"><font color=\"black\">\n<p> A DIRETORA DO CENTRO DE CI\u00caNCIAS DA SA\u00daDE, no uso de suas atribui\u00e7\u00f5es legais que lhe confere o <a href=\"https:\/\/www.ufsm.br\/pro-reitorias\/proplan\/regimento-geral-da-ufsm-com-alteracoes-compiladas-pela-resolucao-n-016-2019\/\" target=\"_blank\"><font color=\"blue\"><u>Regimento Geral da UFSM<\/u><\/font><\/a>, disposto na <a href=\"https:\/\/www.ufsm.br\/pro-reitorias\/proplan\/resolucao-n-006-2011\/\" target=\"_blank\"><font color=\"blue\"><u>Resolu\u00e7\u00e3o UFSM n\u00b0 006, de 28 de abril de 2011<\/u><\/font><\/a>, atualizado pela <a href=\"https:\/\/www.ufsm.br\/app\/uploads\/sites\/399\/2019\/07\/RES_GR_2019_016.pdf\" target=\"_blank\"><font color=\"blue\"><u>Resolu\u00e7\u00e3o UFSM n\u00b0 016, de 02 de julho de 2019<\/u><\/font><\/a>,tendo em vista as Resolu\u00e7\u00f5es <a href=\"https:\/\/www.ufsm.br\/pro-reitorias\/proplan\/resolucao-ufsm-n-139-2023\" target=\"_blank\"><font color=\"blue\"><u>UFSM n\u00b0 139, de 29 de agosto de 2023<\/u><\/font><\/a>, <a href=\"https:\/\/www.ufsm.br\/pro-reitorias\/proplan\/resolucao-ufsm-n-152-2024\" target=\"_blank\"><font color=\"blue\"><u>UFSM n\u00b0 152, de 27 de mar\u00e7o de 2024<\/u><\/font><\/a>, e o que consta no Processo n\u00b0 <a href=\"https:\/\/portal.ufsm.br\/documentos\/usuario\/processo\/documento.html?idDocumento=15211387\"><font color=\"blue\"><u>23081.120482\/2024-41 <\/u><\/font><\/a>, resolve:<\/div><\/p>\n<br>\n\n<\/p>Art. 1\u00b0  Definir os crit\u00e9rios de dimensionamento dos departamentos did\u00e1ticos para fins de aloca\u00e7\u00e3o de vagas docentes, desocupadas e novas, do quadro permanente do Centro de Ci\u00eancias da Sa\u00fade (CCS) no \u00e2mbito da Universidade Federal de Santa Maria (UFSM). <\/p> \nPar\u00e1grafo \u00fanico.  As vagas desocupadas s\u00e3o oriundas de aposentadorias, exonera\u00e7\u00f5es, demiss\u00e3o ou falecimento de docentes.<\/p>\nArt. 2\u00b0  Os crit\u00e9rios de dimensionamento dos departamentos did\u00e1ticos do CCS seguir\u00e3o 2 (duas) regras, quais sejam:<\/p>\nI \u2013 como 1a (primeira) regra ser\u00e1 considerada a carga hor\u00e1ria (CH) referente \u00e0 gradua\u00e7\u00e3o, at\u00e9 que todos os departamentos apresentem m\u00e9dia de CH menor de 20 (vinte) horas semanais por docente, sendo que departamentos com vaga desocupada do quadro permanente, que estejam acima da m\u00e9dia de CH docente do CCS, continuar\u00e3o com a vaga;<\/p>\nII \u2013 como 2a (segunda) regra ser\u00e1 usado:<\/p>\na) 82% (oitenta e dois por cento) da m\u00e9dia da CH em aulas referente \u00e0 gradua\u00e7\u00e3o e de p\u00f3s-gradua\u00e7\u00e3o, lato sensu e stricto sensu, de 2 (dois) semestres anteriores \u00e0 desocupa\u00e7\u00e3o da vaga; e<\/p>\nb) 18% (dezoito por cento) da m\u00e9dia da CH referente \u00e0 orienta\u00e7\u00f5es acad\u00eamicas de 2 (dois) semestres anteriores \u00e0 desocupa\u00e7\u00e3o da vaga.<\/p>\n\u00a7 1\u00b0  Os dados relativos \u00e0s regras ser\u00e3o captados 1 (uma) vez por semestre e ir\u00e3o embasar a distribui\u00e7\u00e3o de vagas desocupadas para o mesmo semestre.<\/p>\n\u00a7 2\u00b0  Na aplica\u00e7\u00e3o da 2a (segunda) regra, os departamentos ser\u00e3o classificados em ordem decrescente de prioridade, sendo que, quando a vaga desocupada for originada em departamentos com classifica\u00e7\u00e3o abaixo da m\u00e9dia de CH do CCS, a aloca\u00e7\u00e3o ir\u00e1 para o departamento com maior m\u00e9dia de CH.<\/p>\nArt. 3\u00b0  Para vagas oriundas de \u00e1reas\/disciplinas com necessidade espec\u00edfica em encargos did\u00e1ticos, devidamente comprovada e justificada \u00e0 Dire\u00e7\u00e3o do Centro, n\u00e3o dever\u00e3o ser consideradas as regras do art. 2\u00b0.<\/p>\nPar\u00e1grafo \u00fanico.  O departamento ter\u00e1 o prazo de um 1 (m\u00eas) para encaminhar a justificativa descrita no caput deste artigo ap\u00f3s a publica\u00e7\u00e3o da desocupa\u00e7\u00e3o da vaga docente.<\/p>\nArt. 4\u00b0  As regras para destina\u00e7\u00e3o de vagas do CCS ser\u00e3o aplicadas para cada vaga do quadro permanente desocupada nos Departamentos do CCS.<\/p>\nArt. 5\u00b0  O Departamento que tiver sua vaga desocupada remanejada, pode usar a vaga para contrata\u00e7\u00e3o de Professor(a) Substituto(a) at\u00e9 que ocorra a nomea\u00e7\u00e3o do(a) aprovado(a) no Departamento contemplado com a vaga.<\/p>\n\u00a7 1\u00b0  O Departamento contemplado com a vaga dever\u00e1 abrir concurso p\u00fablico no prazo m\u00e1ximo de 6 (seis) meses, ap\u00f3s o recebimento.<\/p>\n\u00a7 2\u00b0  Caso o departamento n\u00e3o atenda ao prazo estabelecido, a vaga ser\u00e1 destinada para o pr\u00f3ximo departamento da classifica\u00e7\u00e3o.<\/p>\nArt. 6\u00b0  Departamentos que tenham vagas docentes do quadro permanente desocupadas, sem concurso p\u00fablico aberto, n\u00e3o receber\u00e3o nova vaga, mesmo que atendam os crit\u00e9rios do art. 2\u00b0 desta Portaria.<\/p>\nArt. 7\u00b0  Departamentos com vagas adscritas para novos cursos de gradua\u00e7\u00e3o, acordadas previamente, n\u00e3o ser\u00e3o submetidos ao dimensionamento de departamentos para aloca\u00e7\u00e3o destas vagas docentes.<\/p>\nArt. 8\u00b0  Os crit\u00e9rios de dimensionamento definidos por esta Portaria Normativa ser\u00e3o reavaliados em 2 (dois) anos ou at\u00e9 a m\u00e9dia da CH docente dos departamentos, seguindo a 2a (segunda) regra do art. 2\u00b0 desta Portaria Normativa, atingir 20% (vinte por cento) a mais ou a menos da m\u00e9dia da CH do CCS, ap\u00f3s a publica\u00e7\u00e3o da presente Portaria Normativa.<\/p>\nArt. 9\u00b0  A inobserv\u00e2ncia ao disposto nesta Portaria Normativa n\u00e3o constitui escusa v\u00e1lida para o descumprimento da norma nem resulta em sua invalidade.<\/p>\nArt. 10.  Esta Portaria Normativa entra em vigor na data de sua assinatura, de acordo com o que prev\u00ea o par\u00e1grafo 2\u00b0 do art. 16 do Decreto N. 12.002, de 22 de abril de 2024.<\/p>\nPar\u00e1grafo \u00fanico. Havendo qualquer modifica\u00e7\u00e3o legislativa, ou ainda, havendo qualquer situa\u00e7\u00e3o legal que impacte na legalidade da presente Portaria Normativa, a mesma se aplica de imediato. <\/p>\n\n\n<br>\n<p><font color=\"black\"><div align=\"right\"> Maria Denise Schimith<\/div><\/font><\/p>\n<p><font color=\"black\"><div align=\"right\"> Diretora<\/div><\/font><\/p>\n<br>\n\n<p><font color=\"red0000\">Este texto n\u00e3o substitui o documento original, publicado no Portal de Documentos. Dispon\u00edvel em: <a href=\"https:\/\/portal.ufsm.br\/documentos\/publico\/documento.html?idDocumento=15223592\" target=\"_blank\"><font color=\"blue\">https:\/\/portal.ufsm.br\/documentos\/publico\/documento.html?idDocumento=15223592<\/font><\/a>.\n\n\t\t<\/div>\n\t\t\t\t<\/div>\n\t\t\t\t\t<\/div>\n\t\t<\/div>\n\t\t\t\t\t<\/div>\n\t\t<\/section>\n\t\t\t\t<\/div>\n\t\t","protected":false},"excerpt":{"rendered":"<p>MINIST\u00c9RIO DA EDUCA\u00c7\u00c3O UNIVERSIDADE FEDERAL DE SANTA MARIA CENTRO DE CI\u00caNCIAS DA SA\u00daDE PORTARIA NORMATIVA CCS\/UFSM N. 008, DE 02 DE OUTUBRO DE 2024. Define os crit\u00e9rios de dimensionamento dos departamentos did\u00e1ticos para fins de aloca\u00e7\u00e3o de vagas docentes, desocupadas e novas, do quadro permanente do Centro de Ci\u00eancias da Sa\u00fade (CCS) no \u00e2mbito da [&hellip;]<\/p>\n","protected":false},"author":1126,"featured_media":0,"parent":0,"menu_order":0,"comment_status":"closed","ping_status":"closed","template":"","meta":{"footnotes":""},"categories":[],"tags":[],"class_list":["post-7099","page","type-page","status-publish","hentry"],"acf":[],"_links":{"self":[{"href":"https:\/\/www.ufsm.br\/unidades-universitarias\/ccs\/wp-json\/wp\/v2\/pages\/7099","targetHints":{"allow":["GET"]}}],"collection":[{"href":"https:\/\/www.ufsm.br\/unidades-universitarias\/ccs\/wp-json\/wp\/v2\/pages"}],"about":[{"href":"https:\/\/www.ufsm.br\/unidades-universitarias\/ccs\/wp-json\/wp\/v2\/types\/page"}],"author":[{"embeddable":true,"href":"https:\/\/www.ufsm.br\/unidades-universitarias\/ccs\/wp-json\/wp\/v2\/users\/1126"}],"replies":[{"embeddable":true,"href":"https:\/\/www.ufsm.br\/unidades-universitarias\/ccs\/wp-json\/wp\/v2\/comments?post=7099"}],"version-history":[{"count":0,"href":"https:\/\/www.ufsm.br\/unidades-universitarias\/ccs\/wp-json\/wp\/v2\/pages\/7099\/revisions"}],"wp:attachment":[{"href":"https:\/\/www.ufsm.br\/unidades-universitarias\/ccs\/wp-json\/wp\/v2\/media?parent=7099"}],"wp:term":[{"taxonomy":"category","embeddable":true,"href":"https:\/\/www.ufsm.br\/unidades-universitarias\/ccs\/wp-json\/wp\/v2\/categories?post=7099"},{"taxonomy":"post_tag","embeddable":true,"href":"https:\/\/www.ufsm.br\/unidades-universitarias\/ccs\/wp-json\/wp\/v2\/tags?post=7099"}],"curies":[{"name":"wp","href":"https:\/\/api.w.org\/{rel}","templated":true}]}}