{"id":1354,"date":"2005-03-23T15:16:47","date_gmt":"2005-03-23T18:16:47","guid":{"rendered":"https:\/\/www.ufsm.br\/unidades-universitarias\/ccsh\/?post_type=eventos&#038;p=1354"},"modified":"2018-08-01T15:19:04","modified_gmt":"2018-08-01T18:19:04","slug":"sif","status":"publish","type":"eventos","link":"https:\/\/www.ufsm.br\/unidades-universitarias\/ccsh\/eventos\/sif","parent":0,"template":"","tags":[],"class_list":["post-1354","eventos","type-eventos","status-publish","has-post-thumbnail","hentry"],"acf":{"evento_nome":"I Simp\u00f3sio Internacional de Filosofia: Verdade como Valor","evento_inicio":"23\/03\/2005 00:00","evento_termino":"25\/03\/2005 00:00","evento_banner":{"ID":1355,"id":1355,"title":"ufsm","filename":"ufsm.jpg","filesize":135122,"url":"https:\/\/www.ufsm.br\/app\/uploads\/sites\/372\/2018\/08\/ufsm.jpg","link":"https:\/\/www.ufsm.br\/unidades-universitarias\/ccsh\/eventos\/sif\/ufsm-3","alt":"","author":"124","description":"","caption":"","name":"ufsm-3","status":"inherit","uploaded_to":1354,"date":"2018-08-01 18:16:00","modified":"2018-08-01 18:16:00","menu_order":0,"mime_type":"image\/jpeg","type":"image","subtype":"jpeg","icon":"https:\/\/www.ufsm.br\/unidades-universitarias\/ccsh\/wp-includes\/images\/media\/default.png","width":900,"height":569,"sizes":{"thumbnail":"https:\/\/www.ufsm.br\/app\/uploads\/sites\/372\/2018\/08\/ufsm-150x150.jpg","thumbnail-width":150,"thumbnail-height":150,"medium":"https:\/\/www.ufsm.br\/app\/uploads\/sites\/372\/2018\/08\/ufsm-300x190.jpg","medium-width":300,"medium-height":190,"medium_large":"https:\/\/www.ufsm.br\/app\/uploads\/sites\/372\/2018\/08\/ufsm-768x486.jpg","medium_large-width":768,"medium_large-height":486,"large":"https:\/\/www.ufsm.br\/app\/uploads\/sites\/372\/2018\/08\/ufsm.jpg","large-width":900,"large-height":569,"1536x1536":"https:\/\/www.ufsm.br\/app\/uploads\/sites\/372\/2018\/08\/ufsm.jpg","1536x1536-width":900,"1536x1536-height":569,"2048x2048":"https:\/\/www.ufsm.br\/app\/uploads\/sites\/372\/2018\/08\/ufsm.jpg","2048x2048-width":900,"2048x2048-height":569,"sow-carousel-default":"https:\/\/www.ufsm.br\/app\/uploads\/sites\/372\/2018\/08\/ufsm-272x182.jpg","sow-carousel-default-width":272,"sow-carousel-default-height":182}},"endereco_url":"sif","evento_categoria":"T\u00c9CNICO-CIENT\u00cdFICOS","evento_descricao":"<p class=\"style1\" align=\"justify\">O\u00a0<strong>I Simp\u00f3sio Internacional de Filosofia: Verdade como Valor<\/strong>origina-se da converg\u00eancia de projetos desenvolvidos no Programa de P\u00f3s-gradua\u00e7\u00e3o em Filosofia da UFSM. Os resultados destes projetos foram apresentados em Semin\u00e1rios de Filosofia de \u00e2mbito nacional organizados na UFSM ao longo dos \u00faltimos nove anos. Destaca-se, por exemplo, os\u00a0<strong>Semin\u00e1rios de Filosofia Hermen\u00eautica\u00a0<\/strong>(1996, 1997 e 1998), e\u00a0<strong>O Semin\u00e1rio de Filosofia: Sobre a Mem\u00f3ria\u00a0<\/strong>, al\u00e9m das oito edi\u00e7\u00f5es do\u00a0<strong>Col\u00f3quio Conesul de Filosofia das Ci\u00eancias Formais\u00a0<\/strong>.<\/p>\n<p class=\"style1\" align=\"justify\">Com a realiza\u00e7\u00e3o do Simp\u00f3sio de Filosofia \u201cVerdade como Valor\u201d busca-se a tematiza\u00e7\u00e3o de um t\u00f3pico central para a filosofia te\u00f3rica, a filosofia da linguagem e da l\u00f3gica, para a teoria do conhecimento e a epistemologia, e tamb\u00e9m para a ontologia, a saber: o conceito de verdade. O desdobramento da tem\u00e1tica ser\u00e1 feita em conex\u00e3o com o conceito de valor, o que implica a expl\u00edcita vincula\u00e7\u00e3o com a assim chamada filosofia do valor, originada no contexto n\u00e3o idealista, e desenvolvida na obra de Lotze, Windelband, Rickert e Lask. De um ponto de vista hist\u00f3rico, portanto, o Simp\u00f3sio de Filosofia Verdade como Valor situa-se na g\u00eanese das mais importantes tradi\u00e7\u00f5es filos\u00f3ficas do s\u00e9culo XX, em particular da fenomenologia e da filosofia anal\u00edtica.<\/p>\n<p class=\"style1\" align=\"justify\">De um ponto de vista tem\u00e1tico, o conceito de valor aparece como no\u00e7\u00e3o central na assim chamada\u00a0<em>L\u00f3gica da Validade\u00a0<\/em>, pois n\u00e3o apenas permite distinguir o \u00e2mbito pr\u00f3prio da L\u00f3gica em rela\u00e7\u00e3o \u00e0s abordagens psicologistas, mas define a pr\u00f3pria natureza da atividade filos\u00f3fica, entendida como uma investiga\u00e7\u00e3o sistem\u00e1tica sobre as normas garantidoras da validade em todos os dom\u00ednios em que aparecessem pretens\u00f5es de validade: te\u00f3rico, \u00e9tico, est\u00e9tico, etc. Nesta dire\u00e7\u00e3o, o conceito de verdade, ligado \u00e0 no\u00e7\u00e3o de um sentido v\u00e1lido portador de um valor de verdade, est\u00e1 na base da edifica\u00e7\u00e3o de um tratamento filos\u00f3fico n\u00e3o redut\u00edvel a conceitos extra-filos\u00f3ficos (psicol\u00f3gicos, sociol\u00f3gicos ou biol\u00f3gicos). Em suma, o conceito de valor \u00e9 o foco da aten\u00e7\u00e3o de diferentes tradi\u00e7\u00f5es filos\u00f3ficas: seja na caracteriza\u00e7\u00e3o de um valor de verdade, na delimita\u00e7\u00e3o de um \u00e2mbito objetivo de valores (com implica\u00e7\u00f5es \u00e9ticas e pol\u00edticas evidentes), ou mesmo nas suspeitas cr\u00edticas em rela\u00e7\u00e3o \u00e0 ontologia e \u00e0 epistemologia dos valores. A busca de termos de compara\u00e7\u00e3o para estas discuss\u00f5es determina a relev\u00e2ncia hist\u00f3rica e sistem\u00e1tica do Simp\u00f3sio de Filosofia: Verdade como Valor.<\/p>\n","evento_programacao":"<p class=\"style3\"><strong>23\/03\/05 Quarta-feira<\/strong><\/p>\n<p class=\"style1\"><strong>14:00<\/strong>\u00a0<strong>Abertura<\/strong><\/p>\n<p class=\"style1\"><strong>14:30<\/strong>\u00a0Confer\u00eancia:<\/p>\n<h4 class=\"style2\"><span style=\"font-family: Verdana;\"><strong>Heidegger y la cr\u00edtica a la noci\u00f3n de valor: Metaf\u00edsica de los valores y acaecer de verdad<\/strong><\/span><\/h4>\n<p class=\"style1\">Carlos Gutierrez (Uniandes\/Col\u00f4mbia)<\/p>\n<p class=\"style1\"><strong>16:30<\/strong>\u00a0Intervalo &#8211; 30 min.<\/p>\n<p class=\"style1\"><strong>17:00<\/strong>\u00a0Palestra:<\/p>\n<h4 class=\"style2\"><span style=\"font-family: Verdana;\"><strong>Verdade e Ju\u00edzo de Valor<\/strong><\/span><\/h4>\n<p class=\"style1\">Luiz Carlos Pereira (PUCRJ)<\/p>\n<p class=\"style1\"><strong>18:15<\/strong>\u00a0Intervalo &#8211; 15 min.<\/p>\n<p class=\"style1\"><strong>18:30<\/strong>\u00a0Confer\u00eancia:<\/p>\n<h4 class=\"style2\"><span style=\"font-family: Verdana;\"><strong>The constitution of truth as a value<\/strong><\/span><\/h4>\n<p class=\"style1\">Michael kober (Universit\u00e4t Freiburg\/Alemanha)<\/p>\n<p class=\"style1\"><span class=\"style3\"><strong>24\/03\/05 Quinta-feira<\/strong><\/span><\/p>\n<p class=\"style1\"><strong>10:30<\/strong>\u00a0Palestra:<\/p>\n<h4 class=\"style2\"><span style=\"font-family: Verdana;\"><strong>Verdade matem\u00e1tica e c\u00e1lculo<\/strong><\/span><\/h4>\n<p class=\"style1\">Abel Lassale Casanave (UFSM)<\/p>\n<p class=\"style1\"><strong>12:00<\/strong>\u00a0Almo\u00e7o<\/p>\n<p class=\"style1\"><strong>14:00<\/strong>\u00a0Palestra:<\/p>\n<h4 class=\"style2\"><span style=\"font-family: Verdana;\"><strong>O verdadeiro, o bom e o belo em Frege<\/strong><\/span><\/h4>\n<p class=\"style1\">Marco Rufino (UFRJ)<\/p>\n<p class=\"style1\"><strong>15:15<\/strong>\u00a0Intervalo &#8211; 15 min.<\/p>\n<p class=\"style1\"><strong>15:30<\/strong>\u00a0Palestra:<\/p>\n<h4 class=\"style2\"><span style=\"font-family: Verdana;\"><strong>Frege: sobre a significa\u00e7\u00e3o cient\u00edfica do conceito de verdade.<\/strong><\/span><\/h4>\n<p class=\"style1\">Dirk Greimann (UFSM)<\/p>\n<p class=\"style1\"><strong>16:45<\/strong>\u00a0Intervalo &#8211; 15 min.<\/p>\n<p class=\"style1\"><strong>17:00<\/strong>\u00a0Palestra:<\/p>\n<h4 class=\"style2\"><span style=\"font-family: Verdana;\"><strong>Frege e o neokantismo<\/strong><\/span><\/h4>\n<p class=\"style1\">Mario Ariel Porta (PUCSP)<\/p>\n<p class=\"style1\"><strong>18:15<\/strong>\u00a0Intervalo &#8211; 45 min.<\/p>\n<p class=\"style1\"><strong>19:00<\/strong>\u00a0Confer\u00eancia:<\/p>\n<h4 class=\"style2\"><span style=\"font-family: Verdana;\"><strong>Verdad y validez em Emil Lask.<\/strong><\/span><\/h4>\n<p class=\"style1\">Alejandro Vigo (PUC-Santiago\/Chile)<\/p>\n<p class=\"style1\"><strong><span class=\"style3\">25\/03\/05 Sexta-feira<\/span><\/strong><\/p>\n<p class=\"style1\"><strong>10:30<\/strong>\u00a0Palestra:<\/p>\n<h4 class=\"style2\"><span style=\"font-family: Verdana;\"><strong>A preserva\u00e7\u00e3o da verdade<\/strong><\/span><\/h4>\n<p class=\"style1\">Paulo Faria (UFRGS)<\/p>\n<p class=\"style1\"><strong>12:00<\/strong>\u00a0Almo\u00e7o:<\/p>\n<p class=\"style1\"><strong>14:30<\/strong>\u00a0Palestra:<\/p>\n<h4 class=\"style2\"><span style=\"font-family: Verdana;\"><strong>Verdade: experi\u00eancia e ideal<\/strong><\/span><\/h4>\n<p class=\"style1\">Jairo Jos\u00e9 da Silva (UNESP)<\/p>\n<p class=\"style1\"><strong>15:45<\/strong>\u00a0Intervalo &#8211; 15 min.<\/p>\n<p class=\"style1\"><strong>16:00<\/strong>\u00a0Palestra:<\/p>\n<h4 class=\"style2\"><span style=\"font-family: Verdana;\"><strong>Heidegger: Verdade, desocultamento e normatividade<\/strong><\/span><\/h4>\n<p class=\"style1\">R\u00f3bson Ramos dos Reis (UFSM)<\/p>\n<p class=\"style1\"><strong>17:15<\/strong>\u00a0Intervalo &#8211; 30 min.<\/p>\n<p class=\"style1\"><strong>17:45<\/strong>\u00a0Confer\u00eancia:<\/p>\n<h4 class=\"style2\"><span style=\"font-family: Verdana;\"><strong>Davidson, verdad y correspondencia.<\/strong><\/span><\/h4>\n<p class=\"style1\">Carlos Enrique Caorsi Pigurina (Universidad de La Republica\/Uruguay)<\/p>\n","evento_inscricao":"<p>Inscri\u00e7\u00f5es encerradas.<\/p>\n","evento_local":"Itaimb\u00e9 Palace Hotel","evento_contato":"<p>Telefone:\u00a0(55) 3220-8462<\/p>\n"},"_links":{"self":[{"href":"https:\/\/www.ufsm.br\/unidades-universitarias\/ccsh\/wp-json\/wp\/v2\/eventos\/1354","targetHints":{"allow":["GET"]}}],"collection":[{"href":"https:\/\/www.ufsm.br\/unidades-universitarias\/ccsh\/wp-json\/wp\/v2\/eventos"}],"about":[{"href":"https:\/\/www.ufsm.br\/unidades-universitarias\/ccsh\/wp-json\/wp\/v2\/types\/eventos"}],"wp:featuredmedia":[{"embeddable":true,"href":"https:\/\/www.ufsm.br\/unidades-universitarias\/ccsh\/wp-json\/wp\/v2\/media\/1355"}],"wp:attachment":[{"href":"https:\/\/www.ufsm.br\/unidades-universitarias\/ccsh\/wp-json\/wp\/v2\/media?parent=1354"}],"wp:term":[{"taxonomy":"post_tag","embeddable":true,"href":"https:\/\/www.ufsm.br\/unidades-universitarias\/ccsh\/wp-json\/wp\/v2\/tags?post=1354"}],"curies":[{"name":"wp","href":"https:\/\/api.w.org\/{rel}","templated":true}]}}

I Simpósio Internacional de Filosofia: Verdade como Valor

TÉCNICO-CIENTÍFICOS

<p class="style1" align="justify">O <strong>I Simpósio Internacional de Filosofia: Verdade como Valor</strong>origina-se da convergência de projetos desenvolvidos no Programa de Pós-graduação em Filosofia da UFSM. Os resultados destes projetos foram apresentados em Seminários de Filosofia de âmbito nacional organizados na UFSM ao longo dos últimos nove anos. Destaca-se, por exemplo, os <strong>Seminários de Filosofia Hermenêutica </strong>(1996, 1997 e 1998), e <strong>O Seminário de Filosofia: Sobre a Memória </strong>, além das oito edições do <strong>Colóquio Conesul de Filosofia das Ciências Formais </strong>.</p>
<p class="style1" align="justify">Com a realização do Simpósio de Filosofia “Verdade como Valor” busca-se a tematização de um tópico central para a filosofia teórica, a filosofia da linguagem e da lógica, para a teoria do conhecimento e a epistemologia, e também para a ontologia, a saber: o conceito de verdade. O desdobramento da temática será feita em conexão com o conceito de valor, o que implica a explícita vinculação com a assim chamada filosofia do valor, originada no contexto não idealista, e desenvolvida na obra de Lotze, Windelband, Rickert e Lask. De um ponto de vista histórico, portanto, o Simpósio de Filosofia Verdade como Valor situa-se na gênese das mais importantes tradições filosóficas do século XX, em particular da fenomenologia e da filosofia analítica.</p>
<p class="style1" align="justify">De um ponto de vista temático, o conceito de valor aparece como noção central na assim chamada <em>Lógica da Validade </em>, pois não apenas permite distinguir o âmbito próprio da Lógica em relação às abordagens psicologistas, mas define a própria natureza da atividade filosófica, entendida como uma investigação sistemática sobre as normas garantidoras da validade em todos os domínios em que aparecessem pretensões de validade: teórico, ético, estético, etc. Nesta direção, o conceito de verdade, ligado à noção de um sentido válido portador de um valor de verdade, está na base da edificação de um tratamento filosófico não redutível a conceitos extra-filosóficos (psicológicos, sociológicos ou biológicos). Em suma, o conceito de valor é o foco da atenção de diferentes tradições filosóficas: seja na caracterização de um valor de verdade, na delimitação de um âmbito objetivo de valores (com implicações éticas e políticas evidentes), ou mesmo nas suspeitas críticas em relação à ontologia e à epistemologia dos valores. A busca de termos de comparação para estas discussões determina a relevância histórica e sistemática do Simpósio de Filosofia: Verdade como Valor.</p>

<p class="style3"><strong>23/03/05 Quarta-feira</strong></p>
<p class="style1"><strong>14:00</strong> <strong>Abertura</strong></p>
<p class="style1"><strong>14:30</strong> Conferência:</p>
<h4 class="style2"><span style="font-family: Verdana;"><strong>Heidegger y la crítica a la noción de valor: Metafísica de los valores y acaecer de verdad</strong></span></h4>
<p class="style1">Carlos Gutierrez (Uniandes/Colômbia)</p>
<p class="style1"><strong>16:30</strong> Intervalo &#8211; 30 min.</p>
<p class="style1"><strong>17:00</strong> Palestra:</p>
<h4 class="style2"><span style="font-family: Verdana;"><strong>Verdade e Juízo de Valor</strong></span></h4>
<p class="style1">Luiz Carlos Pereira (PUCRJ)</p>
<p class="style1"><strong>18:15</strong> Intervalo &#8211; 15 min.</p>
<p class="style1"><strong>18:30</strong> Conferência:</p>
<h4 class="style2"><span style="font-family: Verdana;"><strong>The constitution of truth as a value</strong></span></h4>
<p class="style1">Michael kober (Universität Freiburg/Alemanha)</p>
<p class="style1"><span class="style3"><strong>24/03/05 Quinta-feira</strong></span></p>
<p class="style1"><strong>10:30</strong> Palestra:</p>
<h4 class="style2"><span style="font-family: Verdana;"><strong>Verdade matemática e cálculo</strong></span></h4>
<p class="style1">Abel Lassale Casanave (UFSM)</p>
<p class="style1"><strong>12:00</strong> Almoço</p>
<p class="style1"><strong>14:00</strong> Palestra:</p>
<h4 class="style2"><span style="font-family: Verdana;"><strong>O verdadeiro, o bom e o belo em Frege</strong></span></h4>
<p class="style1">Marco Rufino (UFRJ)</p>
<p class="style1"><strong>15:15</strong> Intervalo &#8211; 15 min.</p>
<p class="style1"><strong>15:30</strong> Palestra:</p>
<h4 class="style2"><span style="font-family: Verdana;"><strong>Frege: sobre a significação científica do conceito de verdade.</strong></span></h4>
<p class="style1">Dirk Greimann (UFSM)</p>
<p class="style1"><strong>16:45</strong> Intervalo &#8211; 15 min.</p>
<p class="style1"><strong>17:00</strong> Palestra:</p>
<h4 class="style2"><span style="font-family: Verdana;"><strong>Frege e o neokantismo</strong></span></h4>
<p class="style1">Mario Ariel Porta (PUCSP)</p>
<p class="style1"><strong>18:15</strong> Intervalo &#8211; 45 min.</p>
<p class="style1"><strong>19:00</strong> Conferência:</p>
<h4 class="style2"><span style="font-family: Verdana;"><strong>Verdad y validez em Emil Lask.</strong></span></h4>
<p class="style1">Alejandro Vigo (PUC-Santiago/Chile)</p>
<p class="style1"><strong><span class="style3">25/03/05 Sexta-feira</span></strong></p>
<p class="style1"><strong>10:30</strong> Palestra:</p>
<h4 class="style2"><span style="font-family: Verdana;"><strong>A preservação da verdade</strong></span></h4>
<p class="style1">Paulo Faria (UFRGS)</p>
<p class="style1"><strong>12:00</strong> Almoço:</p>
<p class="style1"><strong>14:30</strong> Palestra:</p>
<h4 class="style2"><span style="font-family: Verdana;"><strong>Verdade: experiência e ideal</strong></span></h4>
<p class="style1">Jairo José da Silva (UNESP)</p>
<p class="style1"><strong>15:45</strong> Intervalo &#8211; 15 min.</p>
<p class="style1"><strong>16:00</strong> Palestra:</p>
<h4 class="style2"><span style="font-family: Verdana;"><strong>Heidegger: Verdade, desocultamento e normatividade</strong></span></h4>
<p class="style1">Róbson Ramos dos Reis (UFSM)</p>
<p class="style1"><strong>17:15</strong> Intervalo &#8211; 30 min.</p>
<p class="style1"><strong>17:45</strong> Conferência:</p>
<h4 class="style2"><span style="font-family: Verdana;"><strong>Davidson, verdad y correspondencia.</strong></span></h4>
<p class="style1">Carlos Enrique Caorsi Pigurina (Universidad de La Republica/Uruguay)</p>

<p>Inscrições encerradas.</p>

Itaimbé Palace Hotel
