{"id":3381,"date":"2022-10-18T16:06:26","date_gmt":"2022-10-18T19:06:26","guid":{"rendered":"https:\/\/www.ufsm.br\/unidades-universitarias\/ccsh\/?page_id=3381"},"modified":"2026-03-31T09:45:42","modified_gmt":"2026-03-31T12:45:42","slug":"subdivisao-de-concursos-e-promocoes","status":"publish","type":"page","link":"https:\/\/www.ufsm.br\/unidades-universitarias\/ccsh\/subdivisao-de-concursos-e-promocoes","title":{"rendered":"Subdivis\u00e3o de Concursos e Promo\u00e7\u00f5es"},"content":{"rendered":"\t\t<div data-elementor-type=\"wp-page\" data-elementor-id=\"3381\" class=\"elementor elementor-3381\">\n\t\t\t\t\t\t<section class=\"elementor-section elementor-top-section elementor-element elementor-element-4d9771d5 elementor-section-boxed elementor-section-height-default elementor-section-height-default\" data-id=\"4d9771d5\" data-element_type=\"section\">\n\t\t\t\t\t\t<div class=\"elementor-container elementor-column-gap-default\">\n\t\t\t\t\t<div class=\"elementor-column elementor-col-100 elementor-top-column elementor-element elementor-element-4199ac77\" data-id=\"4199ac77\" data-element_type=\"column\">\n\t\t\t<div class=\"elementor-widget-wrap elementor-element-populated\">\n\t\t\t\t\t\t<div class=\"elementor-element elementor-element-39a20bd4 elementor-widget elementor-widget-text-editor\" data-id=\"39a20bd4\" data-element_type=\"widget\" data-widget_type=\"text-editor.default\">\n\t\t\t\t<div class=\"elementor-widget-container\">\n\t\t\t\t\t\t\t<!-- wp:tadv\/classic-paragraph -->\n<div>\u00c0 Subdivis\u00e3o de Concursos e Promo\u00e7\u00f5es do CCSH, al\u00e9m das compet\u00eancias gerais correspondentes constantes no Regimento Geral, compete:<\/div>\n<p>I &#8211; acompanhar junto \u00e0s subunidades da Unidade de Ensino \u00e0s demandas de servidores realizando, com o apoio das unidades competentes, a an\u00e1lise inicial de descri\u00e7\u00e3o de cargo demandadas e as compet\u00eancias das respectivas unidades, produzindo os relat\u00f3rios e instrumentos necess\u00e1rios para dar suporte \u00e0s tomadas de decis\u00e3o referente a gest\u00e3o de pessoas na Unidade de Ensino;<br \/>II &#8211; propor, no \u00e2mbito da Unidade de Ensino, as adequa\u00e7\u00f5es necess\u00e1rias para a gest\u00e3o e acompanhamento eficiente, eficaz e tempestivo de servidores; e,<br \/>III &#8211; realizar o apoio t\u00e9cnico necess\u00e1rio a realiza\u00e7\u00e3o de concursos e sele\u00e7\u00f5es de docentes no \u00e2mbito da unidade em conson\u00e2ncia com as compet\u00eancias dos Departamentos Did\u00e1ticos e Secretaria Integrada de Departamentos.<\/p>\n<div>IV &#8211; secretariar as bancas de promo\u00e7\u00f5es\/progress\u00f5es dos docentes do CCSH.<\/div>\n<div>\u00a0<\/div>\n<div>Essa Subdivis\u00e3o integra a <a href=\"https:\/\/www.ufsm.br\/unidades-universitarias\/ccsh\/secretaria-integrada-de-departamentos\">Secretaria Integrada de Departamentos<\/a> do CCSH.<\/div>\n<!-- \/wp:tadv\/classic-paragraph -->\t\t\t\t\t\t<\/div>\n\t\t\t\t<\/div>\n\t\t\t\t\t<\/div>\n\t\t<\/div>\n\t\t\t\t\t<\/div>\n\t\t<\/section>\n\t\t\t\t<section class=\"elementor-section elementor-top-section elementor-element elementor-element-18c2782 elementor-section-boxed elementor-section-height-default elementor-section-height-default\" data-id=\"18c2782\" data-element_type=\"section\">\n\t\t\t\t\t\t<div class=\"elementor-container elementor-column-gap-default\">\n\t\t\t\t\t<div class=\"elementor-column elementor-col-50 elementor-top-column elementor-element elementor-element-cdbbcab\" data-id=\"cdbbcab\" data-element_type=\"column\">\n\t\t\t<div class=\"elementor-widget-wrap elementor-element-populated\">\n\t\t\t\t\t\t<div class=\"elementor-element elementor-element-be5da72 elementor-widget-divider--view-line elementor-widget elementor-widget-divider\" data-id=\"be5da72\" data-element_type=\"widget\" data-widget_type=\"divider.default\">\n\t\t\t\t<div class=\"elementor-widget-container\">\n\t\t\t\t\t<div class=\"elementor-divider\">\n\t\t\t<span class=\"elementor-divider-separator\">\n\t\t\t\t\t\t<\/span>\n\t\t<\/div>\n\t\t\t\t<\/div>\n\t\t\t\t<\/div>\n\t\t\t\t\t<\/div>\n\t\t<\/div>\n\t\t\t\t<div class=\"elementor-column elementor-col-50 elementor-top-column elementor-element elementor-element-f2f98da\" data-id=\"f2f98da\" data-element_type=\"column\">\n\t\t\t<div class=\"elementor-widget-wrap elementor-element-populated\">\n\t\t\t\t\t\t<div class=\"elementor-element elementor-element-3c7764a elementor-widget-divider--view-line elementor-widget elementor-widget-divider\" data-id=\"3c7764a\" data-element_type=\"widget\" data-widget_type=\"divider.default\">\n\t\t\t\t<div class=\"elementor-widget-container\">\n\t\t\t\t\t<div class=\"elementor-divider\">\n\t\t\t<span class=\"elementor-divider-separator\">\n\t\t\t\t\t\t<\/span>\n\t\t<\/div>\n\t\t\t\t<\/div>\n\t\t\t\t<\/div>\n\t\t\t\t\t<\/div>\n\t\t<\/div>\n\t\t\t\t\t<\/div>\n\t\t<\/section>\n\t\t\t\t<section class=\"elementor-section elementor-top-section elementor-element elementor-element-93ccd23 elementor-section-boxed elementor-section-height-default elementor-section-height-default\" data-id=\"93ccd23\" data-element_type=\"section\">\n\t\t\t\t\t\t<div class=\"elementor-container elementor-column-gap-default\">\n\t\t\t\t\t<div class=\"elementor-column elementor-col-50 elementor-top-column elementor-element elementor-element-3aa0227\" data-id=\"3aa0227\" data-element_type=\"column\">\n\t\t\t<div class=\"elementor-widget-wrap elementor-element-populated\">\n\t\t\t\t\t\t<div class=\"elementor-element elementor-element-1a86011 elementor-widget elementor-widget-text-editor\" data-id=\"1a86011\" data-element_type=\"widget\" data-widget_type=\"text-editor.default\">\n\t\t\t\t<div class=\"elementor-widget-container\">\n\t\t\t\t\t\t\t<p><span style=\"color: #1c1c1c;font-size: 16px\"><b>EQUIPE<br \/><\/b><\/span>Luciany Abreu de Mello\u00a0(Chefe de Subdivis\u00e3o)<\/p>\t\t\t\t\t\t<\/div>\n\t\t\t\t<\/div>\n\t\t\t\t\t<\/div>\n\t\t<\/div>\n\t\t\t\t<div class=\"elementor-column elementor-col-50 elementor-top-column elementor-element elementor-element-3805248\" data-id=\"3805248\" data-element_type=\"column\">\n\t\t\t<div class=\"elementor-widget-wrap elementor-element-populated\">\n\t\t\t\t\t\t<div class=\"elementor-element elementor-element-744f581 elementor-widget elementor-widget-text-editor\" data-id=\"744f581\" data-element_type=\"widget\" data-widget_type=\"text-editor.default\">\n\t\t\t\t<div class=\"elementor-widget-container\">\n\t\t\t\t\t\t\t<p><span style=\"color: #1c1c1c\"><b>CONTATO<br \/><\/b><\/span><span style=\"color: #1c1c1c;font-size: 16px\">(55) 3178 0582<\/span><span style=\"color: #1c1c1c;font-size: 16px\"><br \/><\/span><span style=\"color: #1c1c1c;font-size: 16px\">concurso.ccsh@ufsm.br<\/span><\/p>\n<p><span style=\"color: #1c1c1c;font-size: 16px\"><b>LOCALIZA\u00c7\u00c3O<br \/><\/b><\/span><span style=\"color: #1c1c1c;font-size: 16px\">Pr\u00e9dio 74C, Sala 4122<br \/><\/span><span style=\"color: #1c1c1c;font-size: 16px\">Campus UFSM<\/span><\/p>\t\t\t\t\t\t<\/div>\n\t\t\t\t<\/div>\n\t\t\t\t\t<\/div>\n\t\t<\/div>\n\t\t\t\t\t<\/div>\n\t\t<\/section>\n\t\t\t\t<\/div>\n\t\t","protected":false},"excerpt":{"rendered":"<p>\u00c0 Subdivis\u00e3o de Concursos e Promo\u00e7\u00f5es do CCSH, al\u00e9m das compet\u00eancias gerais correspondentes constantes no Regimento Geral, compete: I &#8211; acompanhar junto \u00e0s subunidades da Unidade de Ensino \u00e0s demandas de servidores realizando, com o apoio das unidades competentes, a an\u00e1lise inicial de descri\u00e7\u00e3o de cargo demandadas e as compet\u00eancias das respectivas unidades, produzindo os [&hellip;]<\/p>\n","protected":false},"author":274,"featured_media":0,"parent":0,"menu_order":0,"comment_status":"closed","ping_status":"closed","template":"","meta":{"footnotes":""},"categories":[],"tags":[],"class_list":["post-3381","page","type-page","status-publish","hentry"],"acf":[],"_links":{"self":[{"href":"https:\/\/www.ufsm.br\/unidades-universitarias\/ccsh\/wp-json\/wp\/v2\/pages\/3381","targetHints":{"allow":["GET"]}}],"collection":[{"href":"https:\/\/www.ufsm.br\/unidades-universitarias\/ccsh\/wp-json\/wp\/v2\/pages"}],"about":[{"href":"https:\/\/www.ufsm.br\/unidades-universitarias\/ccsh\/wp-json\/wp\/v2\/types\/page"}],"author":[{"embeddable":true,"href":"https:\/\/www.ufsm.br\/unidades-universitarias\/ccsh\/wp-json\/wp\/v2\/users\/274"}],"replies":[{"embeddable":true,"href":"https:\/\/www.ufsm.br\/unidades-universitarias\/ccsh\/wp-json\/wp\/v2\/comments?post=3381"}],"version-history":[{"count":0,"href":"https:\/\/www.ufsm.br\/unidades-universitarias\/ccsh\/wp-json\/wp\/v2\/pages\/3381\/revisions"}],"wp:attachment":[{"href":"https:\/\/www.ufsm.br\/unidades-universitarias\/ccsh\/wp-json\/wp\/v2\/media?parent=3381"}],"wp:term":[{"taxonomy":"category","embeddable":true,"href":"https:\/\/www.ufsm.br\/unidades-universitarias\/ccsh\/wp-json\/wp\/v2\/categories?post=3381"},{"taxonomy":"post_tag","embeddable":true,"href":"https:\/\/www.ufsm.br\/unidades-universitarias\/ccsh\/wp-json\/wp\/v2\/tags?post=3381"}],"curies":[{"name":"wp","href":"https:\/\/api.w.org\/{rel}","templated":true}]}}