{"id":3451,"date":"2022-12-05T11:55:15","date_gmt":"2022-12-05T14:55:15","guid":{"rendered":"https:\/\/www.ufsm.br\/unidades-universitarias\/ccsh\/?page_id=3451"},"modified":"2024-11-26T10:48:31","modified_gmt":"2024-11-26T13:48:31","slug":"subdivisao-de-avaliacao-e-divulgacao","status":"publish","type":"page","link":"https:\/\/www.ufsm.br\/unidades-universitarias\/ccsh\/subdivisao-de-avaliacao-e-divulgacao","title":{"rendered":"Subdivis\u00e3o de Avalia\u00e7\u00e3o e Divulga\u00e7\u00e3o"},"content":{"rendered":"\n<p>\u00c0 Subdivis\u00e3o de Avalia\u00e7\u00e3o e Divulga\u00e7\u00e3o das P\u00f3s-Gradua\u00e7\u00f5es do CCSH, al\u00e9m das compet\u00eancias gerais correspondentes constantes no Regimento Geral, compete:<br \/>I &#8211; Atualizar e realizar a manuten\u00e7\u00e3o das p\u00e1ginas oficiais dos programas de p\u00f3s-gradua\u00e7\u00e3o do CCSH;<br \/>II &#8211; Auxiliar na divulga\u00e7\u00e3o de bancas de qualifica\u00e7\u00e3o e de defesa dos programas de p\u00f3s-gradua\u00e7\u00e3o do<br \/>CCSH;<br \/>III &#8211; Auxiliar na divulga\u00e7\u00e3o dos eventos e editais de ingresso dos programas de p\u00f3s-gradua\u00e7\u00e3o;<br \/>IV &#8211; Auxiliar na compila\u00e7\u00e3o dos dados para avalia\u00e7\u00e3o dos cursos de p\u00f3s-gradua\u00e7\u00e3o;<\/p>\n<p><br \/>Essa Secretaria integra a <a href=\"https:\/\/www.ufsm.br\/unidades-universitarias\/ccsh\/secretaria-integrada-de-pos-graduacao\/\">Secretaria Integrada dos Cursos de P\u00f3s-Gradua\u00e7\u00e3o<\/a> do CCSH.<\/p>\n<p><br \/>SERVIDORES<br \/>Jane Santos da Silva (Chefe da Subdivis\u00e3o)<br \/>Moara Roggia Schio Farret<br \/>Guilherme Cargnelutti Moreira<\/p>\n<p><br \/>CONTATO<br \/>Fone: (55) 3220 6117<br \/>E-mail:\u00a0 avaliacaopos.ccsh@ufsm.br<\/p>\n<p>LOCALIZA\u00c7\u00c3O<br \/>Pr\u00e9dio 74A, sala 2308<br \/>Campus UFSM<\/p>\n","protected":false},"excerpt":{"rendered":"<p>\u00c0 Subdivis\u00e3o de Avalia\u00e7\u00e3o e Divulga\u00e7\u00e3o das P\u00f3s-Gradua\u00e7\u00f5es do CCSH, al\u00e9m das compet\u00eancias gerais correspondentes constantes no Regimento Geral, compete:I &#8211; Atualizar e realizar a manuten\u00e7\u00e3o das p\u00e1ginas oficiais dos programas de p\u00f3s-gradua\u00e7\u00e3o do CCSH;II &#8211; Auxiliar na divulga\u00e7\u00e3o de bancas de qualifica\u00e7\u00e3o e de defesa dos programas de p\u00f3s-gradua\u00e7\u00e3o doCCSH;III &#8211; Auxiliar na divulga\u00e7\u00e3o [&hellip;]<\/p>\n","protected":false},"author":274,"featured_media":0,"parent":0,"menu_order":0,"comment_status":"closed","ping_status":"closed","template":"","meta":{"footnotes":""},"categories":[],"tags":[],"class_list":["post-3451","page","type-page","status-publish","hentry"],"acf":[],"_links":{"self":[{"href":"https:\/\/www.ufsm.br\/unidades-universitarias\/ccsh\/wp-json\/wp\/v2\/pages\/3451","targetHints":{"allow":["GET"]}}],"collection":[{"href":"https:\/\/www.ufsm.br\/unidades-universitarias\/ccsh\/wp-json\/wp\/v2\/pages"}],"about":[{"href":"https:\/\/www.ufsm.br\/unidades-universitarias\/ccsh\/wp-json\/wp\/v2\/types\/page"}],"author":[{"embeddable":true,"href":"https:\/\/www.ufsm.br\/unidades-universitarias\/ccsh\/wp-json\/wp\/v2\/users\/274"}],"replies":[{"embeddable":true,"href":"https:\/\/www.ufsm.br\/unidades-universitarias\/ccsh\/wp-json\/wp\/v2\/comments?post=3451"}],"version-history":[{"count":0,"href":"https:\/\/www.ufsm.br\/unidades-universitarias\/ccsh\/wp-json\/wp\/v2\/pages\/3451\/revisions"}],"wp:attachment":[{"href":"https:\/\/www.ufsm.br\/unidades-universitarias\/ccsh\/wp-json\/wp\/v2\/media?parent=3451"}],"wp:term":[{"taxonomy":"category","embeddable":true,"href":"https:\/\/www.ufsm.br\/unidades-universitarias\/ccsh\/wp-json\/wp\/v2\/categories?post=3451"},{"taxonomy":"post_tag","embeddable":true,"href":"https:\/\/www.ufsm.br\/unidades-universitarias\/ccsh\/wp-json\/wp\/v2\/tags?post=3451"}],"curies":[{"name":"wp","href":"https:\/\/api.w.org\/{rel}","templated":true}]}}