{"id":12892,"date":"2026-08-13T10:52:24","date_gmt":"2026-08-13T13:52:24","guid":{"rendered":"https:\/\/www.ufsm.br\/unidades-universitarias\/ce\/?post_type=eventos&#038;p=12892"},"modified":"2026-08-13T10:52:26","modified_gmt":"2026-08-13T13:52:26","slug":"palestra-democracia-autonomia-e-participacao-o-futuro-da-universidade-publica","status":"publish","type":"eventos","link":"https:\/\/www.ufsm.br\/unidades-universitarias\/ce\/eventos\/palestra-democracia-autonomia-e-participacao-o-futuro-da-universidade-publica","parent":0,"template":"","tags":[],"class_list":["post-12892","eventos","type-eventos","status-publish","has-post-thumbnail","hentry"],"acf":{"evento_nome":"Palestra  \u201cDemocracia, Autonomia e Participa\u00e7\u00e3o: o Futuro da Universidade P\u00fablica\u201d","evento_inicio":"14\/08\/2026 09:00","evento_termino":"14\/08\/2026 12:00","evento_banner":{"ID":12893,"id":12893,"title":"banner_evento","filename":"banner_evento.jpeg","filesize":88126,"url":"https:\/\/www.ufsm.br\/app\/uploads\/sites\/373\/2026\/08\/banner_evento.jpeg","link":"https:\/\/www.ufsm.br\/unidades-universitarias\/ce\/eventos\/palestra-democracia-autonomia-e-participacao-o-futuro-da-universidade-publica\/banner_evento","alt":"","author":"8470","description":"","caption":"","name":"banner_evento","status":"inherit","uploaded_to":12892,"date":"2026-08-13 13:51:58","modified":"2026-08-13 13:51:58","menu_order":0,"mime_type":"image\/jpeg","type":"image","subtype":"jpeg","icon":"https:\/\/www.ufsm.br\/unidades-universitarias\/ce\/wp-includes\/images\/media\/default.png","width":1920,"height":500,"sizes":{"thumbnail":"https:\/\/www.ufsm.br\/app\/uploads\/sites\/373\/2026\/08\/banner_evento-150x150.jpeg","thumbnail-width":150,"thumbnail-height":150,"medium":"https:\/\/www.ufsm.br\/app\/uploads\/sites\/373\/2026\/08\/banner_evento-300x78.jpeg","medium-width":300,"medium-height":78,"medium_large":"https:\/\/www.ufsm.br\/app\/uploads\/sites\/373\/2026\/08\/banner_evento-768x200.jpeg","medium_large-width":768,"medium_large-height":200,"large":"https:\/\/www.ufsm.br\/app\/uploads\/sites\/373\/2026\/08\/banner_evento-1024x267.jpeg","large-width":1024,"large-height":267,"1536x1536":"https:\/\/www.ufsm.br\/app\/uploads\/sites\/373\/2026\/08\/banner_evento-1536x400.jpeg","1536x1536-width":1536,"1536x1536-height":400,"2048x2048":"https:\/\/www.ufsm.br\/app\/uploads\/sites\/373\/2026\/08\/banner_evento.jpeg","2048x2048-width":1920,"2048x2048-height":500,"sow-carousel-default":"https:\/\/www.ufsm.br\/app\/uploads\/sites\/373\/2026\/08\/banner_evento-272x182.jpeg","sow-carousel-default-width":272,"sow-carousel-default-height":182}},"endereco_url":"palestra-democracia-autonomia-e-participacao-o-futuro-da-universidade-publica","evento_categoria":"T\u00c9CNICO-CIENT\u00cdFICOS","evento_descricao":"<blockquote class=\"wp-embedded-content\" data-secret=\"ODgcwcNCGU\"><p><a href=\"https:\/\/www.ufsm.br\/2026\/08\/12\/evento-com-ministra-carmen-lucia-na-ufsm-tem-horario-alterado-para-esta-sexta-feira-14\">Evento com ministra C\u00e1rmen L\u00facia na UFSM tem hor\u00e1rio alterado para esta sexta-feira (14)<\/a><\/p><\/blockquote>\n<p><iframe class=\"wp-embedded-content\" sandbox=\"allow-scripts\" security=\"restricted\" style=\"position: absolute; visibility: hidden;\" title=\"\u201cEvento com ministra C\u00e1rmen L\u00facia na UFSM tem hor\u00e1rio alterado para esta sexta-feira (14)\u201d \u2014 UFSM\" src=\"https:\/\/www.ufsm.br\/2026\/08\/12\/evento-com-ministra-carmen-lucia-na-ufsm-tem-horario-alterado-para-esta-sexta-feira-14\/embed#?secret=h6tL0baWZk#?secret=ODgcwcNCGU\" data-secret=\"ODgcwcNCGU\" width=\"500\" height=\"282\" frameborder=\"0\" marginwidth=\"0\" marginheight=\"0\" scrolling=\"no\"><\/iframe><\/p>\n","evento_programacao":null,"evento_inscricao":null,"evento_local":"Centro de Conven\u00e7\u00f5es","evento_contato":"<p>Gabinete da Reitoria<\/p>\n"},"_links":{"self":[{"href":"https:\/\/www.ufsm.br\/unidades-universitarias\/ce\/wp-json\/wp\/v2\/eventos\/12892","targetHints":{"allow":["GET"]}}],"collection":[{"href":"https:\/\/www.ufsm.br\/unidades-universitarias\/ce\/wp-json\/wp\/v2\/eventos"}],"about":[{"href":"https:\/\/www.ufsm.br\/unidades-universitarias\/ce\/wp-json\/wp\/v2\/types\/eventos"}],"wp:featuredmedia":[{"embeddable":true,"href":"https:\/\/www.ufsm.br\/unidades-universitarias\/ce\/wp-json\/wp\/v2\/media\/12893"}],"wp:attachment":[{"href":"https:\/\/www.ufsm.br\/unidades-universitarias\/ce\/wp-json\/wp\/v2\/media?parent=12892"}],"wp:term":[{"taxonomy":"post_tag","embeddable":true,"href":"https:\/\/www.ufsm.br\/unidades-universitarias\/ce\/wp-json\/wp\/v2\/tags?post=12892"}],"curies":[{"name":"wp","href":"https:\/\/api.w.org\/{rel}","templated":true}]}}

Palestra  “Democracia, Autonomia e Participação: o Futuro da Universidade Pública”

TÉCNICO-CIENTÍFICOS

<blockquote class="wp-embedded-content" data-secret="ODgcwcNCGU"><p><a href="https://www.ufsm.br/2026/08/12/evento-com-ministra-carmen-lucia-na-ufsm-tem-horario-alterado-para-esta-sexta-feira-14">Evento com ministra Cármen Lúcia na UFSM tem horário alterado para esta sexta-feira (14)</a></p></blockquote>
<p><iframe class="wp-embedded-content" sandbox="allow-scripts" security="restricted" style="position: absolute; visibility: hidden;" title="“Evento com ministra Cármen Lúcia na UFSM tem horário alterado para esta sexta-feira (14)” — UFSM" src="https://www.ufsm.br/2026/08/12/evento-com-ministra-carmen-lucia-na-ufsm-tem-horario-alterado-para-esta-sexta-feira-14/embed#?secret=h6tL0baWZk#?secret=ODgcwcNCGU" data-secret="ODgcwcNCGU" width="500" height="282" frameborder="0" marginwidth="0" marginheight="0" scrolling="no"></iframe></p>

Centro de Convenções
