{"id":1164,"date":"2018-09-14T09:46:32","date_gmt":"2018-09-14T12:46:32","guid":{"rendered":"https:\/\/www.ufsm.br\/unidades-universitarias\/ce\/?page_id=1164"},"modified":"2022-06-30T14:10:12","modified_gmt":"2022-06-30T17:10:12","slug":"cenahistoria","status":"publish","type":"page","link":"https:\/\/www.ufsm.br\/unidades-universitarias\/ce\/galeria\/cenahistoria","title":{"rendered":"#CEnaHist\u00f3ria"},"content":{"rendered":"\t\t<div data-elementor-type=\"wp-post\" data-elementor-id=\"1164\" class=\"elementor elementor-1164 elementor-bc-flex-widget\">\n\t\t\t\t\t\t<section class=\"elementor-section elementor-top-section elementor-element elementor-element-4b623e5 elementor-section-boxed elementor-section-height-default elementor-section-height-default\" data-id=\"4b623e5\" data-element_type=\"section\">\n\t\t\t\t\t\t<div class=\"elementor-container elementor-column-gap-default\">\n\t\t\t\t\t<div class=\"elementor-column elementor-col-100 elementor-top-column elementor-element elementor-element-0fb7a5d\" data-id=\"0fb7a5d\" data-element_type=\"column\">\n\t\t\t<div class=\"elementor-widget-wrap elementor-element-populated\">\n\t\t\t\t\t\t<div class=\"elementor-element elementor-element-2cd7e65 elementor-widget elementor-widget-text-editor\" data-id=\"2cd7e65\" data-element_type=\"widget\" data-widget_type=\"text-editor.default\">\n\t\t\t\t<div class=\"elementor-widget-container\">\n\t\t\t\t\t\t\t<p>O Centro de Educa\u00e7\u00e3o comemorou 48 anos em mar\u00e7o deste ano. Neste meio s\u00e9culo de exist\u00eancia, graduamos e p\u00f3s-graduamos centenas de educadores. N\u00e3o s\u00f3 isso, ajudamos a form\u00e1-los para a vida.<\/p><p>Neste \u00e1lbum, reuniumos o acervo fotogr\u00e1fico do centro ao longos das \u00faltimas d\u00e9cadas. Confira!<\/p>\t\t\t\t\t\t<\/div>\n\t\t\t\t<\/div>\n\t\t\t\t\t<\/div>\n\t\t<\/div>\n\t\t\t\t\t<\/div>\n\t\t<\/section>\n\t\t\t\t<section class=\"elementor-section elementor-top-section elementor-element elementor-element-d3dbb36 elementor-section-boxed elementor-section-height-default elementor-section-height-default\" data-id=\"d3dbb36\" data-element_type=\"section\">\n\t\t\t\t\t\t<div class=\"elementor-container elementor-column-gap-default\">\n\t\t\t\t\t<div class=\"elementor-column elementor-col-100 elementor-top-column elementor-element elementor-element-90ed355\" data-id=\"90ed355\" data-element_type=\"column\">\n\t\t\t<div class=\"elementor-widget-wrap elementor-element-populated\">\n\t\t\t\t\t\t<div class=\"elementor-element elementor-element-e49b17b gallery-spacing-custom elementor-widget elementor-widget-image-gallery\" data-id=\"e49b17b\" data-element_type=\"widget\" data-widget_type=\"image-gallery.default\">\n\t\t\t\t<div class=\"elementor-widget-container\">\n\t\t\t\t\t<div class=\"elementor-image-gallery\">\n\t\t\t<div id='gallery-1' class='gallery galleryid-1164 gallery-columns-4 gallery-size-large'><figure class='gallery-item'>\n\t\t\t<div class='gallery-icon landscape'>\n\t\t\t\t<a data-elementor-open-lightbox=\"yes\" data-elementor-lightbox-slideshow=\"e49b17b\" data-elementor-lightbox-title=\"700x450-crop-90-images_cenahistoria_2_-_formatura_da_edu__especial\" data-e-action-hash=\"#elementor-action%3Aaction%3Dlightbox%26settings%3DeyJpZCI6MTE3NywidXJsIjoiaHR0cHM6XC9cL3d3dy51ZnNtLmJyXC9hcHBcL3VwbG9hZHNcL3NpdGVzXC8zNzNcLzIwMThcLzA5XC83MDB4NDUwLWNyb3AtOTAtaW1hZ2VzX2NlbmFoaXN0b3JpYV8yXy1fZm9ybWF0dXJhX2RhX2VkdV9fZXNwZWNpYWwuanBnIiwic2xpZGVzaG93IjoiZTQ5YjE3YiJ9\" href='https:\/\/www.ufsm.br\/app\/uploads\/sites\/373\/2018\/09\/700x450-crop-90-images_cenahistoria_2_-_formatura_da_edu__especial.jpg'><img fetchpriority=\"high\" decoding=\"async\" width=\"700\" height=\"450\" src=\"https:\/\/www.ufsm.br\/app\/uploads\/sites\/373\/2018\/09\/700x450-crop-90-images_cenahistoria_2_-_formatura_da_edu__especial.jpg\" class=\"attachment-large size-large\" alt=\"\" aria-describedby=\"gallery-1-1177\" srcset=\"https:\/\/www.ufsm.br\/app\/uploads\/sites\/373\/2018\/09\/700x450-crop-90-images_cenahistoria_2_-_formatura_da_edu__especial.jpg 700w, https:\/\/www.ufsm.br\/app\/uploads\/sites\/373\/2018\/09\/700x450-crop-90-images_cenahistoria_2_-_formatura_da_edu__especial-300x193.jpg 300w\" sizes=\"(max-width: 700px) 100vw, 700px\" \/><\/a>\n\t\t\t<\/div>\n\t\t\t\t<figcaption class='wp-caption-text gallery-caption' id='gallery-1-1177'>\n\t\t\t\t2 &#8211; Formatura da Edu Especial\n\t\t\t\t<\/figcaption><\/figure><figure class='gallery-item'>\n\t\t\t<div class='gallery-icon landscape'>\n\t\t\t\t<a data-elementor-open-lightbox=\"yes\" data-elementor-lightbox-slideshow=\"e49b17b\" data-elementor-lightbox-title=\"700x450-crop-90-images_cenahistoria_3_-_educao_especial_na_escola_estadual_ccero_barreto\" data-e-action-hash=\"#elementor-action%3Aaction%3Dlightbox%26settings%3DeyJpZCI6MTE3OCwidXJsIjoiaHR0cHM6XC9cL3d3dy51ZnNtLmJyXC9hcHBcL3VwbG9hZHNcL3NpdGVzXC8zNzNcLzIwMThcLzA5XC83MDB4NDUwLWNyb3AtOTAtaW1hZ2VzX2NlbmFoaXN0b3JpYV8zXy1fZWR1Y2FvX2VzcGVjaWFsX25hX2VzY29sYV9lc3RhZHVhbF9jY2Vyb19iYXJyZXRvLnBuZyIsInNsaWRlc2hvdyI6ImU0OWIxN2IifQ%3D%3D\" href='https:\/\/www.ufsm.br\/app\/uploads\/sites\/373\/2018\/09\/700x450-crop-90-images_cenahistoria_3_-_educao_especial_na_escola_estadual_ccero_barreto.png'><img decoding=\"async\" width=\"700\" height=\"450\" src=\"https:\/\/www.ufsm.br\/app\/uploads\/sites\/373\/2018\/09\/700x450-crop-90-images_cenahistoria_3_-_educao_especial_na_escola_estadual_ccero_barreto.png\" class=\"attachment-large size-large\" alt=\"\" aria-describedby=\"gallery-1-1178\" srcset=\"https:\/\/www.ufsm.br\/app\/uploads\/sites\/373\/2018\/09\/700x450-crop-90-images_cenahistoria_3_-_educao_especial_na_escola_estadual_ccero_barreto.png 700w, https:\/\/www.ufsm.br\/app\/uploads\/sites\/373\/2018\/09\/700x450-crop-90-images_cenahistoria_3_-_educao_especial_na_escola_estadual_ccero_barreto-300x193.png 300w\" sizes=\"(max-width: 700px) 100vw, 700px\" \/><\/a>\n\t\t\t<\/div>\n\t\t\t\t<figcaption class='wp-caption-text gallery-caption' id='gallery-1-1178'>\n\t\t\t\t3 &#8211; Educao Especial na Escola Estadual Ccero Barret\n\t\t\t\t<\/figcaption><\/figure><figure class='gallery-item'>\n\t\t\t<div class='gallery-icon landscape'>\n\t\t\t\t<a data-elementor-open-lightbox=\"yes\" data-elementor-lightbox-slideshow=\"e49b17b\" data-elementor-lightbox-title=\"700x450-crop-90-images_cenahistoria_professor_vitor_schuch_assina_posse_como_vice-diretor_do_ce\" data-e-action-hash=\"#elementor-action%3Aaction%3Dlightbox%26settings%3DeyJpZCI6MTE3OSwidXJsIjoiaHR0cHM6XC9cL3d3dy51ZnNtLmJyXC9hcHBcL3VwbG9hZHNcL3NpdGVzXC8zNzNcLzIwMThcLzA5XC83MDB4NDUwLWNyb3AtOTAtaW1hZ2VzX2NlbmFoaXN0b3JpYV9wcm9mZXNzb3Jfdml0b3Jfc2NodWNoX2Fzc2luYV9wb3NzZV9jb21vX3ZpY2UtZGlyZXRvcl9kb19jZS5qcGciLCJzbGlkZXNob3ciOiJlNDliMTdiIn0%3D\" href='https:\/\/www.ufsm.br\/app\/uploads\/sites\/373\/2018\/09\/700x450-crop-90-images_cenahistoria_professor_vitor_schuch_assina_posse_como_vice-diretor_do_ce.jpg'><img decoding=\"async\" width=\"700\" height=\"450\" src=\"https:\/\/www.ufsm.br\/app\/uploads\/sites\/373\/2018\/09\/700x450-crop-90-images_cenahistoria_professor_vitor_schuch_assina_posse_como_vice-diretor_do_ce.jpg\" class=\"attachment-large size-large\" alt=\"\" aria-describedby=\"gallery-1-1179\" srcset=\"https:\/\/www.ufsm.br\/app\/uploads\/sites\/373\/2018\/09\/700x450-crop-90-images_cenahistoria_professor_vitor_schuch_assina_posse_como_vice-diretor_do_ce.jpg 700w, https:\/\/www.ufsm.br\/app\/uploads\/sites\/373\/2018\/09\/700x450-crop-90-images_cenahistoria_professor_vitor_schuch_assina_posse_como_vice-diretor_do_ce-300x193.jpg 300w\" sizes=\"(max-width: 700px) 100vw, 700px\" \/><\/a>\n\t\t\t<\/div>\n\t\t\t\t<figcaption class='wp-caption-text gallery-caption' id='gallery-1-1179'>\n\t\t\t\tProfessor Vitor Schuch assina posse como vice-diretor do CE\n\t\t\t\t<\/figcaption><\/figure>\n\t\t<\/div>\n\t\t<\/div>\n\t\t\t\t<\/div>\n\t\t\t\t<\/div>\n\t\t\t\t\t<\/div>\n\t\t<\/div>\n\t\t\t\t\t<\/div>\n\t\t<\/section>\n\t\t\t\t<\/div>\n\t\t","protected":false},"excerpt":{"rendered":"<p>O Centro de Educa\u00e7\u00e3o comemorou 48 anos em mar\u00e7o deste ano. Neste meio s\u00e9culo de exist\u00eancia, graduamos e p\u00f3s-graduamos centenas de educadores. N\u00e3o s\u00f3 isso, ajudamos a form\u00e1-los para a vida. Neste \u00e1lbum, reuniumos o acervo fotogr\u00e1fico do centro ao longos das \u00faltimas d\u00e9cadas. Confira! 2 \u2013 Formatura da Edu Especial 3 \u2013 Educao Especial [&hellip;]<\/p>\n","protected":false},"author":201,"featured_media":0,"parent":850,"menu_order":0,"comment_status":"closed","ping_status":"closed","template":"","meta":{"footnotes":""},"categories":[],"tags":[],"class_list":["post-1164","page","type-page","status-publish","hentry"],"acf":[],"_links":{"self":[{"href":"https:\/\/www.ufsm.br\/unidades-universitarias\/ce\/wp-json\/wp\/v2\/pages\/1164","targetHints":{"allow":["GET"]}}],"collection":[{"href":"https:\/\/www.ufsm.br\/unidades-universitarias\/ce\/wp-json\/wp\/v2\/pages"}],"about":[{"href":"https:\/\/www.ufsm.br\/unidades-universitarias\/ce\/wp-json\/wp\/v2\/types\/page"}],"author":[{"embeddable":true,"href":"https:\/\/www.ufsm.br\/unidades-universitarias\/ce\/wp-json\/wp\/v2\/users\/201"}],"replies":[{"embeddable":true,"href":"https:\/\/www.ufsm.br\/unidades-universitarias\/ce\/wp-json\/wp\/v2\/comments?post=1164"}],"version-history":[{"count":0,"href":"https:\/\/www.ufsm.br\/unidades-universitarias\/ce\/wp-json\/wp\/v2\/pages\/1164\/revisions"}],"up":[{"embeddable":true,"href":"https:\/\/www.ufsm.br\/unidades-universitarias\/ce\/wp-json\/wp\/v2\/pages\/850"}],"wp:attachment":[{"href":"https:\/\/www.ufsm.br\/unidades-universitarias\/ce\/wp-json\/wp\/v2\/media?parent=1164"}],"wp:term":[{"taxonomy":"category","embeddable":true,"href":"https:\/\/www.ufsm.br\/unidades-universitarias\/ce\/wp-json\/wp\/v2\/categories?post=1164"},{"taxonomy":"post_tag","embeddable":true,"href":"https:\/\/www.ufsm.br\/unidades-universitarias\/ce\/wp-json\/wp\/v2\/tags?post=1164"}],"curies":[{"name":"wp","href":"https:\/\/api.w.org\/{rel}","templated":true}]}}

#CEnaHistória

<div data-elementor-type="wp-post" data-elementor-id="1164" class="elementor elementor-1164 elementor-bc-flex-widget">
						<section class="elementor-section elementor-top-section elementor-element elementor-element-4b623e5 elementor-section-boxed elementor-section-height-default elementor-section-height-default" data-id="4b623e5" data-element_type="section">
						<div class="elementor-container elementor-column-gap-default">
					<div class="elementor-column elementor-col-100 elementor-top-column elementor-element elementor-element-0fb7a5d" data-id="0fb7a5d" data-element_type="column">
			<div class="elementor-widget-wrap elementor-element-populated">
						<div class="elementor-element elementor-element-2cd7e65 elementor-widget elementor-widget-text-editor" data-id="2cd7e65" data-element_type="widget" data-widget_type="text-editor.default">
				<div class="elementor-widget-container">
							<p>O Centro de Educação comemorou 48 anos em março deste ano. Neste meio século de existência, graduamos e pós-graduamos centenas de educadores. Não só isso, ajudamos a formá-los para a vida.</p><p>Neste álbum, reuniumos o acervo fotográfico do centro ao longos das últimas décadas. Confira!</p>						</div>
				</div>
					</div>
		</div>
					</div>
		</section>
				<section class="elementor-section elementor-top-section elementor-element elementor-element-d3dbb36 elementor-section-boxed elementor-section-height-default elementor-section-height-default" data-id="d3dbb36" data-element_type="section">
						<div class="elementor-container elementor-column-gap-default">
					<div class="elementor-column elementor-col-100 elementor-top-column elementor-element elementor-element-90ed355" data-id="90ed355" data-element_type="column">
			<div class="elementor-widget-wrap elementor-element-populated">
						<div class="elementor-element elementor-element-e49b17b gallery-spacing-custom elementor-widget elementor-widget-image-gallery" data-id="e49b17b" data-element_type="widget" data-widget_type="image-gallery.default">
				<div class="elementor-widget-container">
					<div class="elementor-image-gallery">
			<div id='gallery-1' class='gallery galleryid-1164 gallery-columns-4 gallery-size-large'><figure class='gallery-item'>
			<div class='gallery-icon landscape'>
				<a data-elementor-open-lightbox="yes" data-elementor-lightbox-slideshow="e49b17b" data-elementor-lightbox-title="700x450-crop-90-images_cenahistoria_2_-_formatura_da_edu__especial" data-e-action-hash="#elementor-action%3Aaction%3Dlightbox%26settings%3DeyJpZCI6MTE3NywidXJsIjoiaHR0cHM6XC9cL3d3dy51ZnNtLmJyXC9hcHBcL3VwbG9hZHNcL3NpdGVzXC8zNzNcLzIwMThcLzA5XC83MDB4NDUwLWNyb3AtOTAtaW1hZ2VzX2NlbmFoaXN0b3JpYV8yXy1fZm9ybWF0dXJhX2RhX2VkdV9fZXNwZWNpYWwuanBnIiwic2xpZGVzaG93IjoiZTQ5YjE3YiJ9" href='https://www.ufsm.br/app/uploads/sites/373/2018/09/700x450-crop-90-images_cenahistoria_2_-_formatura_da_edu__especial.jpg'><img fetchpriority="high" decoding="async" width="700" height="450" src="https://www.ufsm.br/app/uploads/sites/373/2018/09/700x450-crop-90-images_cenahistoria_2_-_formatura_da_edu__especial.jpg" class="attachment-large size-large" alt="" aria-describedby="gallery-1-1177" srcset="https://www.ufsm.br/app/uploads/sites/373/2018/09/700x450-crop-90-images_cenahistoria_2_-_formatura_da_edu__especial.jpg 700w, https://www.ufsm.br/app/uploads/sites/373/2018/09/700x450-crop-90-images_cenahistoria_2_-_formatura_da_edu__especial-300x193.jpg 300w" sizes="(max-width: 700px) 100vw, 700px" /></a>
			</div>
				<figcaption class='wp-caption-text gallery-caption' id='gallery-1-1177'>
				2 &#8211; Formatura da Edu Especial
				</figcaption></figure><figure class='gallery-item'>
			<div class='gallery-icon landscape'>
				<a data-elementor-open-lightbox="yes" data-elementor-lightbox-slideshow="e49b17b" data-elementor-lightbox-title="700x450-crop-90-images_cenahistoria_3_-_educao_especial_na_escola_estadual_ccero_barreto" data-e-action-hash="#elementor-action%3Aaction%3Dlightbox%26settings%3DeyJpZCI6MTE3OCwidXJsIjoiaHR0cHM6XC9cL3d3dy51ZnNtLmJyXC9hcHBcL3VwbG9hZHNcL3NpdGVzXC8zNzNcLzIwMThcLzA5XC83MDB4NDUwLWNyb3AtOTAtaW1hZ2VzX2NlbmFoaXN0b3JpYV8zXy1fZWR1Y2FvX2VzcGVjaWFsX25hX2VzY29sYV9lc3RhZHVhbF9jY2Vyb19iYXJyZXRvLnBuZyIsInNsaWRlc2hvdyI6ImU0OWIxN2IifQ%3D%3D" href='https://www.ufsm.br/app/uploads/sites/373/2018/09/700x450-crop-90-images_cenahistoria_3_-_educao_especial_na_escola_estadual_ccero_barreto.png'><img decoding="async" width="700" height="450" src="https://www.ufsm.br/app/uploads/sites/373/2018/09/700x450-crop-90-images_cenahistoria_3_-_educao_especial_na_escola_estadual_ccero_barreto.png" class="attachment-large size-large" alt="" aria-describedby="gallery-1-1178" srcset="https://www.ufsm.br/app/uploads/sites/373/2018/09/700x450-crop-90-images_cenahistoria_3_-_educao_especial_na_escola_estadual_ccero_barreto.png 700w, https://www.ufsm.br/app/uploads/sites/373/2018/09/700x450-crop-90-images_cenahistoria_3_-_educao_especial_na_escola_estadual_ccero_barreto-300x193.png 300w" sizes="(max-width: 700px) 100vw, 700px" /></a>
			</div>
				<figcaption class='wp-caption-text gallery-caption' id='gallery-1-1178'>
				3 &#8211; Educao Especial na Escola Estadual Ccero Barret
				</figcaption></figure><figure class='gallery-item'>
			<div class='gallery-icon landscape'>
				<a data-elementor-open-lightbox="yes" data-elementor-lightbox-slideshow="e49b17b" data-elementor-lightbox-title="700x450-crop-90-images_cenahistoria_professor_vitor_schuch_assina_posse_como_vice-diretor_do_ce" data-e-action-hash="#elementor-action%3Aaction%3Dlightbox%26settings%3DeyJpZCI6MTE3OSwidXJsIjoiaHR0cHM6XC9cL3d3dy51ZnNtLmJyXC9hcHBcL3VwbG9hZHNcL3NpdGVzXC8zNzNcLzIwMThcLzA5XC83MDB4NDUwLWNyb3AtOTAtaW1hZ2VzX2NlbmFoaXN0b3JpYV9wcm9mZXNzb3Jfdml0b3Jfc2NodWNoX2Fzc2luYV9wb3NzZV9jb21vX3ZpY2UtZGlyZXRvcl9kb19jZS5qcGciLCJzbGlkZXNob3ciOiJlNDliMTdiIn0%3D" href='https://www.ufsm.br/app/uploads/sites/373/2018/09/700x450-crop-90-images_cenahistoria_professor_vitor_schuch_assina_posse_como_vice-diretor_do_ce.jpg'><img decoding="async" width="700" height="450" src="https://www.ufsm.br/app/uploads/sites/373/2018/09/700x450-crop-90-images_cenahistoria_professor_vitor_schuch_assina_posse_como_vice-diretor_do_ce.jpg" class="attachment-large size-large" alt="" aria-describedby="gallery-1-1179" srcset="https://www.ufsm.br/app/uploads/sites/373/2018/09/700x450-crop-90-images_cenahistoria_professor_vitor_schuch_assina_posse_como_vice-diretor_do_ce.jpg 700w, https://www.ufsm.br/app/uploads/sites/373/2018/09/700x450-crop-90-images_cenahistoria_professor_vitor_schuch_assina_posse_como_vice-diretor_do_ce-300x193.jpg 300w" sizes="(max-width: 700px) 100vw, 700px" /></a>
			</div>
				<figcaption class='wp-caption-text gallery-caption' id='gallery-1-1179'>
				Professor Vitor Schuch assina posse como vice-diretor do CE
				</figcaption></figure>
		</div>
		</div>
				</div>
				</div>
					</div>
		</div>
					</div>
		</section>
				</div>

<p>O Centro de Educação comemorou 48 anos em março deste ano. Neste meio século de existência, graduamos e pós-graduamos centenas de educadores. Não só isso, ajudamos a formá-los para a vida. Neste álbum, reuniumos o acervo fotográfico do centro ao longos das últimas décadas. Confira! 2 – Formatura da Edu Especial 3 – Educao Especial [&hellip;]</p>
