{"id":1726,"date":"2021-08-06T11:53:13","date_gmt":"2021-08-06T14:53:13","guid":{"rendered":"https:\/\/www.ufsm.br\/unidades-universitarias\/cefd\/?page_id=1726"},"modified":"2021-08-10T11:18:31","modified_gmt":"2021-08-10T14:18:31","slug":"gerontologia-saude","status":"publish","type":"page","link":"https:\/\/www.ufsm.br\/unidades-universitarias\/cefd\/gerontologia-saude","title":{"rendered":"Gerontologia\/Sa\u00fade"},"content":{"rendered":"\t\t<div data-elementor-type=\"wp-page\" data-elementor-id=\"1726\" class=\"elementor elementor-1726\">\n\t\t\t\t\t\t<section class=\"elementor-section elementor-top-section elementor-element elementor-element-3b8f098 elementor-section-boxed elementor-section-height-default elementor-section-height-default\" data-id=\"3b8f098\" data-element_type=\"section\">\n\t\t\t\t\t\t<div class=\"elementor-container elementor-column-gap-default\">\n\t\t\t\t\t<div class=\"elementor-column elementor-col-100 elementor-top-column elementor-element elementor-element-7d67995\" data-id=\"7d67995\" data-element_type=\"column\">\n\t\t\t<div class=\"elementor-widget-wrap elementor-element-populated\">\n\t\t\t\t\t\t<div class=\"elementor-element elementor-element-a105e7c elementor-widget elementor-widget-wp-widget-ufsm_noticias_widget\" data-id=\"a105e7c\" data-element_type=\"widget\" data-widget_type=\"wp-widget-ufsm_noticias_widget.default\">\n\t\t\t\t<div class=\"elementor-widget-container\">\n\t\t\t<h5 class='titulo-conteudos'>Not\u00edcias<\/h5><div class='widget-noticias-inside'>\n                        <div class=\"row\">\n                                    <div class=\"col-12 col-lg-6 pb-4\">\n                                        \n                                        \n                    \n                    <a class=\"noticias-widget-title d-block \"  title=\"Feliz(c)idade promove sa\u00fade e bem-estar para idosos de Santa Maria\" href=\"https:\/\/www.ufsm.br\/2025\/05\/13\/felizcidade-promove-saude-e-bem-estar-para-idosos-de-santa-maria\">\n                                                Feliz(c)idade promove sa\u00fade e bem-estar para idosos de Santa Maria                    <\/a>\n                    \n                                            <div class=\"noticias-widget-introtext\">\n                            Projeto da UFSM oferece grupos voltados para o cuidado integral de pessoas idosas                        <\/div>\n                    \n                                        \n                                            <div class=\"small\" title=\"Publicado no s\u00edtio: UFSM\">UFSM<\/div>\n                                        \n                                            \n                                                    <div title=\"Publicado em 13\/05\/2025 \" class=\"data-publicacao-widget\">\n                                <i  class=\"far fa-clock\"><\/i>\n                                13\/05\/2025                             <\/div>\n                                                                <\/div>\n                                    <div class=\"col-12 col-lg-6 pb-4\">\n                                        \n                                        \n                    \n                    <a class=\"noticias-widget-title d-block \"  title=\"FELIZ(C)IDADE: projeto promove envelhecimento saud\u00e1vel e integra\u00e7\u00e3o com a comunidade\" href=\"https:\/\/www.ufsm.br\/2024\/12\/12\/felizcidade-projeto-promove-envelhecimento-saudavel-e-integracao-com-a-comunidade\">\n                                                FELIZ(C)IDADE: projeto promove envelhecimento saud\u00e1vel e integra\u00e7\u00e3o com a comunidade                    <\/a>\n                    \n                                            <div class=\"noticias-widget-introtext\">\n                            Projeto da UFSM objetiva a\u00e7\u00f5es de preven\u00e7\u00e3o e cuidado voltadas para o envelhecimento da popula\u00e7\u00e3o                        <\/div>\n                    \n                                        \n                                            <div class=\"small\" title=\"Publicado no s\u00edtio: UFSM\">UFSM<\/div>\n                                        \n                                            \n                                                    <div title=\"Publicado em 12\/12\/2024 \" class=\"data-publicacao-widget\">\n                                <i  class=\"far fa-clock\"><\/i>\n                                12\/12\/2024                             <\/div>\n                                                                <\/div>\n                            <\/div>\n                    <div class=\"row\">\n                                    <div class=\"col-12 col-lg-6 pb-4\">\n                                        \n                                        \n                    \n                    <a class=\"noticias-widget-title d-block \"  title=\"Jaqueline Weber ministra nesta quinta-feira a palestra \u201cSer campe\u00e3o \u00e9 quest\u00e3o de escolha\u201d\" href=\"https:\/\/www.ufsm.br\/2023\/11\/13\/jaqueline-weber-ministra-nesta-quinta-feira-a-palestra-ser-campeao-e-questao-de-escolha\">\n                                                Jaqueline Weber ministra nesta quinta-feira a palestra \u201cSer campe\u00e3o \u00e9 quest\u00e3o de escolha\u201d                    <\/a>\n                    \n                                            <div class=\"noticias-widget-introtext\">\n                            Mestranda em Gerontologia pela UFSM, Jaqueline \u00e9 atleta multicampe\u00e3 em provas de meio-fundo                        <\/div>\n                    \n                                        \n                                            <div class=\"small\" title=\"Publicado no s\u00edtio: UFSM\">UFSM<\/div>\n                                        \n                                            \n                                                    <div title=\"Publicado em 13\/11\/2023 \" class=\"data-publicacao-widget\">\n                                <i  class=\"far fa-clock\"><\/i>\n                                13\/11\/2023                             <\/div>\n                                                                <\/div>\n                                    <div class=\"col-12 col-lg-6 pb-4\">\n                                        \n                                        \n                    \n                    <a class=\"noticias-widget-title d-block \"  title=\"Conhe\u00e7a Jaqueline Weber, atleta multicampe\u00e3 e mestranda em Gerontologia na UFSM, que vai disputar os Pan-Americanos de 2023\" href=\"https:\/\/www.ufsm.br\/2023\/10\/16\/conheca-jaqueline-weber-velocista-multicampea-e-mestranda-em-gerontologia-na-ufsm-que-vai-disputar-os-pan-americanos-de-2023\">\n                                                Conhe\u00e7a Jaqueline Weber, atleta multicampe\u00e3 e mestranda em Gerontologia na UFSM, que vai disputar os Pan-Americanos de 2023                    <\/a>\n                    \n                                            <div class=\"noticias-widget-introtext\">\n                            Campo de estudos da aluna tem foco no processo de envelhecimento de atletas de alto rendimento                        <\/div>\n                    \n                                        \n                                            <div class=\"small\" title=\"Publicado no s\u00edtio: UFSM\">UFSM<\/div>\n                                        \n                                            \n                                                    <div title=\"Publicado em 16\/10\/2023 \" class=\"data-publicacao-widget\">\n                                <i  class=\"far fa-clock\"><\/i>\n                                16\/10\/2023                             <\/div>\n                                                                <\/div>\n                            <\/div>\n                    <div class=\"row\">\n                                    <div class=\"col-12 col-lg-6 pb-4\">\n                                        \n                                        \n                    \n                    <a class=\"noticias-widget-title d-block \"  title=\"Projeto de extens\u00e3o da Psicologia convida mulheres a participar de grupo de escuta\" href=\"https:\/\/www.ufsm.br\/2023\/10\/02\/projeto-de-extensao-da-psicologia-convida-mulheres-a-participar-de-grupo-de-escuta\">\n                                                Projeto de extens\u00e3o da Psicologia convida mulheres a participar de grupo de escuta                    <\/a>\n                    \n                                            <div class=\"noticias-widget-introtext\">\n                            O grupo Afetos \u00e9 voltado para mulheres com idade de 60 anos ou mais. Os encontros v\u00e3o ocorrer na Antiga Reitoria                        <\/div>\n                    \n                                        \n                                            <div class=\"small\" title=\"Publicado no s\u00edtio: UFSM\">UFSM<\/div>\n                                        \n                                            \n                                                    <div title=\"Publicado em 02\/10\/2023 \" class=\"data-publicacao-widget\">\n                                <i  class=\"far fa-clock\"><\/i>\n                                02\/10\/2023                             <\/div>\n                                                                <\/div>\n                                    <div class=\"col-12 col-lg-6 pb-4\">\n                                        \n                                        \n                    \n                    <a class=\"noticias-widget-title d-block \"  title=\"Corpo + e Dan\u00e7a +: conhe\u00e7a os projetos da UFSM voltados para pessoas acima de 40 anos\" href=\"https:\/\/www.ufsm.br\/2023\/05\/02\/corpo-e-danca-conheca-os-projetos-da-ufsm-voltados-para-pessoas-acima-de-40-anos\">\n                                                Corpo + e Dan\u00e7a +: conhe\u00e7a os projetos da UFSM voltados para pessoas acima de 40 anos                    <\/a>\n                    \n                                            <div class=\"noticias-widget-introtext\">\n                            Gin\u00e1stica e dan\u00e7a s\u00e3o oferecidas \u00e0 comunidade pelo CEFD no Campus Sede                        <\/div>\n                    \n                                        \n                                            <div class=\"small\" title=\"Publicado no s\u00edtio: UFSM\">UFSM<\/div>\n                                        \n                                            \n                                                    <div title=\"Publicado em 02\/05\/2023 \" class=\"data-publicacao-widget\">\n                                <i  class=\"far fa-clock\"><\/i>\n                                02\/05\/2023                             <\/div>\n                                                                <\/div>\n                            <\/div>\n                    <div class=\"row\">\n                                    <div class=\"col-12 col-lg-6 pb-4\">\n                                        \n                                        \n                    \n                    <a class=\"noticias-widget-title d-block \"  title=\"Exerc\u00edcio f\u00edsico e sa\u00fade mental s\u00e3o temas de palestra no CEFD\" href=\"https:\/\/www.ufsm.br\/2023\/04\/26\/exercicio-fisico-e-saude-mental-sao-temas-de-palestra-no-cefd\">\n                                                Exerc\u00edcio f\u00edsico e sa\u00fade mental s\u00e3o temas de palestra no CEFD                    <\/a>\n                    \n                                            <div class=\"noticias-widget-introtext\">\n                            Atividade \u00e9 aberta para toda a comunidade acad\u00eamica                        <\/div>\n                    \n                                        \n                                            <div class=\"small\" title=\"Publicado no s\u00edtio: UFSM\">UFSM<\/div>\n                                        \n                                            \n                                                    <div title=\"Publicado em 26\/04\/2023 \" class=\"data-publicacao-widget\">\n                                <i  class=\"far fa-clock\"><\/i>\n                                26\/04\/2023                             <\/div>\n                                                                <\/div>\n                                    <div class=\"col-12 col-lg-6 pb-4\">\n                                        \n                                        \n                    \n                    <a class=\"noticias-widget-title d-block \"  title=\"UFSM sediou f\u00f3rum que discutiu o envelhecimento humano\" href=\"https:\/\/www.ufsm.br\/2022\/11\/01\/ufsm-sediou-forum-que-discutiu-o-envelhecimento-humano\">\n                                                UFSM sediou f\u00f3rum que discutiu o envelhecimento humano                    <\/a>\n                    \n                                            <div class=\"noticias-widget-introtext\">\n                            X F\u00f3rum Ga\u00facho do Envelhecimento Humano e II Simp\u00f3sio de Biogerontologia re\u00faniu a\u00e7\u00f5es de pesquisa, ensino e extens\u00e3o                        <\/div>\n                    \n                                        \n                                            <div class=\"small\" title=\"Publicado no s\u00edtio: UFSM\">UFSM<\/div>\n                                        \n                                            \n                                                    <div title=\"Publicado em 01\/11\/2022 \" class=\"data-publicacao-widget\">\n                                <i  class=\"far fa-clock\"><\/i>\n                                01\/11\/2022                             <\/div>\n                                                                <\/div>\n                            <\/div>\n                    <div class=\"row\">\n                                    <div class=\"col-12 col-lg-6 pb-4\">\n                                        \n                                        \n                    \n                    <a class=\"noticias-widget-title d-block \"  title=\"Est\u00e3o abertas as inscri\u00e7\u00f5es para o X F\u00f3rum Ga\u00facho do Envelhecimento Humano e II Simp\u00f3sio de Biogerontologia\" href=\"https:\/\/www.ufsm.br\/2022\/10\/03\/x-forum-gaucho-do-envelhecimento-humano-e-ii-simposio-de-biogerontologia\">\n                                                Est\u00e3o abertas as inscri\u00e7\u00f5es para o X F\u00f3rum Ga\u00facho do Envelhecimento Humano e II Simp\u00f3sio de Biogerontologia                    <\/a>\n                    \n                                            <div class=\"noticias-widget-introtext\">\n                            Os eventos acontecer\u00e3o nos dias 27 e 28 de outubro, no campus sede da UFSM e de forma virtual                        <\/div>\n                    \n                                        \n                                            <div class=\"small\" title=\"Publicado no s\u00edtio: UFSM\">UFSM<\/div>\n                                        \n                                            \n                                                    <div title=\"Publicado em 03\/10\/2022 \" class=\"data-publicacao-widget\">\n                                <i  class=\"far fa-clock\"><\/i>\n                                03\/10\/2022                             <\/div>\n                                                                <\/div>\n                                    <div class=\"col-12 col-lg-6 pb-4\">\n                                        \n                                        \n                    \n                    <a class=\"noticias-widget-title d-block \"  title=\"X F\u00f3rum Ga\u00facho do Envelhecimento Humano e II Simp\u00f3sio de Biogerontologia ser\u00e1 realizado na UFSM\" href=\"https:\/\/www.ufsm.br\/2022\/08\/04\/x-forum-gaucho-do-envelhecimento-humano-e-ii-simposio-de-biogerontologia-sera-realizado-na-ufsm\">\n                                                X F\u00f3rum Ga\u00facho do Envelhecimento Humano e II Simp\u00f3sio de Biogerontologia ser\u00e1 realizado na UFSM                    <\/a>\n                    \n                                            <div class=\"noticias-widget-introtext\">\n                            Eventos acontecem nos dias 27 e 28 de outubro                        <\/div>\n                    \n                                        \n                                            <div class=\"small\" title=\"Publicado no s\u00edtio: UFSM\">UFSM<\/div>\n                                        \n                                            \n                                                    <div title=\"Publicado em 04\/08\/2022 \" class=\"data-publicacao-widget\">\n                                <i  class=\"far fa-clock\"><\/i>\n                                04\/08\/2022                             <\/div>\n                                                                <\/div>\n                            <\/div>\n            <\/div>\n\t\t<\/div>\n\t\t\t\t<\/div>\n\t\t\t\t\t<\/div>\n\t\t<\/div>\n\t\t\t\t\t<\/div>\n\t\t<\/section>\n\t\t\t\t<\/div>\n\t\t","protected":false},"excerpt":{"rendered":"","protected":false},"author":291,"featured_media":0,"parent":0,"menu_order":0,"comment_status":"closed","ping_status":"closed","template":"","meta":{"footnotes":""},"categories":[],"tags":[],"class_list":["post-1726","page","type-page","status-publish","hentry"],"acf":[],"_links":{"self":[{"href":"https:\/\/www.ufsm.br\/unidades-universitarias\/cefd\/wp-json\/wp\/v2\/pages\/1726","targetHints":{"allow":["GET"]}}],"collection":[{"href":"https:\/\/www.ufsm.br\/unidades-universitarias\/cefd\/wp-json\/wp\/v2\/pages"}],"about":[{"href":"https:\/\/www.ufsm.br\/unidades-universitarias\/cefd\/wp-json\/wp\/v2\/types\/page"}],"author":[{"embeddable":true,"href":"https:\/\/www.ufsm.br\/unidades-universitarias\/cefd\/wp-json\/wp\/v2\/users\/291"}],"replies":[{"embeddable":true,"href":"https:\/\/www.ufsm.br\/unidades-universitarias\/cefd\/wp-json\/wp\/v2\/comments?post=1726"}],"version-history":[{"count":0,"href":"https:\/\/www.ufsm.br\/unidades-universitarias\/cefd\/wp-json\/wp\/v2\/pages\/1726\/revisions"}],"wp:attachment":[{"href":"https:\/\/www.ufsm.br\/unidades-universitarias\/cefd\/wp-json\/wp\/v2\/media?parent=1726"}],"wp:term":[{"taxonomy":"category","embeddable":true,"href":"https:\/\/www.ufsm.br\/unidades-universitarias\/cefd\/wp-json\/wp\/v2\/categories?post=1726"},{"taxonomy":"post_tag","embeddable":true,"href":"https:\/\/www.ufsm.br\/unidades-universitarias\/cefd\/wp-json\/wp\/v2\/tags?post=1726"}],"curies":[{"name":"wp","href":"https:\/\/api.w.org\/{rel}","templated":true}]}}