{"id":2735,"date":"2025-02-24T12:57:51","date_gmt":"2025-02-24T15:57:51","guid":{"rendered":"https:\/\/www.ufsm.br\/unidades-universitarias\/cefd\/?page_id=2735"},"modified":"2025-02-24T14:45:36","modified_gmt":"2025-02-24T17:45:36","slug":"avaliados-glass","status":"publish","type":"page","link":"https:\/\/www.ufsm.br\/unidades-universitarias\/cefd\/avaliados-glass","title":{"rendered":"Avaliados &#8211; GLAss"},"content":{"rendered":"\t\t<div data-elementor-type=\"wp-page\" data-elementor-id=\"2735\" class=\"elementor elementor-2735\">\n\t\t\t\t\t\t<section class=\"elementor-section elementor-top-section elementor-element elementor-element-41db524e elementor-section-boxed elementor-section-height-default elementor-section-height-default\" data-id=\"41db524e\" data-element_type=\"section\">\n\t\t\t\t\t\t<div class=\"elementor-container elementor-column-gap-default\">\n\t\t\t\t\t<div class=\"elementor-column elementor-col-100 elementor-top-column elementor-element elementor-element-59717bf3\" data-id=\"59717bf3\" data-element_type=\"column\">\n\t\t\t<div class=\"elementor-widget-wrap elementor-element-populated\">\n\t\t\t\t\t\t<div class=\"elementor-element elementor-element-1ba0a2fb elementor-widget elementor-widget-text-editor\" data-id=\"1ba0a2fb\" data-element_type=\"widget\" data-widget_type=\"text-editor.default\">\n\t\t\t\t<div class=\"elementor-widget-container\">\n\t\t\t\t\t\t\t<!-- wp:tadv\/classic-paragraph \/-->\t\t\t\t\t\t<\/div>\n\t\t\t\t<\/div>\n\t\t\t\t<section class=\"elementor-section elementor-inner-section elementor-element elementor-element-50442e0 elementor-section-boxed elementor-section-height-default elementor-section-height-default\" data-id=\"50442e0\" data-element_type=\"section\">\n\t\t\t\t\t\t<div class=\"elementor-container elementor-column-gap-default\">\n\t\t\t\t\t<div class=\"elementor-column elementor-col-33 elementor-inner-column elementor-element elementor-element-9bde049\" data-id=\"9bde049\" data-element_type=\"column\">\n\t\t\t<div class=\"elementor-widget-wrap elementor-element-populated\">\n\t\t\t\t\t\t<div class=\"elementor-element elementor-element-ce8d30a elementor-widget elementor-widget-image\" data-id=\"ce8d30a\" data-element_type=\"widget\" data-widget_type=\"image.default\">\n\t\t\t\t<div class=\"elementor-widget-container\">\n\t\t\t\t\t\t\t\t\t\t\t\t\t<img fetchpriority=\"high\" decoding=\"async\" width=\"241\" height=\"241\" src=\"https:\/\/www.ufsm.br\/app\/uploads\/sites\/374\/2025\/02\/ASIBA.avif\" class=\"attachment-large size-large wp-image-2736\" alt=\"\" \/>\t\t\t\t\t\t\t\t\t\t\t\t\t<\/div>\n\t\t\t\t<\/div>\n\t\t\t\t<div class=\"elementor-element elementor-element-cc36167 elementor-widget elementor-widget-text-editor\" data-id=\"cc36167\" data-element_type=\"widget\" data-widget_type=\"text-editor.default\">\n\t\t\t\t<div class=\"elementor-widget-container\">\n\t\t\t\t\t\t\t<p class=\"font_9 wixui-rich-text__text\" style=\"text-align: center\"><span class=\"wixui-rich-text__text\"><span class=\"color_43 wixui-rich-text__text\"><a href=\"https:\/\/asiba.esp.br\/\">ASIBA\/&#8221;Corintians&#8221;<\/a><br \/>Equipe Masculina de Basquetebol<br \/><\/span><\/span><\/p>\t\t\t\t\t\t<\/div>\n\t\t\t\t<\/div>\n\t\t\t\t\t<\/div>\n\t\t<\/div>\n\t\t\t\t<div class=\"elementor-column elementor-col-33 elementor-inner-column elementor-element elementor-element-8003f06\" data-id=\"8003f06\" data-element_type=\"column\">\n\t\t\t<div class=\"elementor-widget-wrap elementor-element-populated\">\n\t\t\t\t\t\t<div class=\"elementor-element elementor-element-43af0b0 elementor-widget elementor-widget-image\" data-id=\"43af0b0\" data-element_type=\"widget\" data-widget_type=\"image.default\">\n\t\t\t\t<div class=\"elementor-widget-container\">\n\t\t\t\t\t\t\t\t\t\t\t\t\t<img decoding=\"async\" width=\"242\" height=\"235\" src=\"https:\/\/www.ufsm.br\/app\/uploads\/sites\/374\/2025\/02\/LOGO-COBRAPA.avif\" class=\"attachment-large size-large wp-image-2737\" alt=\"\" \/>\t\t\t\t\t\t\t\t\t\t\t\t\t<\/div>\n\t\t\t\t<\/div>\n\t\t\t\t<div class=\"elementor-element elementor-element-17adc3a elementor-widget elementor-widget-text-editor\" data-id=\"17adc3a\" data-element_type=\"widget\" data-widget_type=\"text-editor.default\">\n\t\t\t\t<div class=\"elementor-widget-container\">\n\t\t\t\t\t\t\t<p class=\"font_9 wixui-rich-text__text\" style=\"text-align: center\"><a href=\"https:\/\/www.cobrapa.com.br\/\"><span class=\"wixui-rich-text__text\"><span class=\"color_43 wixui-rich-text__text\">Sele\u00e7\u00e3o Brasileira de Padel<br \/><\/span><\/span><\/a><span class=\"wixui-rich-text__text\"><span class=\"color_43 wixui-rich-text__text\"> (M<\/span><\/span><span class=\"wixui-rich-text__text\"><span class=\"color_43 wixui-rich-text__text\">asculina e Feminina)<\/span><\/span><\/p>\t\t\t\t\t\t<\/div>\n\t\t\t\t<\/div>\n\t\t\t\t\t<\/div>\n\t\t<\/div>\n\t\t\t\t<div class=\"elementor-column elementor-col-33 elementor-inner-column elementor-element elementor-element-bdf96f4\" data-id=\"bdf96f4\" data-element_type=\"column\">\n\t\t\t<div class=\"elementor-widget-wrap elementor-element-populated\">\n\t\t\t\t\t\t<div class=\"elementor-element elementor-element-b534e58 elementor-widget elementor-widget-image\" data-id=\"b534e58\" data-element_type=\"widget\" data-widget_type=\"image.default\">\n\t\t\t\t<div class=\"elementor-widget-container\">\n\t\t\t\t\t\t\t\t\t\t\t\t\t<img decoding=\"async\" width=\"241\" height=\"241\" src=\"https:\/\/www.ufsm.br\/app\/uploads\/sites\/374\/2025\/02\/gustavo.avif\" class=\"attachment-large size-large wp-image-2738\" alt=\"\" \/>\t\t\t\t\t\t\t\t\t\t\t\t\t<\/div>\n\t\t\t\t<\/div>\n\t\t\t\t<div class=\"elementor-element elementor-element-e72f31f elementor-widget elementor-widget-text-editor\" data-id=\"e72f31f\" data-element_type=\"widget\" data-widget_type=\"text-editor.default\">\n\t\t\t\t<div class=\"elementor-widget-container\">\n\t\t\t\t\t\t\t<p class=\"font_9 wixui-rich-text__text\" style=\"text-align: center\"><a href=\"https:\/\/cbat.org.br\/atletas\/71067\/gustavo-wagner-dallafavera\"><span class=\"wixui-rich-text__text\"><span class=\"color_43 wixui-rich-text__text\">Gustavo Wagner Dalla Favera<br \/><\/span><\/span><\/a><span class=\"wixui-rich-text__text\"><span class=\"color_43 wixui-rich-text__text\">Tricampe\u00e3o Ga\u00facho dos 100m e 200m<\/span><\/span><\/p>\t\t\t\t\t\t<\/div>\n\t\t\t\t<\/div>\n\t\t\t\t\t<\/div>\n\t\t<\/div>\n\t\t\t\t\t<\/div>\n\t\t<\/section>\n\t\t\t\t<section class=\"elementor-section elementor-inner-section elementor-element elementor-element-4585d2d elementor-section-boxed elementor-section-height-default elementor-section-height-default\" data-id=\"4585d2d\" data-element_type=\"section\">\n\t\t\t\t\t\t<div class=\"elementor-container elementor-column-gap-default\">\n\t\t\t\t\t<div class=\"elementor-column elementor-col-33 elementor-inner-column elementor-element elementor-element-ca27bd8\" data-id=\"ca27bd8\" data-element_type=\"column\">\n\t\t\t<div class=\"elementor-widget-wrap elementor-element-populated\">\n\t\t\t\t\t\t<div class=\"elementor-element elementor-element-333da1f elementor-widget elementor-widget-image\" data-id=\"333da1f\" data-element_type=\"widget\" data-widget_type=\"image.default\">\n\t\t\t\t<div class=\"elementor-widget-container\">\n\t\t\t\t\t\t\t\t\t\t\t\t\t<img loading=\"lazy\" decoding=\"async\" width=\"250\" height=\"250\" src=\"https:\/\/www.ufsm.br\/app\/uploads\/sites\/374\/2025\/02\/luana.avif\" class=\"attachment-large size-large wp-image-2739\" alt=\"\" \/>\t\t\t\t\t\t\t\t\t\t\t\t\t<\/div>\n\t\t\t\t<\/div>\n\t\t\t\t<div class=\"elementor-element elementor-element-4d43853 elementor-widget elementor-widget-text-editor\" data-id=\"4d43853\" data-element_type=\"widget\" data-widget_type=\"text-editor.default\">\n\t\t\t\t<div class=\"elementor-widget-container\">\n\t\t\t\t\t\t\t<div id=\"comp-lo33imzx\" class=\"HcOXKn c9GqVL QxJLC3 lq2cno YQcXTT comp-lo33imzx wixui-rich-text\" data-testid=\"richTextElement\">\n<p class=\"font_9 wixui-rich-text__text\" style=\"text-align: center\"><a href=\"https:\/\/diariosm.com.br\/esportes\/luana_taborda_conquista_oito_medalhas_no_campeonato_brasileiro_de_canoagem_velocidade.613880\"><span class=\"wixui-rich-text__text\"><span class=\"color_43 wixui-rich-text__text\">Luana Taborda<br \/><\/span><\/span><\/a><span class=\"wixui-rich-text__text\"><span class=\"color_43 wixui-rich-text__text\">Campe\u00e3 Brasileira de Canoagem Velocidade<\/span><\/span><\/p>\n<\/div>\n<div id=\"comp-lo2wvwaq\" class=\"MazNVa comp-lo2wvwaq wixui-image\">\n<div class=\"j7pOnl\" data-testid=\"linkElement\">\u00a0<\/div>\n<\/div>\t\t\t\t\t\t<\/div>\n\t\t\t\t<\/div>\n\t\t\t\t\t<\/div>\n\t\t<\/div>\n\t\t\t\t<div class=\"elementor-column elementor-col-33 elementor-inner-column elementor-element elementor-element-5dde7e0\" data-id=\"5dde7e0\" data-element_type=\"column\">\n\t\t\t<div class=\"elementor-widget-wrap elementor-element-populated\">\n\t\t\t\t\t\t<div class=\"elementor-element elementor-element-82c27ba elementor-widget elementor-widget-image\" data-id=\"82c27ba\" data-element_type=\"widget\" data-widget_type=\"image.default\">\n\t\t\t\t<div class=\"elementor-widget-container\">\n\t\t\t\t\t\t\t\t\t\t\t\t\t<img loading=\"lazy\" decoding=\"async\" width=\"295\" height=\"295\" src=\"https:\/\/www.ufsm.br\/app\/uploads\/sites\/374\/2025\/02\/soldiers-com-nome.avif\" class=\"attachment-large size-large wp-image-2740\" alt=\"\" \/>\t\t\t\t\t\t\t\t\t\t\t\t\t<\/div>\n\t\t\t\t<\/div>\n\t\t\t\t<div class=\"elementor-element elementor-element-a0e6c21 elementor-widget elementor-widget-text-editor\" data-id=\"a0e6c21\" data-element_type=\"widget\" data-widget_type=\"text-editor.default\">\n\t\t\t\t<div class=\"elementor-widget-container\">\n\t\t\t\t\t\t\t<p style=\"text-align: center\"><a href=\"https:\/\/www.instagram.com\/smsoldiers\/\"><span class=\"wixui-rich-text__text\"><span class=\"color_43 wixui-rich-text__text\">Santa Maria Soldiers<br \/><\/span><\/span><\/a><span class=\"wixui-rich-text__text\"><span class=\"color_43 wixui-rich-text__text\">Equipe Masculina de Futebol Americano<br \/><\/span><\/span><\/p>\t\t\t\t\t\t<\/div>\n\t\t\t\t<\/div>\n\t\t\t\t\t<\/div>\n\t\t<\/div>\n\t\t\t\t<div class=\"elementor-column elementor-col-33 elementor-inner-column elementor-element elementor-element-26b4d60\" data-id=\"26b4d60\" data-element_type=\"column\">\n\t\t\t<div class=\"elementor-widget-wrap elementor-element-populated\">\n\t\t\t\t\t\t<div class=\"elementor-element elementor-element-dff96db elementor-widget elementor-widget-image\" data-id=\"dff96db\" data-element_type=\"widget\" data-widget_type=\"image.default\">\n\t\t\t\t<div class=\"elementor-widget-container\">\n\t\t\t\t\t\t\t\t\t\t\t\t\t<img loading=\"lazy\" decoding=\"async\" width=\"245\" height=\"250\" src=\"https:\/\/www.ufsm.br\/app\/uploads\/sites\/374\/2025\/02\/ufsm-futsal.avif\" class=\"attachment-large size-large wp-image-2741\" alt=\"\" \/>\t\t\t\t\t\t\t\t\t\t\t\t\t<\/div>\n\t\t\t\t<\/div>\n\t\t\t\t<div class=\"elementor-element elementor-element-c599ae3 elementor-widget elementor-widget-text-editor\" data-id=\"c599ae3\" data-element_type=\"widget\" data-widget_type=\"text-editor.default\">\n\t\t\t\t<div class=\"elementor-widget-container\">\n\t\t\t\t\t\t\t<p class=\"font_9 wixui-rich-text__text\" style=\"text-align: center\"><span class=\"wixui-rich-text__text\"><span class=\"color_43 wixui-rich-text__text\"><a href=\"https:\/\/www.instagram.com\/ufsmfutsal\/\">UFSM Futsal<\/a><br \/>Equipes masculina e feminina<br \/><\/span><\/span><\/p>\t\t\t\t\t\t<\/div>\n\t\t\t\t<\/div>\n\t\t\t\t\t<\/div>\n\t\t<\/div>\n\t\t\t\t\t<\/div>\n\t\t<\/section>\n\t\t\t\t<section class=\"elementor-section elementor-inner-section elementor-element elementor-element-983af28 elementor-section-boxed elementor-section-height-default elementor-section-height-default\" data-id=\"983af28\" data-element_type=\"section\">\n\t\t\t\t\t\t<div class=\"elementor-container elementor-column-gap-default\">\n\t\t\t\t\t<div class=\"elementor-column elementor-col-33 elementor-inner-column elementor-element elementor-element-ff478bd\" data-id=\"ff478bd\" data-element_type=\"column\">\n\t\t\t<div class=\"elementor-widget-wrap elementor-element-populated\">\n\t\t\t\t\t\t<div class=\"elementor-element elementor-element-82b7f41 elementor-widget elementor-widget-image\" data-id=\"82b7f41\" data-element_type=\"widget\" data-widget_type=\"image.default\">\n\t\t\t\t<div class=\"elementor-widget-container\">\n\t\t\t\t\t\t\t\t\t\t\t\t\t<img loading=\"lazy\" decoding=\"async\" width=\"260\" height=\"260\" src=\"https:\/\/www.ufsm.br\/app\/uploads\/sites\/374\/2025\/02\/ser-santiago.avif\" class=\"attachment-large size-large wp-image-2743\" alt=\"\" \/>\t\t\t\t\t\t\t\t\t\t\t\t\t<\/div>\n\t\t\t\t<\/div>\n\t\t\t\t<div class=\"elementor-element elementor-element-4e74583 elementor-widget elementor-widget-text-editor\" data-id=\"4e74583\" data-element_type=\"widget\" data-widget_type=\"text-editor.default\">\n\t\t\t\t<div class=\"elementor-widget-container\">\n\t\t\t\t\t\t\t<p class=\"font_9 wixui-rich-text__text\" style=\"text-align: center\"><span class=\"wixui-rich-text__text\"><span class=\"color_43 wixui-rich-text__text\"><a href=\"https:\/\/www.instagram.com\/sersanfutsal\/\">SER Santiago<\/a><br \/>Equipe masculina de Futsal<\/span><\/span><\/p>\t\t\t\t\t\t<\/div>\n\t\t\t\t<\/div>\n\t\t\t\t\t<\/div>\n\t\t<\/div>\n\t\t\t\t<div class=\"elementor-column elementor-col-33 elementor-inner-column elementor-element elementor-element-10e16d7\" data-id=\"10e16d7\" data-element_type=\"column\">\n\t\t\t<div class=\"elementor-widget-wrap elementor-element-populated\">\n\t\t\t\t\t\t<div class=\"elementor-element elementor-element-9e1d10a elementor-widget elementor-widget-image\" data-id=\"9e1d10a\" data-element_type=\"widget\" data-widget_type=\"image.default\">\n\t\t\t\t<div class=\"elementor-widget-container\">\n\t\t\t\t\t\t\t\t\t\t\t\t\t<img loading=\"lazy\" decoding=\"async\" width=\"241\" height=\"241\" src=\"https:\/\/www.ufsm.br\/app\/uploads\/sites\/374\/2025\/02\/gofit.avif\" class=\"attachment-large size-large wp-image-2742\" alt=\"\" \/>\t\t\t\t\t\t\t\t\t\t\t\t\t<\/div>\n\t\t\t\t<\/div>\n\t\t\t\t<div class=\"elementor-element elementor-element-db65743 elementor-widget elementor-widget-text-editor\" data-id=\"db65743\" data-element_type=\"widget\" data-widget_type=\"text-editor.default\">\n\t\t\t\t<div class=\"elementor-widget-container\">\n\t\t\t\t\t\t\t<p class=\"font_9 wixui-rich-text__text\" style=\"text-align: center\"><span class=\"wixui-rich-text__text\"><span class=\"color_43 wixui-rich-text__text\"><a href=\"https:\/\/www.gofitassessoriaesportiva.com.br\/\">GOFIT<\/a><br \/>Atletas de corrida e ciclismo<\/span><\/span><\/p>\t\t\t\t\t\t<\/div>\n\t\t\t\t<\/div>\n\t\t\t\t\t<\/div>\n\t\t<\/div>\n\t\t\t\t<div class=\"elementor-column elementor-col-33 elementor-inner-column elementor-element elementor-element-cb0c286\" data-id=\"cb0c286\" data-element_type=\"column\">\n\t\t\t<div class=\"elementor-widget-wrap elementor-element-populated\">\n\t\t\t\t\t\t<div class=\"elementor-element elementor-element-ec9ff0d elementor-widget elementor-widget-image\" data-id=\"ec9ff0d\" data-element_type=\"widget\" data-widget_type=\"image.default\">\n\t\t\t\t<div class=\"elementor-widget-container\">\n\t\t\t\t\t\t\t\t\t\t\t\t\t<img loading=\"lazy\" decoding=\"async\" width=\"241\" height=\"241\" src=\"https:\/\/www.ufsm.br\/app\/uploads\/sites\/374\/2025\/02\/asena.avif\" class=\"attachment-large size-large wp-image-2744\" alt=\"\" \/>\t\t\t\t\t\t\t\t\t\t\t\t\t<\/div>\n\t\t\t\t<\/div>\n\t\t\t\t<div class=\"elementor-element elementor-element-1417787 elementor-widget elementor-widget-text-editor\" data-id=\"1417787\" data-element_type=\"widget\" data-widget_type=\"text-editor.default\">\n\t\t\t\t<div class=\"elementor-widget-container\">\n\t\t\t\t\t\t\t<p style=\"text-align: center\"><a href=\"https:\/\/www.instagram.com\/canoagemasena\/\">ASENA<\/a><br \/>Atletas de Canoagem<\/p>\t\t\t\t\t\t<\/div>\n\t\t\t\t<\/div>\n\t\t\t\t\t<\/div>\n\t\t<\/div>\n\t\t\t\t\t<\/div>\n\t\t<\/section>\n\t\t\t\t<section class=\"elementor-section elementor-inner-section elementor-element elementor-element-e2d4e5a elementor-section-boxed elementor-section-height-default elementor-section-height-default\" data-id=\"e2d4e5a\" data-element_type=\"section\">\n\t\t\t\t\t\t<div class=\"elementor-container elementor-column-gap-default\">\n\t\t\t\t\t<div class=\"elementor-column elementor-col-33 elementor-inner-column elementor-element elementor-element-978a096\" data-id=\"978a096\" data-element_type=\"column\">\n\t\t\t<div class=\"elementor-widget-wrap elementor-element-populated\">\n\t\t\t\t\t\t<div class=\"elementor-element elementor-element-b3224bf elementor-widget elementor-widget-image\" data-id=\"b3224bf\" data-element_type=\"widget\" data-widget_type=\"image.default\">\n\t\t\t\t<div class=\"elementor-widget-container\">\n\t\t\t\t\t\t\t\t\t\t\t\t\t<img loading=\"lazy\" decoding=\"async\" width=\"241\" height=\"241\" src=\"https:\/\/www.ufsm.br\/app\/uploads\/sites\/374\/2025\/02\/atletismo-ufsm.avif\" class=\"attachment-large size-large wp-image-2747\" alt=\"\" \/>\t\t\t\t\t\t\t\t\t\t\t\t\t<\/div>\n\t\t\t\t<\/div>\n\t\t\t\t<div class=\"elementor-element elementor-element-e0962fb elementor-widget elementor-widget-text-editor\" data-id=\"e0962fb\" data-element_type=\"widget\" data-widget_type=\"text-editor.default\">\n\t\t\t\t<div class=\"elementor-widget-container\">\n\t\t\t\t\t\t\t<p style=\"text-align: center\"><a href=\"https:\/\/www.instagram.com\/atletismoufsm\/\">Atletismo UFSM<\/a><br \/>Atletas Masculino e Feminino<\/p>\t\t\t\t\t\t<\/div>\n\t\t\t\t<\/div>\n\t\t\t\t\t<\/div>\n\t\t<\/div>\n\t\t\t\t<div class=\"elementor-column elementor-col-33 elementor-inner-column elementor-element elementor-element-ff60274\" data-id=\"ff60274\" data-element_type=\"column\">\n\t\t\t<div class=\"elementor-widget-wrap elementor-element-populated\">\n\t\t\t\t\t\t<div class=\"elementor-element elementor-element-d10d6eb elementor-widget elementor-widget-image\" data-id=\"d10d6eb\" data-element_type=\"widget\" data-widget_type=\"image.default\">\n\t\t\t\t<div class=\"elementor-widget-container\">\n\t\t\t\t\t\t\t\t\t\t\t\t\t<img loading=\"lazy\" decoding=\"async\" width=\"282\" height=\"282\" src=\"https:\/\/www.ufsm.br\/app\/uploads\/sites\/374\/2025\/02\/judo.avif\" class=\"attachment-large size-large wp-image-2746\" alt=\"\" \/>\t\t\t\t\t\t\t\t\t\t\t\t\t<\/div>\n\t\t\t\t<\/div>\n\t\t\t\t<div class=\"elementor-element elementor-element-9812225 elementor-widget elementor-widget-text-editor\" data-id=\"9812225\" data-element_type=\"widget\" data-widget_type=\"text-editor.default\">\n\t\t\t\t<div class=\"elementor-widget-container\">\n\t\t\t\t\t\t\t<p style=\"text-align: center\"><a href=\"https:\/\/www.instagram.com\/santamariajudo\/\">Santa Maria Jud\u00f4<\/a><br \/>Atletas Masculino e Feminino<\/p>\t\t\t\t\t\t<\/div>\n\t\t\t\t<\/div>\n\t\t\t\t\t<\/div>\n\t\t<\/div>\n\t\t\t\t<div class=\"elementor-column elementor-col-33 elementor-inner-column elementor-element elementor-element-b600e0d\" data-id=\"b600e0d\" data-element_type=\"column\">\n\t\t\t<div class=\"elementor-widget-wrap elementor-element-populated\">\n\t\t\t\t\t\t<div class=\"elementor-element elementor-element-1a9bf04 elementor-widget elementor-widget-image\" data-id=\"1a9bf04\" data-element_type=\"widget\" data-widget_type=\"image.default\">\n\t\t\t\t<div class=\"elementor-widget-container\">\n\t\t\t\t\t\t\t\t\t\t\t\t\t<img loading=\"lazy\" decoding=\"async\" width=\"265\" height=\"277\" src=\"https:\/\/www.ufsm.br\/app\/uploads\/sites\/374\/2025\/02\/RiograndenseSM.avif\" class=\"attachment-large size-large wp-image-2745\" alt=\"\" \/>\t\t\t\t\t\t\t\t\t\t\t\t\t<\/div>\n\t\t\t\t<\/div>\n\t\t\t\t<div class=\"elementor-element elementor-element-5cc90d4 elementor-widget elementor-widget-text-editor\" data-id=\"5cc90d4\" data-element_type=\"widget\" data-widget_type=\"text-editor.default\">\n\t\t\t\t<div class=\"elementor-widget-container\">\n\t\t\t\t\t\t\t<p style=\"text-align: center\"><a href=\"https:\/\/www.instagram.com\/riograndensefutebolclube\/\">Riograndense Futebol Clube<\/a><br \/>Equipe Masculina<\/p>\t\t\t\t\t\t<\/div>\n\t\t\t\t<\/div>\n\t\t\t\t\t<\/div>\n\t\t<\/div>\n\t\t\t\t\t<\/div>\n\t\t<\/section>\n\t\t\t\t\t<\/div>\n\t\t<\/div>\n\t\t\t\t\t<\/div>\n\t\t<\/section>\n\t\t\t\t<\/div>\n\t\t","protected":false},"excerpt":{"rendered":"<p>ASIBA\/&#8221;Corintians&#8221;Equipe Masculina de Basquetebol Sele\u00e7\u00e3o Brasileira de Padel (Masculina e Feminina) Gustavo Wagner Dalla FaveraTricampe\u00e3o Ga\u00facho dos 100m e 200m Luana TabordaCampe\u00e3 Brasileira de Canoagem Velocidade \u00a0 Santa Maria SoldiersEquipe Masculina de Futebol Americano UFSM FutsalEquipes masculina e feminina SER SantiagoEquipe masculina de Futsal GOFITAtletas de corrida e ciclismo ASENAAtletas de Canoagem Atletismo UFSMAtletas Masculino [&hellip;]<\/p>\n","protected":false},"author":3833,"featured_media":0,"parent":0,"menu_order":0,"comment_status":"closed","ping_status":"closed","template":"","meta":{"footnotes":""},"categories":[],"tags":[],"class_list":["post-2735","page","type-page","status-publish","hentry"],"acf":[],"_links":{"self":[{"href":"https:\/\/www.ufsm.br\/unidades-universitarias\/cefd\/wp-json\/wp\/v2\/pages\/2735","targetHints":{"allow":["GET"]}}],"collection":[{"href":"https:\/\/www.ufsm.br\/unidades-universitarias\/cefd\/wp-json\/wp\/v2\/pages"}],"about":[{"href":"https:\/\/www.ufsm.br\/unidades-universitarias\/cefd\/wp-json\/wp\/v2\/types\/page"}],"author":[{"embeddable":true,"href":"https:\/\/www.ufsm.br\/unidades-universitarias\/cefd\/wp-json\/wp\/v2\/users\/3833"}],"replies":[{"embeddable":true,"href":"https:\/\/www.ufsm.br\/unidades-universitarias\/cefd\/wp-json\/wp\/v2\/comments?post=2735"}],"version-history":[{"count":0,"href":"https:\/\/www.ufsm.br\/unidades-universitarias\/cefd\/wp-json\/wp\/v2\/pages\/2735\/revisions"}],"wp:attachment":[{"href":"https:\/\/www.ufsm.br\/unidades-universitarias\/cefd\/wp-json\/wp\/v2\/media?parent=2735"}],"wp:term":[{"taxonomy":"category","embeddable":true,"href":"https:\/\/www.ufsm.br\/unidades-universitarias\/cefd\/wp-json\/wp\/v2\/categories?post=2735"},{"taxonomy":"post_tag","embeddable":true,"href":"https:\/\/www.ufsm.br\/unidades-universitarias\/cefd\/wp-json\/wp\/v2\/tags?post=2735"}],"curies":[{"name":"wp","href":"https:\/\/api.w.org\/{rel}","templated":true}]}}