{"id":3372,"date":"2026-03-11T14:11:18","date_gmt":"2026-03-11T17:11:18","guid":{"rendered":"https:\/\/www.ufsm.br\/unidades-universitarias\/cefd\/?page_id=3372"},"modified":"2026-03-11T14:39:55","modified_gmt":"2026-03-11T17:39:55","slug":"instalacao-e-manutencao-de-condicionadores-de-ar","status":"publish","type":"page","link":"https:\/\/www.ufsm.br\/unidades-universitarias\/cefd\/instalacao-e-manutencao-de-condicionadores-de-ar","title":{"rendered":"Instala\u00e7\u00e3o e Manuten\u00e7\u00e3o de Condicionadores de Ar"},"content":{"rendered":"\t\t<div data-elementor-type=\"wp-page\" data-elementor-id=\"3372\" class=\"elementor elementor-3372\">\n\t\t\t\t\t\t<section class=\"elementor-section elementor-top-section elementor-element elementor-element-72a04bb elementor-section-boxed elementor-section-height-default elementor-section-height-default\" data-id=\"72a04bb\" data-element_type=\"section\">\n\t\t\t\t\t\t<div class=\"elementor-container elementor-column-gap-default\">\n\t\t\t\t\t<div class=\"elementor-column elementor-col-100 elementor-top-column elementor-element elementor-element-bf8be67\" data-id=\"bf8be67\" data-element_type=\"column\">\n\t\t\t<div class=\"elementor-widget-wrap elementor-element-populated\">\n\t\t\t\t\t\t<div class=\"elementor-element elementor-element-6582f4c elementor-widget elementor-widget-text-editor\" data-id=\"6582f4c\" data-element_type=\"widget\" data-widget_type=\"text-editor.default\">\n\t\t\t\t<div class=\"elementor-widget-container\">\n\t\t\t\t\t\t\t<p data-start=\"250\" data-end=\"542\"><span style=\"font-size: 12pt\">Procedimento para <strong data-start=\"358\" data-end=\"453\">solicita\u00e7\u00e3o de instala\u00e7\u00e3o e manuten\u00e7\u00e3o de condicionadores de ar nas depend\u00eancias do CEFD<\/strong>, com base nas orienta\u00e7\u00f5es estabelecidas no <strong data-start=\"497\" data-end=\"541\">Memorando Circular n\u00ba 01\/2026 \u2013 PROINFRA<\/strong>.<\/span><\/p><h4 data-section-id=\"xpsoi7\" data-start=\"544\" data-end=\"572\"><span style=\"font-size: 12pt\">1. Solicita\u00e7\u00e3o do servi\u00e7o<\/span><\/h4><p data-start=\"573\" data-end=\"734\"><span style=\"font-size: 12pt\">As solicita\u00e7\u00f5es devem ser realizadas <strong data-start=\"610\" data-end=\"660\">pela subunidade na qual o servidor est\u00e1 lotado<\/strong> (coordena\u00e7\u00e3o de curso, departamento, secretaria ou setor administrativo).<\/span><\/p><p data-start=\"573\" data-end=\"734\"><span style=\"font-size: 12pt\">O pedido dever\u00e1 ser aberto <strong data-start=\"763\" data-end=\"813\">exclusivamente por meio de processo no PEN-SIE<\/strong>, utilizando o seguinte tipo de processo:<\/span><\/p><ul data-start=\"856\" data-end=\"950\"><li data-section-id=\"1wsjeyk\" data-start=\"856\" data-end=\"950\"><p data-start=\"858\" data-end=\"950\"><span style=\"font-size: 12pt\"><strong data-start=\"858\" data-end=\"950\">Solicita\u00e7\u00e3o de instala\u00e7\u00e3o ou manuten\u00e7\u00e3o de ar condicionado \u2013 Unidades de Ensino (041.52)<\/strong><\/span><\/p><\/li><\/ul><p data-start=\"952\" data-end=\"1086\"><span style=\"font-size: 12pt\">Ap\u00f3s a abertura do processo, este dever\u00e1 ser encaminhado ao <strong data-start=\"1012\" data-end=\"1048\">N\u00facleo de Infraestrutura do CEFD<\/strong>, respons\u00e1vel pela an\u00e1lise da demanda.<\/span><\/p><h4 data-section-id=\"1snnvcc\" data-start=\"1088\" data-end=\"1116\"><span style=\"font-size: 12pt\">2. An\u00e1lise da solicita\u00e7\u00e3o<\/span><\/h4><p data-start=\"1117\" data-end=\"1202\"><span style=\"font-size: 12pt\">O <strong data-start=\"1119\" data-end=\"1147\">N\u00facleo de Infraestrutura<\/strong> realizar\u00e1 a an\u00e1lise t\u00e9cnica da solicita\u00e7\u00e3o e definir\u00e1:<\/span><\/p><ul data-start=\"1204\" data-end=\"1280\"><li data-section-id=\"rzwedf\" data-start=\"1204\" data-end=\"1239\"><p data-start=\"1206\" data-end=\"1239\"><span style=\"font-size: 12pt\">a <strong data-start=\"1208\" data-end=\"1238\">viabilidade do atendimento<\/strong>;<\/span><\/p><\/li><li data-section-id=\"1i11vak\" data-start=\"1240\" data-end=\"1280\"><p data-start=\"1242\" data-end=\"1280\"><span style=\"font-size: 12pt\">a <strong data-start=\"1244\" data-end=\"1279\">ordem de prioridade da execu\u00e7\u00e3o<\/strong>.<\/span><\/p><\/li><\/ul><p data-start=\"1309\" data-end=\"1354\"><span style=\"font-size: 12pt\">A prioridade de atendimento ser\u00e1 sempre para:<\/span><\/p><ul data-start=\"1356\" data-end=\"1412\"><li data-section-id=\"eabhm3\" data-start=\"1356\" data-end=\"1412\"><p data-start=\"1358\" data-end=\"1412\"><span style=\"font-size: 12pt\"><strong data-start=\"1358\" data-end=\"1412\">Salas de aula utilizadas nas atividades de ensino.<\/strong><\/span><\/p><\/li><\/ul><p data-start=\"1414\" data-end=\"1626\"><span style=\"font-size: 12pt\">Outras demandas (salas administrativas, laborat\u00f3rios, salas de professores, entre outras) <strong data-start=\"1504\" data-end=\"1544\">poder\u00e3o ser atendidas posteriormente<\/strong>, sendo analisadas <strong data-start=\"1563\" data-end=\"1578\">caso a caso<\/strong>, conforme disponibilidade t\u00e9cnica e financeira.<\/span><\/p><h4 data-section-id=\"a8ecsl\" data-start=\"1628\" data-end=\"1658\"><span style=\"font-size: 12pt\">3. Recursos para manuten\u00e7\u00e3o<\/span><\/h4><p data-start=\"1659\" data-end=\"1782\"><span style=\"font-size: 12pt\">Os servi\u00e7os de manuten\u00e7\u00e3o e instala\u00e7\u00e3o ser\u00e3o realizados com <strong data-start=\"1719\" data-end=\"1781\">recursos financeiros disponibilizados pela Dire\u00e7\u00e3o do CEFD<\/strong>.<\/span><\/p><p data-start=\"1784\" data-end=\"1835\"><span style=\"font-size: 12pt\">De forma resumida, o funcionamento ser\u00e1 o seguinte:<\/span><\/p><ul data-start=\"1837\" data-end=\"2144\"><li data-section-id=\"id13cy\" data-start=\"1837\" data-end=\"1978\"><p data-start=\"1839\" data-end=\"1978\"><span style=\"font-size: 12pt\">No in\u00edcio de cada ano, <strong data-start=\"1862\" data-end=\"1977\">a Unidade (CEFD) realiza o repasse de recursos destinados \u00e0 manuten\u00e7\u00e3o de condicionadores de ar para a PROINFRA<\/strong>;<\/span><\/p><\/li><li data-section-id=\"1kwwr6a\" data-start=\"1979\" data-end=\"2035\"><p data-start=\"1981\" data-end=\"2035\"><span style=\"font-size: 12pt\">Esse valor \u00e9 <strong data-start=\"1994\" data-end=\"2034\">empenhado para execu\u00e7\u00e3o dos servi\u00e7os<\/strong>;<\/span><\/p><\/li><li data-section-id=\"8bmpeo\" data-start=\"2036\" data-end=\"2144\"><p data-start=\"2038\" data-end=\"2144\"><span style=\"font-size: 12pt\">\u00c0 medida que os servi\u00e7os forem realizados, <strong data-start=\"2081\" data-end=\"2143\">os custos ser\u00e3o descontados do saldo dispon\u00edvel da Unidade<\/strong>.<\/span><\/p><\/li><\/ul><h4 data-section-id=\"14a5erg\" data-start=\"2146\" data-end=\"2177\"><span style=\"font-size: 12pt\">4. Autoriza\u00e7\u00e3o para execu\u00e7\u00e3o<\/span><\/h4><p data-start=\"2178\" data-end=\"2406\"><span style=\"font-size: 12pt\">Todos os processos que forem analisados e <strong data-start=\"2220\" data-end=\"2310\">encaminhados pelo N\u00facleo de Infraestrutura ao Grupo de Manuten\u00e7\u00e3o Mec\u00e2nica da PROINFRA<\/strong> ser\u00e3o considerados <strong data-start=\"2330\" data-end=\"2359\">autorizados para execu\u00e7\u00e3o<\/strong>, utilizando o <strong data-start=\"2374\" data-end=\"2405\">saldo dispon\u00edvel da Unidade<\/strong>.<\/span><\/p><h4 data-section-id=\"1jqps6x\" data-start=\"2408\" data-end=\"2468\"><span style=\"font-size: 12pt\">5. Avalia\u00e7\u00e3o de manuten\u00e7\u00e3o ou substitui\u00e7\u00e3o do equipamento<\/span><\/h4><p data-start=\"2469\" data-end=\"2590\"><span style=\"font-size: 12pt\">Em alguns casos, o or\u00e7amento de manuten\u00e7\u00e3o pode apresentar <strong data-start=\"2528\" data-end=\"2545\">custo elevado<\/strong>, especialmente em equipamentos mais antigos.<\/span><\/p><p data-start=\"2592\" data-end=\"2830\"><span style=\"font-size: 12pt\">Quando isso ocorrer, ser\u00e1 realizada uma avalia\u00e7\u00e3o t\u00e9cnica e, <strong data-start=\"2653\" data-end=\"2721\">caso o equipamento possua aproximadamente mais de 10 anos de uso<\/strong>, o N\u00facleo de Infraestrutura poder\u00e1 <strong data-start=\"2757\" data-end=\"2807\">sugerir a substitui\u00e7\u00e3o do aparelho por um novo<\/strong>, em vez da manuten\u00e7\u00e3o.<\/span><\/p><p data-start=\"2832\" data-end=\"2847\"><span style=\"font-size: 12pt\">Nessa situa\u00e7\u00e3o:<\/span><\/p><ul data-start=\"2849\" data-end=\"3046\"><li data-section-id=\"86iyne\" data-start=\"2849\" data-end=\"2958\"><p data-start=\"2851\" data-end=\"2958\"><span style=\"font-size: 12pt\">caber\u00e1 \u00e0 <strong data-start=\"2860\" data-end=\"2957\">unidade solicitante verificar a disponibilidade financeira para aquisi\u00e7\u00e3o do novo equipamento<\/strong>;<\/span><\/p><\/li><li data-section-id=\"9hbyb3\" data-start=\"2959\" data-end=\"3046\"><p data-start=\"2961\" data-end=\"3046\"><span style=\"font-size: 12pt\">a compra dever\u00e1 observar a <strong data-start=\"2988\" data-end=\"3045\">divis\u00e3o de recursos definida pelo Conselho da Unidade<\/strong>.<\/span><\/p><\/li><\/ul><h4 data-section-id=\"1hzdcjm\" data-start=\"3048\" data-end=\"3085\"><span style=\"font-size: 12pt\">6. Acompanhamento das solicita\u00e7\u00f5es<\/span><\/h4><p data-start=\"3086\" data-end=\"3274\"><span style=\"font-size: 12pt\">Todas as demandas poder\u00e3o ser acompanhadas por meio de <strong data-start=\"3141\" data-end=\"3168\">painel de monitoramento<\/strong>, permitindo que as unidades visualizem o andamento das solicita\u00e7\u00f5es e o hist\u00f3rico de servi\u00e7os realizados.<\/span><\/p><p data-start=\"3276\" data-end=\"3309\"><span style=\"font-size: 12pt\">Acesse o painel pelo link abaixo:<\/span><span style=\"font-size: 12pt\">\u00a0<\/span><\/p>\t\t\t\t\t\t<\/div>\n\t\t\t\t<\/div>\n\t\t\t\t\t<\/div>\n\t\t<\/div>\n\t\t\t\t\t<\/div>\n\t\t<\/section>\n\t\t\t\t<section class=\"elementor-section elementor-top-section elementor-element elementor-element-870cf1e elementor-section-boxed elementor-section-height-default elementor-section-height-default\" data-id=\"870cf1e\" data-element_type=\"section\">\n\t\t\t\t\t\t<div class=\"elementor-container elementor-column-gap-default\">\n\t\t\t\t\t<div class=\"elementor-column elementor-col-100 elementor-top-column elementor-element elementor-element-bfa6351\" data-id=\"bfa6351\" data-element_type=\"column\">\n\t\t\t<div class=\"elementor-widget-wrap elementor-element-populated\">\n\t\t\t\t\t\t<div class=\"elementor-element elementor-element-254a927 elementor-align-center elementor-widget elementor-widget-button\" data-id=\"254a927\" data-element_type=\"widget\" data-widget_type=\"button.default\">\n\t\t\t\t<div class=\"elementor-widget-container\">\n\t\t\t\t\t\t\t<div class=\"elementor-button-wrapper\">\n\t\t\t\t\t<a class=\"elementor-button elementor-button-link elementor-size-sm\" href=\"https:\/\/app.powerbi.com\/view?r=eyJrIjoiODZlMjllZWMtZmQwOS00YzhmLTk1NGMtYWIwMmYwOWFkZTdlIiwidCI6Ijk3OTAyMGQ1LTQ5NTAtNGY0My1hOTk0LTg4ZDY4M2VhYjQ3MyJ9&#038;pageName=293fc39302a9ceb7b9ac\">\n\t\t\t\t\t\t<span class=\"elementor-button-content-wrapper\">\n\t\t\t\t\t\t\t\t\t<span class=\"elementor-button-text\">MONITORAMENTO - CONDICIONADOR DE AR<\/span>\n\t\t\t\t\t<\/span>\n\t\t\t\t\t<\/a>\n\t\t\t\t<\/div>\n\t\t\t\t\t\t<\/div>\n\t\t\t\t<\/div>\n\t\t\t\t\t<\/div>\n\t\t<\/div>\n\t\t\t\t\t<\/div>\n\t\t<\/section>\n\t\t\t\t<\/div>\n\t\t","protected":false},"excerpt":{"rendered":"<p>Procedimento para solicita\u00e7\u00e3o de instala\u00e7\u00e3o e manuten\u00e7\u00e3o de condicionadores de ar nas depend\u00eancias do CEFD, com base nas orienta\u00e7\u00f5es estabelecidas no Memorando Circular n\u00ba 01\/2026 \u2013 PROINFRA. 1. Solicita\u00e7\u00e3o do servi\u00e7o As solicita\u00e7\u00f5es devem ser realizadas pela subunidade na qual o servidor est\u00e1 lotado (coordena\u00e7\u00e3o de curso, departamento, secretaria ou setor administrativo). O pedido dever\u00e1 [&hellip;]<\/p>\n","protected":false},"author":493,"featured_media":0,"parent":0,"menu_order":0,"comment_status":"closed","ping_status":"closed","template":"","meta":{"footnotes":""},"categories":[],"tags":[],"class_list":["post-3372","page","type-page","status-publish","hentry"],"acf":[],"_links":{"self":[{"href":"https:\/\/www.ufsm.br\/unidades-universitarias\/cefd\/wp-json\/wp\/v2\/pages\/3372","targetHints":{"allow":["GET"]}}],"collection":[{"href":"https:\/\/www.ufsm.br\/unidades-universitarias\/cefd\/wp-json\/wp\/v2\/pages"}],"about":[{"href":"https:\/\/www.ufsm.br\/unidades-universitarias\/cefd\/wp-json\/wp\/v2\/types\/page"}],"author":[{"embeddable":true,"href":"https:\/\/www.ufsm.br\/unidades-universitarias\/cefd\/wp-json\/wp\/v2\/users\/493"}],"replies":[{"embeddable":true,"href":"https:\/\/www.ufsm.br\/unidades-universitarias\/cefd\/wp-json\/wp\/v2\/comments?post=3372"}],"version-history":[{"count":0,"href":"https:\/\/www.ufsm.br\/unidades-universitarias\/cefd\/wp-json\/wp\/v2\/pages\/3372\/revisions"}],"wp:attachment":[{"href":"https:\/\/www.ufsm.br\/unidades-universitarias\/cefd\/wp-json\/wp\/v2\/media?parent=3372"}],"wp:term":[{"taxonomy":"category","embeddable":true,"href":"https:\/\/www.ufsm.br\/unidades-universitarias\/cefd\/wp-json\/wp\/v2\/categories?post=3372"},{"taxonomy":"post_tag","embeddable":true,"href":"https:\/\/www.ufsm.br\/unidades-universitarias\/cefd\/wp-json\/wp\/v2\/tags?post=3372"}],"curies":[{"name":"wp","href":"https:\/\/api.w.org\/{rel}","templated":true}]}}