{"id":544,"date":"2018-12-14T11:57:00","date_gmt":"2018-12-14T13:57:00","guid":{"rendered":"https:\/\/www.ufsm.br\/unidades-universitarias\/ctism\/cte\/?page_id=544"},"modified":"2018-12-19T12:00:24","modified_gmt":"2018-12-19T14:00:24","slug":"automacao-industrial-polos-sao-joao-do-polesine","status":"publish","type":"page","link":"https:\/\/www.ufsm.br\/unidades-universitarias\/ctism\/cte\/automacao-industrial-polos-sao-joao-do-polesine","title":{"rendered":"Automa\u00e7\u00e3o Industrial &#8211; Polos &#8211; S\u00e3o Jo\u00e3o do Pol\u00easine"},"content":{"rendered":"\t\t<div data-elementor-type=\"wp-post\" data-elementor-id=\"544\" class=\"elementor elementor-544 elementor-bc-flex-widget\">\n\t\t\t\t\t\t<section class=\"elementor-section elementor-top-section elementor-element elementor-element-75affff elementor-section-boxed elementor-section-height-default elementor-section-height-default\" data-id=\"75affff\" data-element_type=\"section\">\n\t\t\t\t\t\t<div class=\"elementor-container elementor-column-gap-default\">\n\t\t\t\t\t<div class=\"elementor-column elementor-col-100 elementor-top-column elementor-element elementor-element-f36e587\" data-id=\"f36e587\" data-element_type=\"column\">\n\t\t\t<div class=\"elementor-widget-wrap elementor-element-populated\">\n\t\t\t\t\t\t<div class=\"elementor-element elementor-element-a813185 elementor-widget elementor-widget-text-editor\" data-id=\"a813185\" data-element_type=\"widget\" data-widget_type=\"text-editor.default\">\n\t\t\t\t<div class=\"elementor-widget-container\">\n\t\t\t\t\t\t\t<p style=\"overflow-wrap: break-word; font-family: 'Helvetica Neue', Helvetica, Arial, sans-serif; font-size: 13px; text-align: justify; line-height: 1.6;\">S\u00e3o Jo\u00e3o do Pol\u00easine \u00e9 uma das cidades centrais da Regi\u00e3o da Quarta Col\u00f4nia de Imigra\u00e7\u00e3o Italiana Protegida por um belo vale na tranquilidade do interior ga\u00facho, com 83,95Km\u00b2, localizado na Depress\u00e3o Central, no centro do RS. Ele fica a 280 KM de Porto Alegre ,45 km de Santa Maria;Tem uma popula\u00e7\u00e3o de 2.680 habitantes, predominando a origem italiana. Faz limite ao norte com Faxinal do Soturno, ao sul com Restinga Seca, ao leste com Dona Francisca e a oeste com Silveira Martins.\u00c9 constitu\u00eddo por tr\u00eas Distritos: o primeiro \u00e9 formado pela Sede, Linha da Lagoa, Vila Ceolin, Ribeir\u00e3o e demais localidades dos arredores da cidade.O segundo, \u00e9 constituido por Vale V\u00eaneto- distrito tur\u00edstico. O\u00a0 terceiro Recanto Maestro. A economia do munic\u00edpio \u00e9 basicamente agr\u00edcola. Cultiva-se principalmente arroz, milho, soja e frutas. A\u00a0 religiosidade em S\u00e3o Jo\u00e3o do Pol\u00easine \u00e9 marcante. Capelas e capit\u00e9is se espalham pelas muitas localidades, com sua arquitetura muito peculiar. Em S\u00e3o Jo\u00e3o do Pol\u00easine, fica o marco onde nasceu o Di\u00e1cono Jo\u00e3o Luiz Pozzobon, que poder\u00e1 vir a ser santo. Para conhecer o Monumento \u00e0 Nossa Senhora da Salete, a Padroeira dos Agricultores, e conteplar a beleza do vale \u00e9 preciso antes subir os seus 77 degraus, mas a vis\u00e3o \u00e9 recompensadora.\no Curso de Automa\u00e7\u00e3o Industrial ser\u00e1 sediado junto ao Polo de Apoio Presencial UAB de S\u00e3o Jo\u00e3o do Pol\u00easine.<\/span><\/p>\n<p style=\"overflow-wrap: break-word; font-family: 'Helvetica Neue', Helvetica, Arial, sans-serif; font-size: 13px; text-align: justify; line-height: 1.6;\"><em>Endere\u00e7o:<\/em>\u00a0<em>Avenida S\u00e3o Jo\u00e3o,1532- Centro<\/em>\u00a0<em>CEP: 97230000\u00a0\u00a0(55) 3269 1249<\/em><\/p>\n<p style=\"overflow-wrap: break-word; font-family: 'Helvetica Neue', Helvetica, Arial, sans-serif; font-size: 13px; text-align: justify; line-height: 1.6;\"><em>1\u00aa edi\u00e7\u00e3o do curso de Automa\u00e7\u00e3o Industrial &#8211; Ofertado em 2012 &#8211; Conclu\u00eddo<\/em><\/p>\n<p style=\"overflow-wrap: break-word; font-family: 'Helvetica Neue', Helvetica, Arial, sans-serif; font-size: 13px; text-align: justify; line-height: 1.6;\"><em>____<\/em><\/p>\n<p style=\"overflow-wrap: break-word; font-family: 'Helvetica Neue', Helvetica, Arial, sans-serif; font-size: 13px; text-align: justify; line-height: 1.6;\">Coordenador do Polo ETEC\nNome: Marcos Ant\u00f4nio Cera\nTelefone: (55)32691155\nE-mail:\u00a0<a style=\"color: #0088cc;\" href=\"mailto:secadpolesine@gmail.com\">secadpolesine@gmail.com<\/a>\nEndere\u00e7o: Rua Guilherme Alberti, 1631<\/p>\t\t\t\t\t\t<\/div>\n\t\t\t\t<\/div>\n\t\t\t\t\t<\/div>\n\t\t<\/div>\n\t\t\t\t\t<\/div>\n\t\t<\/section>\n\t\t\t\t<\/div>\n\t\t","protected":false},"excerpt":{"rendered":"<p>S\u00e3o Jo\u00e3o do Pol\u00easine \u00e9 uma das cidades centrais da Regi\u00e3o da Quarta Col\u00f4nia de Imigra\u00e7\u00e3o Italiana Protegida por um belo vale na tranquilidade do interior ga\u00facho, com 83,95Km\u00b2, localizado na Depress\u00e3o Central, no centro do RS. Ele fica a 280 KM de Porto Alegre ,45 km de Santa Maria;Tem uma popula\u00e7\u00e3o de 2.680 habitantes, [&hellip;]<\/p>\n","protected":false},"author":262,"featured_media":0,"parent":0,"menu_order":0,"comment_status":"closed","ping_status":"closed","template":"","meta":{"footnotes":""},"categories":[],"tags":[],"class_list":["post-544","page","type-page","status-publish","hentry"],"acf":[],"_links":{"self":[{"href":"https:\/\/www.ufsm.br\/unidades-universitarias\/ctism\/cte\/wp-json\/wp\/v2\/pages\/544","targetHints":{"allow":["GET"]}}],"collection":[{"href":"https:\/\/www.ufsm.br\/unidades-universitarias\/ctism\/cte\/wp-json\/wp\/v2\/pages"}],"about":[{"href":"https:\/\/www.ufsm.br\/unidades-universitarias\/ctism\/cte\/wp-json\/wp\/v2\/types\/page"}],"author":[{"embeddable":true,"href":"https:\/\/www.ufsm.br\/unidades-universitarias\/ctism\/cte\/wp-json\/wp\/v2\/users\/262"}],"replies":[{"embeddable":true,"href":"https:\/\/www.ufsm.br\/unidades-universitarias\/ctism\/cte\/wp-json\/wp\/v2\/comments?post=544"}],"version-history":[{"count":0,"href":"https:\/\/www.ufsm.br\/unidades-universitarias\/ctism\/cte\/wp-json\/wp\/v2\/pages\/544\/revisions"}],"wp:attachment":[{"href":"https:\/\/www.ufsm.br\/unidades-universitarias\/ctism\/cte\/wp-json\/wp\/v2\/media?parent=544"}],"wp:term":[{"taxonomy":"category","embeddable":true,"href":"https:\/\/www.ufsm.br\/unidades-universitarias\/ctism\/cte\/wp-json\/wp\/v2\/categories?post=544"},{"taxonomy":"post_tag","embeddable":true,"href":"https:\/\/www.ufsm.br\/unidades-universitarias\/ctism\/cte\/wp-json\/wp\/v2\/tags?post=544"}],"curies":[{"name":"wp","href":"https:\/\/api.w.org\/{rel}","templated":true}]}}