{"id":1025,"date":"2018-09-25T14:46:03","date_gmt":"2018-09-25T17:46:03","guid":{"rendered":"https:\/\/www.ufsm.br\/unidades-universitarias\/ctism\/?page_id=1025"},"modified":"2018-12-11T09:57:07","modified_gmt":"2018-12-11T11:57:07","slug":"projeto-cidadania","status":"publish","type":"page","link":"https:\/\/www.ufsm.br\/unidades-universitarias\/ctism\/projeto-cidadania","title":{"rendered":"Projeto Cidadania"},"content":{"rendered":"<p style=\"text-align: justify\"><span style=\"font-family: verdana, geneva, sans-serif\">O projeto teve in\u00edcio em mar\u00e7o deste ano e surgiu da necessidade de haver um projeto integrador que fomentasse a discuss\u00e3o e a reflex\u00e3o sobre tem\u00e1ticas variadas relacionadas a uma educa\u00e7\u00e3o cr\u00edtica e transformadora. \u00c9 um projeto que re\u00fane m\u00faltiplas \u00e1reas do conhecimento e que tem por foco a forma\u00e7\u00e3o para uma\u00a0<strong>cidadania cr\u00edtica, reflexiva e consciente<\/strong>.<\/span><\/p>\n<p><a href=\"http:\/\/www.ctism.ufsm.br\/projetocidadania\/\"><span style=\"font-family: verdana, geneva, sans-serif\">P\u00e1gina Projeto Cidadania\u00a0<\/span><\/a><\/p>\n","protected":false},"excerpt":{"rendered":"<p>O projeto teve in\u00edcio em mar\u00e7o deste ano e surgiu da necessidade de haver um projeto integrador que fomentasse a discuss\u00e3o e a reflex\u00e3o sobre tem\u00e1ticas variadas relacionadas a uma educa\u00e7\u00e3o cr\u00edtica e transformadora. \u00c9 um projeto que re\u00fane m\u00faltiplas \u00e1reas do conhecimento e que tem por foco a forma\u00e7\u00e3o para uma\u00a0cidadania cr\u00edtica, reflexiva e [&hellip;]<\/p>\n","protected":false},"author":115,"featured_media":0,"parent":0,"menu_order":0,"comment_status":"closed","ping_status":"closed","template":"","meta":{"footnotes":""},"categories":[],"tags":[],"class_list":["post-1025","page","type-page","status-publish","hentry"],"acf":[],"_links":{"self":[{"href":"https:\/\/www.ufsm.br\/unidades-universitarias\/ctism\/wp-json\/wp\/v2\/pages\/1025","targetHints":{"allow":["GET"]}}],"collection":[{"href":"https:\/\/www.ufsm.br\/unidades-universitarias\/ctism\/wp-json\/wp\/v2\/pages"}],"about":[{"href":"https:\/\/www.ufsm.br\/unidades-universitarias\/ctism\/wp-json\/wp\/v2\/types\/page"}],"author":[{"embeddable":true,"href":"https:\/\/www.ufsm.br\/unidades-universitarias\/ctism\/wp-json\/wp\/v2\/users\/115"}],"replies":[{"embeddable":true,"href":"https:\/\/www.ufsm.br\/unidades-universitarias\/ctism\/wp-json\/wp\/v2\/comments?post=1025"}],"version-history":[{"count":0,"href":"https:\/\/www.ufsm.br\/unidades-universitarias\/ctism\/wp-json\/wp\/v2\/pages\/1025\/revisions"}],"wp:attachment":[{"href":"https:\/\/www.ufsm.br\/unidades-universitarias\/ctism\/wp-json\/wp\/v2\/media?parent=1025"}],"wp:term":[{"taxonomy":"category","embeddable":true,"href":"https:\/\/www.ufsm.br\/unidades-universitarias\/ctism\/wp-json\/wp\/v2\/categories?post=1025"},{"taxonomy":"post_tag","embeddable":true,"href":"https:\/\/www.ufsm.br\/unidades-universitarias\/ctism\/wp-json\/wp\/v2\/tags?post=1025"}],"curies":[{"name":"wp","href":"https:\/\/api.w.org\/{rel}","templated":true}]}}