{"id":5436,"date":"2022-07-11T16:40:17","date_gmt":"2022-07-11T19:40:17","guid":{"rendered":"https:\/\/www.ufsm.br\/unidades-universitarias\/ctism\/?page_id=5436"},"modified":"2022-07-11T16:40:25","modified_gmt":"2022-07-11T19:40:25","slug":"laboratorio-de-transformacao-de-polimeros","status":"publish","type":"page","link":"https:\/\/www.ufsm.br\/unidades-universitarias\/ctism\/laboratorio-de-transformacao-de-polimeros","title":{"rendered":"Laborat\u00f3rio de Transforma\u00e7\u00e3o de Pol\u00edmeros"},"content":{"rendered":"\n<p><strong>Apresenta\u00e7\u00e3o:<\/strong><\/p>\n<p>Nesse laborat\u00f3rio, s\u00e3o desenvolvidas atividades de recupera\u00e7\u00e3o mec\u00e2nica de termopl\u00e1sticos atrav\u00e9s dos processos de moagem em moinho de navalhas, de aglutina\u00e7\u00e3o por aglutinador e de extrus\u00e3o para obten\u00e7\u00e3o de pelets em picotador. O laborat\u00f3rio em quest\u00e3o possui uma injetora de pol\u00edmeros para treinamento do processo de inje\u00e7\u00e3o e uma extrusora para o treinamento do processo de extrus\u00e3o de filmes.<\/p>\n<p>Atualmente, \u00e9 desenvolvido, nesse laborat\u00f3rio, em conv\u00eanio com o Tribunal de Justi\u00e7a do Rio Grande do Sul, um projeto de extens\u00e3o com o objetivo de investigar meios de destrui\u00e7\u00e3o e de descaracteriza\u00e7\u00e3o de CD\u2019s e de DVD\u00b4s piratas apreendidos em processos judiciais no tribunal mencionado. Esse projeto tem por finalidade, ainda, o estudo para a correta destina\u00e7\u00e3o dos res\u00edduos obtidos na destrui\u00e7\u00e3o desse material il\u00edcito citado.<\/p>\n<p><span style=\"color: #000000\"><strong>Respons\u00e1vel:<\/strong> Luciano Caldeira Vilanova <strong>|<\/strong> <strong>Pr\u00e9dio:<\/strong> 05B, <strong>Sala:<\/strong> 2202 <strong>|<\/strong> <strong>E-mail: <\/strong>vilanova@ctism.ufsm.br<\/span><\/p>\n","protected":false},"excerpt":{"rendered":"<p>Apresenta\u00e7\u00e3o: Nesse laborat\u00f3rio, s\u00e3o desenvolvidas atividades de recupera\u00e7\u00e3o mec\u00e2nica de termopl\u00e1sticos atrav\u00e9s dos processos de moagem em moinho de navalhas, de aglutina\u00e7\u00e3o por aglutinador e de extrus\u00e3o para obten\u00e7\u00e3o de pelets em picotador. O laborat\u00f3rio em quest\u00e3o possui uma injetora de pol\u00edmeros para treinamento do processo de inje\u00e7\u00e3o e uma extrusora para o treinamento do [&hellip;]<\/p>\n","protected":false},"author":5614,"featured_media":0,"parent":0,"menu_order":0,"comment_status":"closed","ping_status":"closed","template":"","meta":{"footnotes":""},"categories":[],"tags":[],"class_list":["post-5436","page","type-page","status-publish","hentry"],"acf":[],"_links":{"self":[{"href":"https:\/\/www.ufsm.br\/unidades-universitarias\/ctism\/wp-json\/wp\/v2\/pages\/5436","targetHints":{"allow":["GET"]}}],"collection":[{"href":"https:\/\/www.ufsm.br\/unidades-universitarias\/ctism\/wp-json\/wp\/v2\/pages"}],"about":[{"href":"https:\/\/www.ufsm.br\/unidades-universitarias\/ctism\/wp-json\/wp\/v2\/types\/page"}],"author":[{"embeddable":true,"href":"https:\/\/www.ufsm.br\/unidades-universitarias\/ctism\/wp-json\/wp\/v2\/users\/5614"}],"replies":[{"embeddable":true,"href":"https:\/\/www.ufsm.br\/unidades-universitarias\/ctism\/wp-json\/wp\/v2\/comments?post=5436"}],"version-history":[{"count":0,"href":"https:\/\/www.ufsm.br\/unidades-universitarias\/ctism\/wp-json\/wp\/v2\/pages\/5436\/revisions"}],"wp:attachment":[{"href":"https:\/\/www.ufsm.br\/unidades-universitarias\/ctism\/wp-json\/wp\/v2\/media?parent=5436"}],"wp:term":[{"taxonomy":"category","embeddable":true,"href":"https:\/\/www.ufsm.br\/unidades-universitarias\/ctism\/wp-json\/wp\/v2\/categories?post=5436"},{"taxonomy":"post_tag","embeddable":true,"href":"https:\/\/www.ufsm.br\/unidades-universitarias\/ctism\/wp-json\/wp\/v2\/tags?post=5436"}],"curies":[{"name":"wp","href":"https:\/\/api.w.org\/{rel}","templated":true}]}}