{"id":709,"date":"2018-09-17T18:06:42","date_gmt":"2018-09-17T21:06:42","guid":{"rendered":"https:\/\/www.ufsm.br\/unidades-universitarias\/ctism\/?page_id=709"},"modified":"2023-07-03T14:38:12","modified_gmt":"2023-07-03T17:38:12","slug":"projeto-politico-pedagogico","status":"publish","type":"page","link":"https:\/\/www.ufsm.br\/unidades-universitarias\/ctism\/projeto-politico-pedagogico","title":{"rendered":"Projeto Pol\u00edtico Pedag\u00f3gico"},"content":{"rendered":"<p style=\"text-align: justify\"><span style=\"font-family: verdana, geneva, sans-serif\">O Projeto Pol\u00edtico Pedag\u00f3gico do Col\u00e9gio T\u00e9cnico Industrial est\u00e1 pautado em concep\u00e7\u00f5es e em reflex\u00f5es dos profissionais da institui\u00e7\u00e3o, sobretudo, em termos did\u00e1tico-pedag\u00f3gicos. Ele fundamenta-se na Lei de Diretrizes e Bases da Educa\u00e7\u00e3o Nacional, Lei n\u00ba 9394\/96, que, em seu artigo 12, legisla sobre a constru\u00e7\u00e3o do Projeto Pol\u00edtico Pedag\u00f3gico dos estabelecimentos de ensino, no sentido de reconhecer a capacidade das escolas em elaborar e em executar sua proposta pedag\u00f3gica a partir da gest\u00e3o participativa de todos os segmentos que fazem parte da comunidade escolar.<\/span><\/p>\n<p>&nbsp;<\/p>\n","protected":false},"excerpt":{"rendered":"<p>O Projeto Pol\u00edtico Pedag\u00f3gico do Col\u00e9gio T\u00e9cnico Industrial est\u00e1 pautado em concep\u00e7\u00f5es e em reflex\u00f5es dos profissionais da institui\u00e7\u00e3o, sobretudo, em termos did\u00e1tico-pedag\u00f3gicos. Ele fundamenta-se na Lei de Diretrizes e Bases da Educa\u00e7\u00e3o Nacional, Lei n\u00ba 9394\/96, que, em seu artigo 12, legisla sobre a constru\u00e7\u00e3o do Projeto Pol\u00edtico Pedag\u00f3gico dos estabelecimentos de ensino, no [&hellip;]<\/p>\n","protected":false},"author":115,"featured_media":0,"parent":0,"menu_order":0,"comment_status":"closed","ping_status":"closed","template":"","meta":{"footnotes":""},"categories":[],"tags":[],"class_list":["post-709","page","type-page","status-publish","hentry"],"acf":[],"_links":{"self":[{"href":"https:\/\/www.ufsm.br\/unidades-universitarias\/ctism\/wp-json\/wp\/v2\/pages\/709","targetHints":{"allow":["GET"]}}],"collection":[{"href":"https:\/\/www.ufsm.br\/unidades-universitarias\/ctism\/wp-json\/wp\/v2\/pages"}],"about":[{"href":"https:\/\/www.ufsm.br\/unidades-universitarias\/ctism\/wp-json\/wp\/v2\/types\/page"}],"author":[{"embeddable":true,"href":"https:\/\/www.ufsm.br\/unidades-universitarias\/ctism\/wp-json\/wp\/v2\/users\/115"}],"replies":[{"embeddable":true,"href":"https:\/\/www.ufsm.br\/unidades-universitarias\/ctism\/wp-json\/wp\/v2\/comments?post=709"}],"version-history":[{"count":0,"href":"https:\/\/www.ufsm.br\/unidades-universitarias\/ctism\/wp-json\/wp\/v2\/pages\/709\/revisions"}],"wp:attachment":[{"href":"https:\/\/www.ufsm.br\/unidades-universitarias\/ctism\/wp-json\/wp\/v2\/media?parent=709"}],"wp:term":[{"taxonomy":"category","embeddable":true,"href":"https:\/\/www.ufsm.br\/unidades-universitarias\/ctism\/wp-json\/wp\/v2\/categories?post=709"},{"taxonomy":"post_tag","embeddable":true,"href":"https:\/\/www.ufsm.br\/unidades-universitarias\/ctism\/wp-json\/wp\/v2\/tags?post=709"}],"curies":[{"name":"wp","href":"https:\/\/api.w.org\/{rel}","templated":true}]}}