{"id":8944,"date":"2024-01-22T11:09:27","date_gmt":"2024-01-22T14:09:27","guid":{"rendered":"https:\/\/www.ufsm.br\/unidades-universitarias\/ctism\/?page_id=8944"},"modified":"2024-08-19T15:10:24","modified_gmt":"2024-08-19T18:10:24","slug":"horarios-1-2024","status":"publish","type":"page","link":"https:\/\/www.ufsm.br\/unidades-universitarias\/ctism\/horarios-1-2024","title":{"rendered":"Hor\u00e1rios 1\/2024"},"content":{"rendered":"\t\t<div data-elementor-type=\"wp-page\" data-elementor-id=\"8944\" class=\"elementor elementor-8944\">\n\t\t\t\t\t\t<section class=\"elementor-section elementor-top-section elementor-element elementor-element-95afc43 elementor-section-boxed elementor-section-height-default elementor-section-height-default\" data-id=\"95afc43\" data-element_type=\"section\">\n\t\t\t\t\t\t<div class=\"elementor-container elementor-column-gap-default\">\n\t\t\t\t\t<div class=\"elementor-column elementor-col-100 elementor-top-column elementor-element elementor-element-f46e549\" data-id=\"f46e549\" data-element_type=\"column\">\n\t\t\t<div class=\"elementor-widget-wrap elementor-element-populated\">\n\t\t\t\t\t\t<div class=\"elementor-element elementor-element-c077546 elementor-widget elementor-widget-text-editor\" data-id=\"c077546\" data-element_type=\"widget\" data-widget_type=\"text-editor.default\">\n\t\t\t\t<div class=\"elementor-widget-container\">\n\t\t\t\t\t\t\t<h3 style=\"color: #000000;text-align: center\"><span style=\"font-family: verdana, geneva, sans-serif;color: #000000\">1\u00ba Semestre de 2024<\/span><\/h3>\n<p style=\"color: #000000;font-size: 16px;text-align: center\"><span style=\"font-weight: bolder\"><span style=\"font-family: verdana, geneva, sans-serif;color: #ff0000\">Hor\u00e1rios atualizados em 11\/03\/2024, \u00e0s 13h52min<\/span><\/span><\/p>\t\t\t\t\t\t<\/div>\n\t\t\t\t<\/div>\n\t\t\t\t\t<\/div>\n\t\t<\/div>\n\t\t\t\t\t<\/div>\n\t\t<\/section>\n\t\t\t\t<section class=\"elementor-section elementor-top-section elementor-element elementor-element-a8d0453 elementor-section-boxed elementor-section-height-default elementor-section-height-default\" data-id=\"a8d0453\" data-element_type=\"section\">\n\t\t\t\t\t\t<div class=\"elementor-container elementor-column-gap-default\">\n\t\t\t\t\t<div class=\"elementor-column elementor-col-50 elementor-top-column elementor-element elementor-element-b08824e\" data-id=\"b08824e\" data-element_type=\"column\">\n\t\t\t<div class=\"elementor-widget-wrap elementor-element-populated\">\n\t\t\t\t\t\t<div class=\"elementor-element elementor-element-1acd2a1 elementor-widget elementor-widget-heading\" data-id=\"1acd2a1\" data-element_type=\"widget\" data-widget_type=\"heading.default\">\n\t\t\t\t<div class=\"elementor-widget-container\">\n\t\t\t<h5 class=\"elementor-heading-title elementor-size-default\">Cursos T\u00e9cnicos Subsequentes<\/h5>\t\t<\/div>\n\t\t\t\t<\/div>\n\t\t\t\t<div class=\"elementor-element elementor-element-cea10e6 elementor-widget elementor-widget-text-editor\" data-id=\"cea10e6\" data-element_type=\"widget\" data-widget_type=\"text-editor.default\">\n\t\t\t\t<div class=\"elementor-widget-container\">\n\t\t\t\t\t\t\t<p style=\"color: #000000;font-size: 16px\"><span style=\"font-family: verdana, geneva, sans-serif;color: #000000;font-size: 10pt\"><span style=\"font-weight: bolder\">T\u00e9cnico em Eletrot\u00e9cnica<\/span><\/span><\/p><p style=\"color: #000000;font-size: 16px;padding-left: 30px\"><span style=\"font-family: verdana, geneva, sans-serif;font-size: 10pt\"><a style=\"color: #204c90\" href=\"https:\/\/www.ufsm.br\/app\/uploads\/sites\/360\/2024\/01\/311.pdf\">Turma-311<\/a>\u00a0&#8211; 1<span style=\"color: #000000\">\u00ba semestre<\/span><\/span><\/p><p style=\"color: #000000;font-size: 16px;padding-left: 30px\"><a style=\"font-family: verdana, geneva, sans-serif;font-size: 10pt;font-weight: var( --e-global-typography-text-font-weight );text-align: var(--bs-body-text-align);color: #204c90\" href=\"https:\/\/www.ufsm.br\/app\/uploads\/sites\/360\/2024\/01\/331.pdf\">Turma 331<\/a><span style=\"font-family: verdana, geneva, sans-serif;font-size: 10pt;font-weight: var( --e-global-typography-text-font-weight );text-align: var(--bs-body-text-align)\">\u00a0&#8211; 3<\/span><span style=\"color: #000000;font-family: verdana, geneva, sans-serif;font-size: 10pt;font-weight: var( --e-global-typography-text-font-weight );text-align: var(--bs-body-text-align)\">\u00ba semestre<\/span><\/p><p style=\"color: #000000;font-size: 16px\"><span style=\"font-weight: bolder;text-align: var(--bs-body-text-align)\">T\u00e9cnico em Mec\u00e2nica<\/span><\/p><p style=\"color: #000000;font-size: 16px;padding-left: 30px\"><span style=\"font-family: verdana, geneva, sans-serif;font-size: 10pt\"><a style=\"color: #204c90\" href=\"https:\/\/www.ufsm.br\/app\/uploads\/sites\/360\/2024\/01\/312.pdf\">Turma 312<\/a>\u00a0&#8211; 1\u00ba semestre<\/span><\/p><p style=\"color: #000000;font-size: 16px;padding-left: 30px\"><span style=\"font-family: verdana, geneva, sans-serif;font-size: 10pt\"><a style=\"color: #204c90\" href=\"https:\/\/www.ufsm.br\/app\/uploads\/sites\/360\/2024\/01\/332.pdf\">Turma 332<\/a>\u00a0&#8211; 3\u00ba semestre<\/span><\/p><p style=\"color: #000000;font-size: 16px\"><span style=\"font-weight: bolder;text-align: var(--bs-body-text-align)\">T\u00e9cnico em Soldagem<\/span><\/p><p style=\"color: #000000;font-size: 16px;padding-left: 30px\"><span style=\"font-family: verdana, geneva, sans-serif;font-size: 10pt\"><a style=\"color: #204c90\" href=\"https:\/\/www.ufsm.br\/app\/uploads\/sites\/360\/2024\/01\/314.pdf\">Turma 314<\/a>\u00a0&#8211; 1\u00ba semestre<\/span><\/p><p style=\"color: #000000;font-size: 16px;padding-left: 30px\"><span style=\"font-family: verdana, geneva, sans-serif;font-size: 10pt\"><a style=\"color: #204c90\" href=\"https:\/\/www.ufsm.br\/app\/uploads\/sites\/360\/2024\/01\/334.pdf\">Turma 334<\/a>\u00a0&#8211; 3\u00ba semestre<\/span><\/p><p style=\"color: #000000;font-size: 16px\"><span style=\"font-weight: bolder;text-align: var(--bs-body-text-align)\">T\u00e9cnico em Seguran\u00e7a do Trabalho<\/span><\/p><p style=\"color: #000000;font-size: 16px;padding-left: 30px\"><span style=\"font-family: verdana, geneva, sans-serif;font-size: 10pt\"><a style=\"color: #204c90\" href=\"https:\/\/www.ufsm.br\/app\/uploads\/sites\/360\/2024\/01\/315-1.pdf\">Turma 315<\/a>\u00a0&#8211; 1\u00ba semestre<\/span><\/p><p style=\"color: #000000;font-size: 16px;padding-left: 30px\"><span style=\"font-family: verdana, geneva, sans-serif;font-size: 10pt\"><a style=\"color: #204c90\" href=\"https:\/\/www.ufsm.br\/app\/uploads\/sites\/360\/2024\/01\/335-1.pdf\">Turma 335<\/a>\u00a0&#8211; 3\u00ba semestre<\/span><\/p><p style=\"color: #000000;font-size: 16px\"><span style=\"font-family: verdana, geneva, sans-serif;color: #000000;font-size: 10pt\"><span style=\"font-weight: bolder\">T\u00e9cnico em Automa\u00e7\u00e3o Industrial<\/span><\/span><\/p><p style=\"color: #000000;font-size: 16px;padding-left: 30px\"><span style=\"font-family: verdana, geneva, sans-serif;font-size: 10pt\"><a style=\"color: #204c90\" href=\"https:\/\/www.ufsm.br\/app\/uploads\/sites\/360\/2024\/01\/316.pdf\">Turma 316<\/a>\u00a0&#8211; 1<span style=\"color: #000000\">\u00ba semestre<\/span><\/span><\/p><p style=\"color: #000000;font-size: 16px;padding-left: 30px\"><span style=\"font-family: verdana, geneva, sans-serif;font-size: 10pt\"><a style=\"color: #204c90\" href=\"https:\/\/www.ufsm.br\/app\/uploads\/sites\/360\/2024\/01\/336.pdf\">Turma 336<\/a>\u00a0&#8211; 3<span style=\"color: #000000\">\u00ba semestre<\/span><\/span><\/p><p style=\"color: #000000;font-size: 16px\"><span style=\"font-family: verdana, geneva, sans-serif;color: #000000;font-size: 10pt\"><span style=\"font-weight: bolder\">T\u00e9cnico em Eletromec\u00e2nica<\/span><\/span><\/p><p style=\"color: #000000;font-size: 16px;padding-left: 30px\"><span style=\"font-family: verdana, geneva, sans-serif;font-size: 10pt\"><a style=\"color: #204c90\" href=\"https:\/\/www.ufsm.br\/app\/uploads\/sites\/360\/2024\/01\/317.pdf\">Turma 317<\/a>\u00a0&#8211; 1<span style=\"color: #000000\">\u00ba semestre<\/span><\/span><\/p><p style=\"color: #000000;font-size: 16px;padding-left: 30px\"><span style=\"font-family: verdana, geneva, sans-serif;font-size: 10pt\"><a style=\"color: #204c90\" href=\"https:\/\/www.ufsm.br\/app\/uploads\/sites\/360\/2024\/01\/337.pdf\">Turma 337<\/a>\u00a0&#8211; 3<span style=\"color: #000000\">\u00ba semestre<\/span><\/span><\/p><p style=\"color: #000000;font-size: 16px\"><span style=\"color: #000000;font-size: 10pt\"><span style=\"font-weight: bolder\">T\u00e9cnico em Eletr\u00f4nica<\/span><\/span><\/p><p style=\"color: #000000;font-size: 16px;padding-left: 30px\"><span style=\"font-family: verdana, geneva, sans-serif;font-size: 10pt\"><a style=\"color: #204c90\" href=\"https:\/\/www.ufsm.br\/app\/uploads\/sites\/360\/2024\/01\/319.pdf\">Turma-319<\/a>\u00a0&#8211; 1<span style=\"color: #000000\">\u00ba semestre<\/span><\/span><\/p><p style=\"color: #000000;font-size: 16px;padding-left: 30px\"><span style=\"font-family: verdana, geneva, sans-serif;font-size: 10pt\"><a style=\"color: #204c90\" href=\"https:\/\/www.ufsm.br\/app\/uploads\/sites\/360\/2024\/01\/339.pdf\">Turma 339<\/a>\u00a0&#8211; 3<span style=\"color: #000000\">\u00ba semestre<\/span><\/span><\/p>\t\t\t\t\t\t<\/div>\n\t\t\t\t<\/div>\n\t\t\t\t\t<\/div>\n\t\t<\/div>\n\t\t\t\t<div class=\"elementor-column elementor-col-50 elementor-top-column elementor-element elementor-element-cb9ef7c\" data-id=\"cb9ef7c\" data-element_type=\"column\">\n\t\t\t<div class=\"elementor-widget-wrap elementor-element-populated\">\n\t\t\t\t\t\t<div class=\"elementor-element elementor-element-45f4efe elementor-widget elementor-widget-heading\" data-id=\"45f4efe\" data-element_type=\"widget\" data-widget_type=\"heading.default\">\n\t\t\t\t<div class=\"elementor-widget-container\">\n\t\t\t<h5 class=\"elementor-heading-title elementor-size-default\">Cursos T\u00e9cnicos Integrados<\/h5>\t\t<\/div>\n\t\t\t\t<\/div>\n\t\t\t\t<div class=\"elementor-element elementor-element-78fbe95 elementor-widget elementor-widget-text-editor\" data-id=\"78fbe95\" data-element_type=\"widget\" data-widget_type=\"text-editor.default\">\n\t\t\t\t<div class=\"elementor-widget-container\">\n\t\t\t\t\t\t\t<p style=\"color: #000000;font-size: 16px\"><span style=\"font-family: verdana, geneva, sans-serif;color: #000000;font-size: 10pt\"><span style=\"font-weight: bolder\">T\u00e9cnico em Eletrot\u00e9cnica<\/span><\/span><\/p><p style=\"color: #000000;font-size: 16px;padding-left: 30px\"><span style=\"font-family: verdana, geneva, sans-serif;font-size: 10pt\"><a style=\"color: #204c90\" href=\"https:\/\/www.ufsm.br\/app\/uploads\/sites\/360\/2024\/03\/411.pdf\">Turma 411<\/a>\u00a0&#8211; 1\u00ba ano<\/span><\/p><p style=\"color: #000000;font-size: 16px;padding-left: 30px\"><span style=\"font-family: verdana, geneva, sans-serif;font-size: 10pt\"><a style=\"color: #204c90\" href=\"https:\/\/www.ufsm.br\/app\/uploads\/sites\/360\/2024\/01\/421.pdf\">Turma 421<\/a>\u00a0&#8211; 2\u00ba ano<\/span><\/p><p style=\"color: #000000;font-size: 16px;padding-left: 30px\"><span style=\"font-family: verdana, geneva, sans-serif;font-size: 10pt\"><a style=\"color: #204c90\" href=\"https:\/\/www.ufsm.br\/app\/uploads\/sites\/360\/2024\/01\/431.pdf\">Turma 431<\/a>\u00a0&#8211; 3\u00ba ano<\/span><\/p><p style=\"color: #000000;font-size: 16px\"><span style=\"font-weight: bolder;text-align: var(--bs-body-text-align)\">T\u00e9cnico em Mec\u00e2nica<\/span><\/p><p style=\"color: #000000;font-size: 16px;padding-left: 30px\"><span style=\"font-family: verdana, geneva, sans-serif;color: #000000;font-size: 10pt\"><a style=\"color: #204c90\" href=\"https:\/\/www.ufsm.br\/app\/uploads\/sites\/360\/2024\/03\/412.pdf\">Turma 412<\/a>\u00a0&#8211; 1\u00ba ano<\/span><\/p><p style=\"color: #000000;font-size: 16px;padding-left: 30px\"><span style=\"font-family: verdana, geneva, sans-serif;color: #000000;font-size: 10pt\"><a style=\"color: #204c90\" href=\"https:\/\/www.ufsm.br\/app\/uploads\/sites\/360\/2024\/03\/422.pdf\">Turma 422<\/a>\u00a0&#8211; 2\u00ba ano<\/span><\/p><p style=\"color: #000000;font-size: 16px;padding-left: 30px\"><span style=\"font-family: verdana, geneva, sans-serif;color: #000000;font-size: 10pt\"><a style=\"color: #204c90\" href=\"https:\/\/www.ufsm.br\/app\/uploads\/sites\/360\/2024\/03\/432.pdf\">Turma 432<\/a>\u00a0&#8211; 3\u00ba ano<\/span><\/p><p style=\"color: #000000;font-size: 16px\"><span style=\"font-family: verdana, geneva, sans-serif;color: #000000;font-size: 10pt\"><span style=\"font-weight: bolder\">T\u00e9cnico em Inform\u00e1tica para Internet<\/span><\/span><\/p><p style=\"color: #000000;font-size: 16px;padding-left: 30px\"><span style=\"font-family: verdana, geneva, sans-serif;color: #000000;font-size: 10pt\"><a style=\"color: #204c90\" href=\"https:\/\/www.ufsm.br\/app\/uploads\/sites\/360\/2024\/03\/413.pdf\">Turma 413<\/a>\u00a0&#8211; 1\u00ba ano<\/span><\/p><p style=\"color: #000000;font-size: 16px;padding-left: 30px\"><span style=\"font-family: verdana, geneva, sans-serif;color: #000000;font-size: 10pt\"><a style=\"color: #204c90\" href=\"https:\/\/www.ufsm.br\/app\/uploads\/sites\/360\/2024\/03\/423.pdf\">Turma 423<\/a>\u00a0&#8211; 2\u00ba ano<\/span><\/p><p style=\"color: #000000;font-size: 16px;padding-left: 30px\"><span style=\"font-size: 10pt\"><span style=\"font-family: verdana, geneva, sans-serif\"><a style=\"color: #204c90\" href=\"https:\/\/www.ufsm.br\/app\/uploads\/sites\/360\/2024\/03\/433.pdf\">Turma 433<\/a><\/span>\u00a0&#8211; 3\u00ba ano<\/span><\/p><p style=\"color: #000000;font-size: 16px\"><span style=\"font-family: verdana, geneva, sans-serif;color: #000000;font-size: 10pt\"><span style=\"font-weight: bolder\">T\u00e9cnico em Eletromec\u00e2nica (PROEJA)<\/span><\/span><\/p><p style=\"color: #000000;font-size: 16px;padding-left: 30px\"><span style=\"font-family: verdana, geneva, sans-serif;color: #000000;font-size: 10pt\"><a style=\"color: #204c90\" href=\"https:\/\/www.ufsm.br\/app\/uploads\/sites\/360\/2024\/01\/318.pdf\">Turma 318<\/a>\u00a0&#8211; 1\u00ba semestre<br \/><\/span><\/p><p style=\"color: #000000;font-size: 16px;padding-left: 30px\"><span style=\"font-family: verdana, geneva, sans-serif;color: #000000;font-size: 10pt\"><a style=\"color: #204c90\" href=\"https:\/\/www.ufsm.br\/app\/uploads\/sites\/360\/2024\/01\/338.pdf\">Turma 338<\/a>\u00a0&#8211; 3\u00ba semestre<\/span><\/p><p style=\"color: #000000;font-size: 16px;padding-left: 30px\"><span style=\"font-family: verdana, geneva, sans-serif;color: #000000;font-size: 10pt\"><a style=\"color: #204c90\" href=\"https:\/\/www.ufsm.br\/app\/uploads\/sites\/360\/2024\/01\/358.pdf\">Turma 358<\/a>\u00a0&#8211; 5\u00ba semestre<\/span><\/p>\t\t\t\t\t\t<\/div>\n\t\t\t\t<\/div>\n\t\t\t\t<div class=\"elementor-element elementor-element-fb66c91 elementor-widget elementor-widget-spacer\" data-id=\"fb66c91\" data-element_type=\"widget\" data-widget_type=\"spacer.default\">\n\t\t\t\t<div class=\"elementor-widget-container\">\n\t\t\t\t\t<div class=\"elementor-spacer\">\n\t\t\t<div class=\"elementor-spacer-inner\"><\/div>\n\t\t<\/div>\n\t\t\t\t<\/div>\n\t\t\t\t<\/div>\n\t\t\t\t<div class=\"elementor-element elementor-element-84aa9a3 elementor-widget elementor-widget-heading\" data-id=\"84aa9a3\" data-element_type=\"widget\" data-widget_type=\"heading.default\">\n\t\t\t\t<div class=\"elementor-widget-container\">\n\t\t\t<h5 class=\"elementor-heading-title elementor-size-default\">Cursos Superiores de Tecnologia<\/h5>\t\t<\/div>\n\t\t\t\t<\/div>\n\t\t\t\t<div class=\"elementor-element elementor-element-d6c9ead elementor-widget elementor-widget-text-editor\" data-id=\"d6c9ead\" data-element_type=\"widget\" data-widget_type=\"text-editor.default\">\n\t\t\t\t<div class=\"elementor-widget-container\">\n\t\t\t\t\t\t\t<p style=\"color: #000000;font-size: 16px;padding-left: 30px\"><span style=\"font-family: verdana, geneva, sans-serif;font-size: 10pt\"><a style=\"color: #204c90\" href=\"https:\/\/www.ufsm.br\/app\/uploads\/sites\/360\/2024\/01\/eletronica_industrial.pdf\"><span style=\"font-family: verdana, geneva, sans-serif;font-size: 10pt\"><span style=\"font-weight: bolder\">Eletr\u00f4nica Industrial<\/span><\/span><\/a><\/span><\/p><p style=\"color: #000000;font-size: 16px;padding-left: 30px\"><span style=\"font-family: verdana, geneva, sans-serif;font-size: 10pt\"><a style=\"color: #204c90\" href=\"https:\/\/www.ufsm.br\/app\/uploads\/sites\/360\/2024\/02\/fabricacao_mecanica.pdf\"><span style=\"font-family: verdana, geneva, sans-serif;font-size: 10pt\"><span style=\"font-weight: bolder\">Fabrica\u00e7\u00e3o Mec\u00e2nica<\/span><\/span><\/a><\/span><\/p><p style=\"color: #000000;font-size: 16px;padding-left: 30px\"><span style=\"font-family: verdana, geneva, sans-serif;font-size: 10pt\"><a style=\"color: #204c90\" href=\"https:\/\/www.ufsm.br\/app\/uploads\/sites\/360\/2024\/01\/redes_de_computadores-1.pdf\"><span style=\"font-family: verdana, geneva, sans-serif;font-size: 10pt\"><span style=\"font-weight: bolder\">Redes de Computadores<\/span><\/span><\/a><\/span><\/p>\t\t\t\t\t\t<\/div>\n\t\t\t\t<\/div>\n\t\t\t\t\t<\/div>\n\t\t<\/div>\n\t\t\t\t\t<\/div>\n\t\t<\/section>\n\t\t\t\t<\/div>\n\t\t","protected":false},"excerpt":{"rendered":"<p>1\u00ba Semestre de 2024 Hor\u00e1rios atualizados em 11\/03\/2024, \u00e0s 13h52min Cursos T\u00e9cnicos Subsequentes T\u00e9cnico em Eletrot\u00e9cnica Turma-311\u00a0&#8211; 1\u00ba semestre Turma 331\u00a0&#8211; 3\u00ba semestre T\u00e9cnico em Mec\u00e2nica Turma 312\u00a0&#8211; 1\u00ba semestre Turma 332\u00a0&#8211; 3\u00ba semestre T\u00e9cnico em Soldagem Turma 314\u00a0&#8211; 1\u00ba semestre Turma 334\u00a0&#8211; 3\u00ba semestre T\u00e9cnico em Seguran\u00e7a do Trabalho Turma 315\u00a0&#8211; 1\u00ba semestre Turma [&hellip;]<\/p>\n","protected":false},"author":5920,"featured_media":0,"parent":0,"menu_order":0,"comment_status":"closed","ping_status":"closed","template":"","meta":{"footnotes":""},"categories":[],"tags":[],"class_list":["post-8944","page","type-page","status-publish","hentry"],"acf":[],"_links":{"self":[{"href":"https:\/\/www.ufsm.br\/unidades-universitarias\/ctism\/wp-json\/wp\/v2\/pages\/8944","targetHints":{"allow":["GET"]}}],"collection":[{"href":"https:\/\/www.ufsm.br\/unidades-universitarias\/ctism\/wp-json\/wp\/v2\/pages"}],"about":[{"href":"https:\/\/www.ufsm.br\/unidades-universitarias\/ctism\/wp-json\/wp\/v2\/types\/page"}],"author":[{"embeddable":true,"href":"https:\/\/www.ufsm.br\/unidades-universitarias\/ctism\/wp-json\/wp\/v2\/users\/5920"}],"replies":[{"embeddable":true,"href":"https:\/\/www.ufsm.br\/unidades-universitarias\/ctism\/wp-json\/wp\/v2\/comments?post=8944"}],"version-history":[{"count":0,"href":"https:\/\/www.ufsm.br\/unidades-universitarias\/ctism\/wp-json\/wp\/v2\/pages\/8944\/revisions"}],"wp:attachment":[{"href":"https:\/\/www.ufsm.br\/unidades-universitarias\/ctism\/wp-json\/wp\/v2\/media?parent=8944"}],"wp:term":[{"taxonomy":"category","embeddable":true,"href":"https:\/\/www.ufsm.br\/unidades-universitarias\/ctism\/wp-json\/wp\/v2\/categories?post=8944"},{"taxonomy":"post_tag","embeddable":true,"href":"https:\/\/www.ufsm.br\/unidades-universitarias\/ctism\/wp-json\/wp\/v2\/tags?post=8944"}],"curies":[{"name":"wp","href":"https:\/\/api.w.org\/{rel}","templated":true}]}}