{"id":10618,"date":"2023-08-08T14:25:55","date_gmt":"2023-08-08T17:25:55","guid":{"rendered":"https:\/\/www.ufsm.br\/unidades-universitarias\/frederico-westphalen\/?post_type=eventos&#038;p=10618"},"modified":"2023-08-09T09:33:27","modified_gmt":"2023-08-09T12:33:27","slug":"10a-jornada-pedagogica-da-ufsm-fw","status":"publish","type":"eventos","link":"https:\/\/www.ufsm.br\/unidades-universitarias\/frederico-westphalen\/eventos\/10a-jornada-pedagogica-da-ufsm-fw","parent":0,"template":"","tags":[],"class_list":["post-10618","eventos","type-eventos","status-publish","has-post-thumbnail","hentry"],"acf":{"evento_nome":"10\u00aa Jornada Pedag\u00f3gica da UFSM\/FW","evento_inicio":"09\/08\/2023 14:00","evento_termino":"09\/08\/2023 18:00","evento_banner":{"ID":10620,"id":10620,"title":"10\u00aa Jornada Pedag\u00f3gica","filename":"10a-Jornada-Pedagogica-1.jpg","filesize":116938,"url":"https:\/\/www.ufsm.br\/app\/uploads\/sites\/377\/2023\/08\/10a-Jornada-Pedagogica-1.jpg","link":"https:\/\/www.ufsm.br\/unidades-universitarias\/frederico-westphalen\/eventos\/10a-jornada-pedagogica-da-ufsm-fw\/10a-jornada-pedagogica-2","alt":"","author":"6458","description":"","caption":"","name":"10a-jornada-pedagogica-2","status":"inherit","uploaded_to":10618,"date":"2023-08-08 17:20:51","modified":"2023-08-08 17:20:51","menu_order":0,"mime_type":"image\/jpeg","type":"image","subtype":"jpeg","icon":"https:\/\/www.ufsm.br\/unidades-universitarias\/frederico-westphalen\/wp-includes\/images\/media\/default.png","width":1080,"height":1080,"sizes":{"thumbnail":"https:\/\/www.ufsm.br\/app\/uploads\/sites\/377\/2023\/08\/10a-Jornada-Pedagogica-1-150x150.jpg","thumbnail-width":150,"thumbnail-height":150,"medium":"https:\/\/www.ufsm.br\/app\/uploads\/sites\/377\/2023\/08\/10a-Jornada-Pedagogica-1-300x300.jpg","medium-width":300,"medium-height":300,"medium_large":"https:\/\/www.ufsm.br\/app\/uploads\/sites\/377\/2023\/08\/10a-Jornada-Pedagogica-1-768x768.jpg","medium_large-width":768,"medium_large-height":768,"large":"https:\/\/www.ufsm.br\/app\/uploads\/sites\/377\/2023\/08\/10a-Jornada-Pedagogica-1-1024x1024.jpg","large-width":1024,"large-height":1024,"1536x1536":"https:\/\/www.ufsm.br\/app\/uploads\/sites\/377\/2023\/08\/10a-Jornada-Pedagogica-1.jpg","1536x1536-width":1080,"1536x1536-height":1080,"2048x2048":"https:\/\/www.ufsm.br\/app\/uploads\/sites\/377\/2023\/08\/10a-Jornada-Pedagogica-1.jpg","2048x2048-width":1080,"2048x2048-height":1080,"sow-carousel-default":"https:\/\/www.ufsm.br\/app\/uploads\/sites\/377\/2023\/08\/10a-Jornada-Pedagogica-1-272x182.jpg","sow-carousel-default-width":272,"sow-carousel-default-height":182}},"endereco_url":"10a-jornada-pedagogica-da-ufsm-fw","evento_categoria":"T\u00c9CNICO-CIENT\u00cdFICOS","evento_descricao":"<div class=\"gmail_attr\" dir=\"ltr\">O evento ter\u00e1 como tema &#8220;Desafios do Ensinar e do Aprender em tempos p\u00f3s-pand\u00eamicos: a doc\u00eancia universit\u00e1ria em quest\u00e3o&#8221;, com a convidada Prof\u00aa Dr\u00aa Ana Carla Hollweg Powaczuk, do Departamento de Metodologia do Ensino do Centro de Educa\u00e7\u00e3o da UFSM.<\/div>\n<div dir=\"ltr\">\n<div>Esperamos por voc\u00eas!<\/div>\n<\/div>\n","evento_programacao":null,"evento_inscricao":null,"evento_local":"Centro de Conviv\u00eancia ","evento_contato":"<div><span style=\"color: #666666;font-size: xx-small\">(55) 3744-0626<\/span><\/div>\n"},"_links":{"self":[{"href":"https:\/\/www.ufsm.br\/unidades-universitarias\/frederico-westphalen\/wp-json\/wp\/v2\/eventos\/10618","targetHints":{"allow":["GET"]}}],"collection":[{"href":"https:\/\/www.ufsm.br\/unidades-universitarias\/frederico-westphalen\/wp-json\/wp\/v2\/eventos"}],"about":[{"href":"https:\/\/www.ufsm.br\/unidades-universitarias\/frederico-westphalen\/wp-json\/wp\/v2\/types\/eventos"}],"wp:featuredmedia":[{"embeddable":true,"href":"https:\/\/www.ufsm.br\/unidades-universitarias\/frederico-westphalen\/wp-json\/wp\/v2\/media\/10620"}],"wp:attachment":[{"href":"https:\/\/www.ufsm.br\/unidades-universitarias\/frederico-westphalen\/wp-json\/wp\/v2\/media?parent=10618"}],"wp:term":[{"taxonomy":"post_tag","embeddable":true,"href":"https:\/\/www.ufsm.br\/unidades-universitarias\/frederico-westphalen\/wp-json\/wp\/v2\/tags?post=10618"}],"curies":[{"name":"wp","href":"https:\/\/api.w.org\/{rel}","templated":true}]}}

10ª Jornada Pedagógica da UFSM/FW

10ª Jornada Pedagógica

TÉCNICO-CIENTÍFICOS

<div class="gmail_attr" dir="ltr">O evento terá como tema &#8220;Desafios do Ensinar e do Aprender em tempos pós-pandêmicos: a docência universitária em questão&#8221;, com a convidada Profª Drª Ana Carla Hollweg Powaczuk, do Departamento de Metodologia do Ensino do Centro de Educação da UFSM.</div>
<div dir="ltr">
<div>Esperamos por vocês!</div>
</div>

Centro de Convivência
