{"id":8556,"date":"2022-05-18T15:17:14","date_gmt":"2022-05-18T18:17:14","guid":{"rendered":"https:\/\/www.ufsm.br\/unidades-universitarias\/frederico-westphalen\/?post_type=eventos&#038;p=8556"},"modified":"2022-05-20T10:30:55","modified_gmt":"2022-05-20T13:30:55","slug":"feirinha-agroecologica-da-ufsm-fw","status":"publish","type":"eventos","link":"https:\/\/www.ufsm.br\/unidades-universitarias\/frederico-westphalen\/eventos\/feirinha-agroecologica-da-ufsm-fw","parent":0,"template":"","tags":[],"class_list":["post-8556","eventos","type-eventos","status-publish","has-post-thumbnail","hentry"],"acf":{"evento_nome":"Feirinha Agroecol\u00f3gica da UFSM\/FW","evento_inicio":"19\/05\/2022 08:00","evento_termino":"19\/05\/2022 12:00","evento_banner":{"ID":8557,"id":8557,"title":"ca28edae-b67e-4fb7-ae2b-75bd2cf80f3e","filename":"ca28edae-b67e-4fb7-ae2b-75bd2cf80f3e-1.jpeg","filesize":287434,"url":"https:\/\/www.ufsm.br\/app\/uploads\/sites\/377\/2022\/05\/ca28edae-b67e-4fb7-ae2b-75bd2cf80f3e-1.jpeg","link":"https:\/\/www.ufsm.br\/unidades-universitarias\/frederico-westphalen\/eventos\/feirinha-agroecologica-da-ufsm-fw\/ca28edae-b67e-4fb7-ae2b-75bd2cf80f3e-2","alt":"","author":"5543","description":"","caption":"","name":"ca28edae-b67e-4fb7-ae2b-75bd2cf80f3e-2","status":"inherit","uploaded_to":8556,"date":"2022-05-18 18:16:35","modified":"2022-05-18 18:16:35","menu_order":0,"mime_type":"image\/jpeg","type":"image","subtype":"jpeg","icon":"https:\/\/www.ufsm.br\/unidades-universitarias\/frederico-westphalen\/wp-includes\/images\/media\/default.png","width":904,"height":1280,"sizes":{"thumbnail":"https:\/\/www.ufsm.br\/app\/uploads\/sites\/377\/2022\/05\/ca28edae-b67e-4fb7-ae2b-75bd2cf80f3e-1-150x150.jpeg","thumbnail-width":150,"thumbnail-height":150,"medium":"https:\/\/www.ufsm.br\/app\/uploads\/sites\/377\/2022\/05\/ca28edae-b67e-4fb7-ae2b-75bd2cf80f3e-1-212x300.jpeg","medium-width":212,"medium-height":300,"medium_large":"https:\/\/www.ufsm.br\/app\/uploads\/sites\/377\/2022\/05\/ca28edae-b67e-4fb7-ae2b-75bd2cf80f3e-1-768x1087.jpeg","medium_large-width":768,"medium_large-height":1087,"large":"https:\/\/www.ufsm.br\/app\/uploads\/sites\/377\/2022\/05\/ca28edae-b67e-4fb7-ae2b-75bd2cf80f3e-1-723x1024.jpeg","large-width":723,"large-height":1024,"1536x1536":"https:\/\/www.ufsm.br\/app\/uploads\/sites\/377\/2022\/05\/ca28edae-b67e-4fb7-ae2b-75bd2cf80f3e-1.jpeg","1536x1536-width":904,"1536x1536-height":1280,"2048x2048":"https:\/\/www.ufsm.br\/app\/uploads\/sites\/377\/2022\/05\/ca28edae-b67e-4fb7-ae2b-75bd2cf80f3e-1.jpeg","2048x2048-width":904,"2048x2048-height":1280,"sow-carousel-default":"https:\/\/www.ufsm.br\/app\/uploads\/sites\/377\/2022\/05\/ca28edae-b67e-4fb7-ae2b-75bd2cf80f3e-1-272x182.jpeg","sow-carousel-default-width":272,"sow-carousel-default-height":182}},"endereco_url":"feirinha-agroecologica-da-ufsm-fw","evento_categoria":"SOCIAIS","evento_descricao":"<p>Est\u00e1 retornando a Feirinha Agroecol\u00f3gica da UFSM\/FW! Ela ocorrer\u00e1 \u00e0s quintas-feiras, das 8h \u00e0s 12h, no hall do pr\u00e9dio principal.<\/p>\n","evento_programacao":null,"evento_inscricao":null,"evento_local":"Hall do Bloco II da UFSM\/FW","evento_contato":"<p>(55) 3744-0600<\/p>\n"},"_links":{"self":[{"href":"https:\/\/www.ufsm.br\/unidades-universitarias\/frederico-westphalen\/wp-json\/wp\/v2\/eventos\/8556","targetHints":{"allow":["GET"]}}],"collection":[{"href":"https:\/\/www.ufsm.br\/unidades-universitarias\/frederico-westphalen\/wp-json\/wp\/v2\/eventos"}],"about":[{"href":"https:\/\/www.ufsm.br\/unidades-universitarias\/frederico-westphalen\/wp-json\/wp\/v2\/types\/eventos"}],"wp:featuredmedia":[{"embeddable":true,"href":"https:\/\/www.ufsm.br\/unidades-universitarias\/frederico-westphalen\/wp-json\/wp\/v2\/media\/8557"}],"wp:attachment":[{"href":"https:\/\/www.ufsm.br\/unidades-universitarias\/frederico-westphalen\/wp-json\/wp\/v2\/media?parent=8556"}],"wp:term":[{"taxonomy":"post_tag","embeddable":true,"href":"https:\/\/www.ufsm.br\/unidades-universitarias\/frederico-westphalen\/wp-json\/wp\/v2\/tags?post=8556"}],"curies":[{"name":"wp","href":"https:\/\/api.w.org\/{rel}","templated":true}]}}

Feirinha Agroecológica da UFSM/FW

<p>Está retornando a Feirinha Agroecológica da UFSM/FW! Ela ocorrerá às quintas-feiras, das 8h às 12h, no hall do prédio principal.</p>
