{"id":5833,"date":"2018-10-15T10:05:09","date_gmt":"2018-10-15T13:05:09","guid":{"rendered":"https:\/\/www.ufsm.br\/unidades-universitarias\/frederico-westphalen\/?page_id=5833"},"modified":"2019-05-13T22:53:17","modified_gmt":"2019-05-14T01:53:17","slug":"nap","status":"publish","type":"page","link":"https:\/\/www.ufsm.br\/unidades-universitarias\/frederico-westphalen\/nap","title":{"rendered":"N\u00facleo de Apoio Pedag\u00f3gico"},"content":{"rendered":"\n<p>O N\u00facleo de Apoio Pedag\u00f3gico da UFSM-FW atende demandas de assist\u00eancia estudantil.<\/p>\n<p>Telefone: (55) 37744 &#8211; 0606<\/p>\n<p>E-mail: napfw@ufsm.br<\/p>\n<p>Facebook: <a href=\"https:\/\/www.facebook.com\/napufsm.fredericowestphalen\/about?lst=100002488704681%3A100008089418461%3A1553188917\">clique aqui<\/a><\/p>\n","protected":false},"excerpt":{"rendered":"<p>O N\u00facleo de Apoio Pedag\u00f3gico da UFSM-FW atende demandas de assist\u00eancia estudantil. Telefone: (55) 37744 &#8211; 0606 E-mail: napfw@ufsm.br Facebook: clique aqui<\/p>\n","protected":false},"author":118,"featured_media":0,"parent":0,"menu_order":0,"comment_status":"closed","ping_status":"closed","template":"","meta":{"footnotes":""},"categories":[],"tags":[],"class_list":["post-5833","page","type-page","status-publish","hentry"],"acf":[],"_links":{"self":[{"href":"https:\/\/www.ufsm.br\/unidades-universitarias\/frederico-westphalen\/wp-json\/wp\/v2\/pages\/5833","targetHints":{"allow":["GET"]}}],"collection":[{"href":"https:\/\/www.ufsm.br\/unidades-universitarias\/frederico-westphalen\/wp-json\/wp\/v2\/pages"}],"about":[{"href":"https:\/\/www.ufsm.br\/unidades-universitarias\/frederico-westphalen\/wp-json\/wp\/v2\/types\/page"}],"author":[{"embeddable":true,"href":"https:\/\/www.ufsm.br\/unidades-universitarias\/frederico-westphalen\/wp-json\/wp\/v2\/users\/118"}],"replies":[{"embeddable":true,"href":"https:\/\/www.ufsm.br\/unidades-universitarias\/frederico-westphalen\/wp-json\/wp\/v2\/comments?post=5833"}],"version-history":[{"count":0,"href":"https:\/\/www.ufsm.br\/unidades-universitarias\/frederico-westphalen\/wp-json\/wp\/v2\/pages\/5833\/revisions"}],"wp:attachment":[{"href":"https:\/\/www.ufsm.br\/unidades-universitarias\/frederico-westphalen\/wp-json\/wp\/v2\/media?parent=5833"}],"wp:term":[{"taxonomy":"category","embeddable":true,"href":"https:\/\/www.ufsm.br\/unidades-universitarias\/frederico-westphalen\/wp-json\/wp\/v2\/categories?post=5833"},{"taxonomy":"post_tag","embeddable":true,"href":"https:\/\/www.ufsm.br\/unidades-universitarias\/frederico-westphalen\/wp-json\/wp\/v2\/tags?post=5833"}],"curies":[{"name":"wp","href":"https:\/\/api.w.org\/{rel}","templated":true}]}}