{"id":1622,"date":"2018-06-05T09:59:22","date_gmt":"2018-06-05T12:59:22","guid":{"rendered":"https:\/\/www.ufsm.br\/unidades-universitarias\/ipeamarelo\/?page_id=1622"},"modified":"2026-04-02T16:56:38","modified_gmt":"2026-04-02T19:56:38","slug":"cardapio-semanal-turmas-multi-idades","status":"publish","type":"page","link":"https:\/\/www.ufsm.br\/unidades-universitarias\/ipeamarelo\/cardapio-semanal-turmas-multi-idades","title":{"rendered":"Card\u00e1pio Semanal &#8211; Turmas Multi-idades"},"content":{"rendered":"\t\t<div data-elementor-type=\"wp-page\" data-elementor-id=\"1622\" class=\"elementor elementor-1622\">\n\t\t\t\t\t\t<section class=\"elementor-section elementor-top-section elementor-element elementor-element-62ab6dc2 elementor-section-boxed elementor-section-height-default elementor-section-height-default\" data-id=\"62ab6dc2\" data-element_type=\"section\">\n\t\t\t\t\t\t<div class=\"elementor-container elementor-column-gap-default\">\n\t\t\t\t\t<div class=\"elementor-column elementor-col-100 elementor-top-column elementor-element elementor-element-f32def9\" data-id=\"f32def9\" data-element_type=\"column\">\n\t\t\t<div class=\"elementor-widget-wrap elementor-element-populated\">\n\t\t\t\t\t\t<div class=\"elementor-element elementor-element-10a34ef8 elementor-widget elementor-widget-text-editor\" data-id=\"10a34ef8\" data-element_type=\"widget\" data-widget_type=\"text-editor.default\">\n\t\t\t\t<div class=\"elementor-widget-container\">\n\t\t\t\t\t\t\t<p><!-- wp:tadv\/classic-paragraph --><\/p>\n<p>As refei\u00e7\u00f5es para as Turmas Multi-idades s\u00e3o distribu\u00eddas sob a modalidade de self-service, sistema que proporciona o protagonismo da crian\u00e7a, pois esta modalidade estimula a crian\u00e7a a ter autonomia, servindo-se com a orienta\u00e7\u00e3o do professor.<\/p>\n<p>O card\u00e1pio das Turmas Multi-idades \u00e9 composto por 4 refei\u00e7\u00f5es: cola\u00e7\u00e3o, almo\u00e7o, lanche da tarde e jantar. A carne \u00e9 servida picada e a consist\u00eancia dos alimentos \u00e9 adequada para esta faixa et\u00e1ria.<\/p><p><span style=\"font-size: 16px\">Para d\u00favidas, entre em contato pelo e-mail: nutricao.ipeamarelo@ufsm.br<\/span><\/p>\n<p><!-- \/wp:tadv\/classic-paragraph --><\/p>\t\t\t\t\t\t<\/div>\n\t\t\t\t<\/div>\n\t\t\t\t\t<\/div>\n\t\t<\/div>\n\t\t\t\t\t<\/div>\n\t\t<\/section>\n\t\t\t\t<\/div>\n\t\t","protected":false},"excerpt":{"rendered":"<p>As refei\u00e7\u00f5es para as Turmas Multi-idades s\u00e3o distribu\u00eddas sob a modalidade de self-service, sistema que proporciona o protagonismo da crian\u00e7a, pois esta modalidade estimula a crian\u00e7a a ter autonomia, servindo-se com a orienta\u00e7\u00e3o do professor. O card\u00e1pio das Turmas Multi-idades \u00e9 composto por 4 refei\u00e7\u00f5es: cola\u00e7\u00e3o, almo\u00e7o, lanche da tarde e jantar. A carne \u00e9 [&hellip;]<\/p>\n","protected":false},"author":47,"featured_media":0,"parent":0,"menu_order":0,"comment_status":"closed","ping_status":"closed","template":"","meta":{"footnotes":""},"categories":[],"tags":[],"class_list":["post-1622","page","type-page","status-publish","hentry"],"acf":[],"_links":{"self":[{"href":"https:\/\/www.ufsm.br\/unidades-universitarias\/ipeamarelo\/wp-json\/wp\/v2\/pages\/1622","targetHints":{"allow":["GET"]}}],"collection":[{"href":"https:\/\/www.ufsm.br\/unidades-universitarias\/ipeamarelo\/wp-json\/wp\/v2\/pages"}],"about":[{"href":"https:\/\/www.ufsm.br\/unidades-universitarias\/ipeamarelo\/wp-json\/wp\/v2\/types\/page"}],"author":[{"embeddable":true,"href":"https:\/\/www.ufsm.br\/unidades-universitarias\/ipeamarelo\/wp-json\/wp\/v2\/users\/47"}],"replies":[{"embeddable":true,"href":"https:\/\/www.ufsm.br\/unidades-universitarias\/ipeamarelo\/wp-json\/wp\/v2\/comments?post=1622"}],"version-history":[{"count":0,"href":"https:\/\/www.ufsm.br\/unidades-universitarias\/ipeamarelo\/wp-json\/wp\/v2\/pages\/1622\/revisions"}],"wp:attachment":[{"href":"https:\/\/www.ufsm.br\/unidades-universitarias\/ipeamarelo\/wp-json\/wp\/v2\/media?parent=1622"}],"wp:term":[{"taxonomy":"category","embeddable":true,"href":"https:\/\/www.ufsm.br\/unidades-universitarias\/ipeamarelo\/wp-json\/wp\/v2\/categories?post=1622"},{"taxonomy":"post_tag","embeddable":true,"href":"https:\/\/www.ufsm.br\/unidades-universitarias\/ipeamarelo\/wp-json\/wp\/v2\/tags?post=1622"}],"curies":[{"name":"wp","href":"https:\/\/api.w.org\/{rel}","templated":true}]}}