{"id":1840,"date":"2018-08-17T12:28:06","date_gmt":"2018-08-17T15:28:06","guid":{"rendered":"https:\/\/www.ufsm.br\/unidades-universitarias\/ipeamarelo\/?page_id=1840"},"modified":"2026-04-02T16:54:22","modified_gmt":"2026-04-02T19:54:22","slug":"cardapio-semanal-bercario-6-meses-a-1-ano","status":"publish","type":"page","link":"https:\/\/www.ufsm.br\/unidades-universitarias\/ipeamarelo\/cardapio-semanal-bercario-6-meses-a-1-ano","title":{"rendered":"Card\u00e1pio Semanal &#8211; Ber\u00e7\u00e1rio 6 a 12 meses"},"content":{"rendered":"\t\t<div data-elementor-type=\"wp-page\" data-elementor-id=\"1840\" class=\"elementor elementor-1840\">\n\t\t\t\t\t\t<section class=\"elementor-section elementor-top-section elementor-element elementor-element-fbdd9de elementor-section-boxed elementor-section-height-default elementor-section-height-default\" data-id=\"fbdd9de\" data-element_type=\"section\">\n\t\t\t\t\t\t<div class=\"elementor-container elementor-column-gap-default\">\n\t\t\t\t\t<div class=\"elementor-column elementor-col-100 elementor-top-column elementor-element elementor-element-ccfc32b\" data-id=\"ccfc32b\" data-element_type=\"column\">\n\t\t\t<div class=\"elementor-widget-wrap elementor-element-populated\">\n\t\t\t\t\t\t<div class=\"elementor-element elementor-element-809c02e elementor-widget elementor-widget-text-editor\" data-id=\"809c02e\" data-element_type=\"widget\" data-widget_type=\"text-editor.default\">\n\t\t\t\t<div class=\"elementor-widget-container\">\n\t\t\t\t\t\t\t<p style=\"color: #1c1c1c;font-size: 16px\">As refei\u00e7\u00f5es distribu\u00eddas nas turmas de ber\u00e7\u00e1rio s\u00e3o servidas individualmente pelo cozinheiro e entregues aos professores, que distribuem \u00e0s crian\u00e7as. O card\u00e1pio destinado \u00e0s crian\u00e7as de 6 a 12 meses \u00e9 composto por 5 refei\u00e7\u00f5es: cola\u00e7\u00e3o, almo\u00e7o, mamadeira (quando necess\u00e1rio), lanche da tarde e jantar.<\/p>\n<p><span style=\"color: #1c1c1c\">A consist\u00eancia dos alimentos \u00e9 progressivamente modificada,&nbsp;<\/span><span style=\"color: #1c1c1c;font-weight: var( --e-global-typography-text-font-weight );text-align: var(--bs-body-text-align)\">respeitando-se o desenvolvimento da crian\u00e7a. As prepara\u00e7\u00f5es n\u00e3o s\u00e3o&nbsp;<\/span><span style=\"color: #1c1c1c;font-weight: var( --e-global-typography-text-font-weight );text-align: var(--bs-body-text-align)\">liquidificadas ou peneiradas.<\/span><\/p>\n<p><span style=\"color: #1c1c1c\">A cola\u00e7\u00e3o e o lanche da tarde s\u00e3o compostos sempre por duas&nbsp;<\/span><span style=\"color: #1c1c1c;font-weight: var( --e-global-typography-text-font-weight );text-align: var(--bs-body-text-align)\">frutas diferentes, uma oferecida no m\u00e9todo de introdu\u00e7\u00e3o alimentar tradicional&nbsp;<\/span><span style=\"color: #1c1c1c;font-weight: var( --e-global-typography-text-font-weight );text-align: var(--bs-body-text-align)\">e uma oferecida no m\u00e9todo de introdu\u00e7\u00e3o alimentar BLW: Baby-Led Weaning.&nbsp;<\/span><span style=\"color: #1c1c1c;font-weight: var( --e-global-typography-text-font-weight );text-align: var(--bs-body-text-align)\">Estas frutas s\u00e3o variadas durante a semana e n\u00e3o s\u00e3o&nbsp;<\/span><span style=\"color: #1c1c1c;font-weight: var( --e-global-typography-text-font-weight );text-align: var(--bs-body-text-align)\">repetidas no mesmo dia do card\u00e1pio.&nbsp;<\/span><span style=\"color: #1c1c1c;font-weight: var( --e-global-typography-text-font-weight );text-align: var(--bs-body-text-align)\">A fruta \u00e9 disponibilizada in natura e n\u00e3o na forma de suco.<\/span><\/p>\n<p style=\"color: #1c1c1c;font-size: 16px\">\u00c9 vedado o uso de mel e a\u00e7\u00facar ou produtos que contenham este ingrediente, gelatina, leite e seus derivados (requeij\u00e3o, creme de leite, manteiga e iogurtes). A carne \u00e9 servida picada e a consist\u00eancia dos alimentos \u00e9 adequada para esta faixa et\u00e1ria.<\/p><p style=\"color: #1c1c1c;font-size: 16px\">Para d\u00favidas, entre em contato pelo e-mail: nutricao.ipeamarelo@ufsm.br<\/p>\t\t\t\t\t\t<\/div>\n\t\t\t\t<\/div>\n\t\t\t\t\t<\/div>\n\t\t<\/div>\n\t\t\t\t\t<\/div>\n\t\t<\/section>\n\t\t\t\t<\/div>\n\t\t","protected":false},"excerpt":{"rendered":"<p>As refei\u00e7\u00f5es distribu\u00eddas nas turmas de ber\u00e7\u00e1rio s\u00e3o servidas individualmente pelo cozinheiro e entregues aos professores, que distribuem \u00e0s crian\u00e7as. O card\u00e1pio destinado \u00e0s crian\u00e7as de 6 a 12 meses \u00e9 composto por 5 refei\u00e7\u00f5es: cola\u00e7\u00e3o, almo\u00e7o, mamadeira (quando necess\u00e1rio), lanche da tarde e jantar. A consist\u00eancia dos alimentos \u00e9 progressivamente modificada,&nbsp;respeitando-se o desenvolvimento da [&hellip;]<\/p>\n","protected":false},"author":193,"featured_media":0,"parent":0,"menu_order":0,"comment_status":"closed","ping_status":"closed","template":"","meta":{"footnotes":""},"categories":[],"tags":[],"class_list":["post-1840","page","type-page","status-publish","hentry"],"acf":[],"_links":{"self":[{"href":"https:\/\/www.ufsm.br\/unidades-universitarias\/ipeamarelo\/wp-json\/wp\/v2\/pages\/1840","targetHints":{"allow":["GET"]}}],"collection":[{"href":"https:\/\/www.ufsm.br\/unidades-universitarias\/ipeamarelo\/wp-json\/wp\/v2\/pages"}],"about":[{"href":"https:\/\/www.ufsm.br\/unidades-universitarias\/ipeamarelo\/wp-json\/wp\/v2\/types\/page"}],"author":[{"embeddable":true,"href":"https:\/\/www.ufsm.br\/unidades-universitarias\/ipeamarelo\/wp-json\/wp\/v2\/users\/193"}],"replies":[{"embeddable":true,"href":"https:\/\/www.ufsm.br\/unidades-universitarias\/ipeamarelo\/wp-json\/wp\/v2\/comments?post=1840"}],"version-history":[{"count":0,"href":"https:\/\/www.ufsm.br\/unidades-universitarias\/ipeamarelo\/wp-json\/wp\/v2\/pages\/1840\/revisions"}],"wp:attachment":[{"href":"https:\/\/www.ufsm.br\/unidades-universitarias\/ipeamarelo\/wp-json\/wp\/v2\/media?parent=1840"}],"wp:term":[{"taxonomy":"category","embeddable":true,"href":"https:\/\/www.ufsm.br\/unidades-universitarias\/ipeamarelo\/wp-json\/wp\/v2\/categories?post=1840"},{"taxonomy":"post_tag","embeddable":true,"href":"https:\/\/www.ufsm.br\/unidades-universitarias\/ipeamarelo\/wp-json\/wp\/v2\/tags?post=1840"}],"curies":[{"name":"wp","href":"https:\/\/api.w.org\/{rel}","templated":true}]}}